-- Table structure for table `entreprise`
--

CREATE TABLE `entreprise` (
  `id` int(11) NOT NULL AUTO_INCREMENT,
  `raison_sociale` varchar(255) NOT NULL,
  `ice` varchar(255) DEFAULT NULL,
  `adresse` text DEFAULT NULL,
  `telephone` varchar(255) DEFAULT NULL,
  `email` varchar(255) DEFAULT NULL,
  `id_fournisseur` int(11) NOT NULL DEFAULT 0,
  `id_client` int(11) NOT NULL DEFAULT 0,
  PRIMARY KEY (`id`)
) ENGINE=MyISAM AUTO_INCREMENT=812 DEFAULT CHARSET=utf8 COLLATE=utf8_general_ci;

--
-- Dumping data for table `entreprise`
--

INSERT INTO `entreprise` VALUES (193,'TOTALENERGIES MAREKETING MAROC',' 001524641000038','146 NLD MOHAMED ZERKTOUNI, 20000 CASABLANCA','0222220471',' ',1,0),(408,'HORTILUX','  003307101000071',' App N 01 Imm 27 Res Argana Bensergaou 80000',' ',' ',0,5),(291,'DOMAINES IFRIANE NAJAH',' 001956496000032','Tin Mansour, 87272 Inchaden, Chtouka Ait Baha',' ',' ',0,6),(112,'CHAJIAA MOHAMED ',' ',' ',' ',' ',0,7),(426,'INTERNATIONAL NURSERY','001708181000091','  Km 39 Route De Tiznit, Ait Baha, Chtouka Ait Baha',' ',' ',0,10),(765,'STALSON GROUP',' 001523676000097',' ',' ',' ',0,11),(781,'ASSOCIATION TIFAOUT TIN MANSOUR',' ',' ',' ',' ',0,13),(685,'ASSOCIATION FALAH AL KHAIR POUR LE DEVELOPPEMENT',' ',' ',' ',' ',0,15),(278,'OUSSOUS YOUSSEF','215489865','Avenu hassan II','0680738070',' ',0,1),(85,'VENTE ENTRETIEN MATERIEL ET CONSTRUCTION AGRICOLE (VEMECA)','003049405000053','DR. SOUALEM, AIT AMIRA, CHTOUKA AIT BAHA','  ',' ',0,18),(88,' SOGADO',' 001443743000038',' DR. KOUHAÎZ, 87272 INCHADEN, CHTOUKA AIT BAHA','  ',' ',0,19),(23,'O.N.E.E.',' ',' ',' ',' ',2,0),(24,'ITISSALAT AL MAGHREB',' ',' ',' ',' ',3,0),(25,'MAITRE AHMED TAOUBIH',' ',' ',' ',' ',4,0),(26,'FIDUCIAIRE TIFAWINE',' ',' ',' ',' ',5,0),(746,' PHARMACIE TIN MANSOUR','000326780000060','TIN MANSOUR','0528303170',' PHARMACIE-TIN -MANSOUR@OUTLOOK.COM',0,27),(488,'NAKL','001466240000033','Rue 1722 N°39 Bis Hay Essâada Dcheira - Dcheira El Jihadia',' ',' ',0,17),(414,'ASTRACHEM MAROC','001518624000022',' ',' ',' ',0,35),(487,'AUTO GOLD SERVICE','001877727000070','Tin Mansour, 87272, Inchaden, Chtouka Ait Baha','0528303067',' ',0,24),(655,'ASSOCIATION TOUNF ',' ',' DOUAR TOUNF, 87272 C.R.INCHADEN, CHTOUKA AIT BAHA','0670382733',' ',0,47),(37,'REDOUAN EL FALLAH',' ',' Matricule : 15121-A-35',' ',' ',0,48),(39,'HEMMAD LAHCEN','001987365000090',' ','0662120740',' ',0,49),(772,'ABDELATIF BEN FDILA','002997041000009',' ',' ',' ',0,39),(174,'HAIJOUB SERVICE BOIS','003027677000053','Km 31 Route Nationale N° 1 Douar Ten Ali Ouaadi Belfaa - Chtouka Ait Baha','0661992728',' ',0,44),(321,'AL HAMD TECHNOLOGY','001984551000020','Douar Takad, Commune Rurale Sidi Bibi - Chtouka Ait Baha',' ',' ',0,50),(410,'ALLAOUI BRAHIM',' ',' ',' ',' ',0,51),(45,'ASSURANCES AMRIR',' ',' ',' ',' ',6,0),(46,'ASSOCIATION TIFAOUT TINE MANSOUR',' ',' ',' ',' ',7,0),(47,'ALAOU TRANS','000062770000091',' ','0670123763','ALAOU-TRANS@HOTMAIL.FR',0,53),(51,'OUBARI BRAHIM','001633393000021',' ',' ',' ',0,55),(52,'STE NAKL','001466240000033   ',' ',' ',' ',0,56),(53,'  mkjjj','   ','   ',' ',' ',0,57),(54,'ARROU AHMED','002026912000097',' ',' ',' ',0,58),(55,'NBIX','002267523000078',' ','+212699200525',' ',0,59),(56,'TIZNIT AFFAIRE','001708912000045',' ',' ',' ',0,60),(704,'AZA VOYAGE','003132181000078',' ',' ',' ',0,41),(180,'ATLAS BERRY FARMS','000101405000084','488, Lot Maghrib Al Arabi - Lamzar - Ait Melloul',' ',' ',0,34),(60,'SOTRA BORJ','002009084000042',' ',' ',' ',0,62),(191,'AUTO GOLD SERVICE','001877727000070','Tin Mansour, 87272 Inchaden, Chtouka Ait Baha','0528303067',' ',0,23),(331,'SALAD TIME','001952776000077','Tin Ait Brahim, Titre Foncier N 21556/09,  Ait Amira, Chtouka Ait Baha',' ',' ',0,22),(693,'GOLDEN DIGITAL EDITION','002898462000059','Hay Al Amal N°34, 87100 Ait Amira Chtouka Ait Baha',' ',' ',0,26),(67,'AL JAOUDA PARTS','002386883000086','Lot Yasmina 1 N 38 - Ait Melloul',' ',' ',0,63),(68,'GLOBAL MARKETING CONSULTING','001888893000064','App N°08 Imm. 63 Residence Tafoukt, Dcheira',' ',' ',0,64),(184,'RAFOUANE SERVICES','002696533000063',' ',' ','  ',0,65),(70,'	STE IBRA PARTS','001667720000027',' ',' ',' ',0,66),(71,'STE AYMANASS TRANS','002587414000095',' ',' ',' ',0,67),(72,'AMALIA TRANS','002862252000066',' ',' ',' ',0,68),(413,'AROMA HERERBES','000526972000007',' ',' ',' ',0,37),(123,'NGTECA',' 002738202000006',' ',' ',' ',0,9),(689,'MARAISSA',' 001459903000024','Km 39, Tin MansouRoute de Tiznit,  C R Inchaden, Biougra',' 0528 30 30 00',' ',0,4),(79,'FAWAL TRANS','002566028000076',' ',' ',' ',0,70),(80,'STE ERRAGLU','000032947000018',' ',' ',' ',0,71),(539,'BIO INNOVATION','001557901000044',' ',' ','  ',0,43),(82,'BOULWAFAA TRANS','002788118000089',' ',' ',' ',0,72),(486,'AGRI YASLINE','001978499000076',' DR. BOUIBAT, 87272 INCHADEN, CHTOUKA AIT BAHA',' ',' ',0,25),(670,'B.N.B SERVICE TRANS','002796235000053','DR. TAOUS, AIT AMIRA, CHTOUKA AIT BAHA',' ',' ',0,42),(420,'ITM PARTNERS','000078952000065','LES ORCHIDÉES 4, BOULEVARD MOHAMMED VI IMM. D, ETAGE 3, BUREAU 9, MOHAMMEDIA',' ',' ',0,31),(106,'ATANAN AGRI',' 000283520000006',' DR. AIT MESSAOUD AIT AMIRA, CHTOUKA AIT BAHA','  ',' ',0,8),(417,'DOMAINE AKAOU B',' 001870790000062',' DR. BOUIBAT, 87272 INCHADEN, CHTOUKA AIT BAHA','  ',' ',0,2),(416,'DOMAINE AKAOU A',' 001870848000048','DR. BOUIBAT, 87272 INCHADEN, CHTOUKA AIT BAHA',' ',' ',0,3),(764,'TOM NATURE',' 001541481000094','SOUSS MASSA, SECTEUR TAOUSSOUS, CHTOUKA AIT BAHA',' ',' ',0,12),(122,'MARWAGRI',' 001902192000085','N° 31 ROUTE SEBT AIT MILK HAY TOUAMA BIOUGRA, CHTOUKA AIT BAHA',' ',' ',0,14),(95,'STE COSTA-GRI','001427594000046',' ',' ',' ',0,73),(144,'UNION ESP-MAROC','001487540000046','BLOC 7 N°36 TAMZART EST, AIT MELLOUL',' ',' ',0,74),(103,'ASS MALADES INSUFFISANCE RENALE',' ',' ',' ',' ',0,75),(127,'SYCATRANS 2013 SL','B93277523',' ',' ',' ',0,76),(128,'HORTI GO','001985607000026',' ',' ',' ',0,77),(131,'IMRIMERIE PAPETERIE FOUNTY','000075218000003','RUE OUED ZIZ CITE TILDI Q.I AGADIR','0528336250','PAP.SIMPAF@GMAIL.COM',8,0),(134,'LOVER TRANS','002922664000094','N° 35 El Jorf - Inezgane','0656544418',' ',0,78),(411,'A.PHY.S.E.M','	001530334000072',' ',' ',' ',0,79),(767,'PROMAT','00170921600082','ISHNAN BELFAA',' 0661287821',' ',0,81),(360,'DOMAINES IFRIANE AL BARAKA','001956490000097',' ',' ',' ',0,82),(359,'DOMAINES IFRIANE NAJAH','001956496000032',' ',' ',' ',0,83),(140,'ASS RAHMA DES OEUVRES SOCIALES',' ',' ',' ',' ',0,84),(141,'COGEFOR','000061640000046',' ',' ',' ',0,85),(224,'HORTALAN MAROC','001624371000048',' ',' ',' ',0,86),(152,'AUTO GOLD SERVICE','001877727000070','Tin Mansour, 87272 Inchaden, Chtouka Ait Baha',' ',' ',0,28),(148,'TAYAFA TRANS','002901051000093',' ',' ',' ',0,88),(149,'AAMAL IMM','002027594000016',' ',' ',' ',0,89),(407,'BIOUMA TOUR','002187818000071','APP N2 1ER ETAGE LOT BADR BELFAA CENTRE BELFAA - MASSA-BELFAA','0661621380',' ',0,90),(761,'ATLASTOM','003125140000065',' ',' ',' ',0,91),(153,'AUTO GOLD SERVICE','001877727000070','TIN MANSOUR, 87272 INCHADEN, CHTOUKA AIT BAHA',' ',' ',0,69),(155,'TRANS ROUICHA','002789307000093',' ',' ',' ',0,92),(156,'TOTAP','002622976000027',' ',' ',' ',0,93),(157,'SMK BULDING','002443237000070',' ',' ',' ',0,94),(158,'SMK BUILDING','002443237000070','CASABLANCA','0600909066',' ',0,95),(159,'LABKEM S.A.R.L','000098193000090','RUE LIBERTE ETAGE3 APT 6 CASABLANCA',' ',' ',0,96),(160,'ELBATAOUI TRANS','003122170000036',' ',' ',' ',0,97),(161,'FIRDAOUS TRANS','002607786000041',' ',' ',' ',0,98),(162,'DIVERS AGRICOL FORAGE','002476928000079',' ',' ','  ',0,99),(496,'	STE BEST BERY TOURS','002436022000002 ',' ',' ',' ',0,100),(165,'GOLDEN ECO','002273358000061',' ',' ',' ',0,101),(166,'ROCHDI TRANS II','002062453000014',' ',' ',' ',0,102),(782,'BENHALIMA OMAR',' 00225972700008',' ',' ',' ',0,103),(168,'GRANADA PRIM','001427733000076',' ',' ','  ',0,104),(503,'SARAMA TOUR','003354425000007',' ',' ',' ',0,105),(176,'INDUS COMPAMO','002574798000063',' ',' ',' ',0,106),(178,'H3L INDUSTRIEL','003283026000002',' ',' ',' ',0,107),(445,'2R TECHNOLOGY','002293499000036','BUREAU N 08 2EME ETAGE BLOC C106 ASSAKA TIKIOUINE',' ',' ',9,0),(181,'PHIE TRANS','002707176000016',' ',' ',' ',0,108),(353,'PAPETERIE LIBRAIRIE EL FALAH','003502202000026','Centre Arbia Ait Boutayeb, Inchaden, Chtouka Ait Baha','0528303095','fagandi@gmail.com',10,0),(183,'G.M.I TRANSPORT','001978628000085 ',' ',' ',' ',0,109),(212,'RUBY CONSEIL',' 001852579000066',' ',' ',' ',0,110),(251,'CITY AUTO TECH','003322818000087','LOT TASRA ARBIA AIT BOUTAYEB INCHADEN CHTOUKA AIT BAHA','06 07 25 00 77',' ',0,111),(187,'FBH TRANS','	002714739000097',' ',' ',' ',0,112),(189,'ABOULMAHACINE TRANS','002295765000061',' ',' ',' ',0,114),(190,'SODIREP','001530392000058',' ',' ',' ',0,29),(246,'JB LOGISTIQUE','003359458000013',' ',' ',' ',0,115),(199,'MAGRI SER','001535376000029','21 Ang La Rue De Soissons Bd D\'oujda 2eme Etage - Casablanca',' 05 22 40 05 94',' info@magriser.com',0,118),(200,'DOUNIA TELECOM','001533021000079','444, Bloc E, Hay Zaitoune, Tikiouine - Agadir',' ',' ',0,119),(611,'AGRICOLE SOUSS ASIYAKH','003321638000034',' ',' ',' ',0,121),(206,'MAROC FORCE EMPLOI','000031817000070',' ',' ',' ',0,122),(758,'IMESTAGRI','002727041000071',' ',' 0661966957',' ',0,123),(737,'AKHMAIJ SAID',' ',' ',' ',' ',0,124),(209,'ATBIR AHMED','003291375000007',' ',' ',' ',0,125),(216,'MONIPRA','002223184000057','91 RUE 2 MARS LOTISSEMENT ESSAFAA AIN CHOCK CASABLANCA','0661069719',' ',11,0),(215,'RATOUDIS','002396722000019','26 AVENUE MERS SULTAN APT 3 ETAGE 1 CASABLANCA',' ',' ',12,0),(217,'FADESSA NEGOCE','000187534000079','N° 42 Lot Bniznassen Dcheira - Dcheira El Jihadia',' ',' ',0,126),(218,'BEST HARVEST SARL','001759098000016',' ',' ',' ',0,127),(421,'MAZOUZ OLGHISSASSI TRANS','003277038000076','Hay Ouahda Nr 2 Bd Mezouar Rue 30 1ere Etage Nr 01 - 70000 - Laayoune',' ',' ',0,128),(784,'BAKCHA TRANS','003289609000062',' ',' ',' ',0,129),(808,'JANE HASSAN',' ',' ',' ',' ',0,130),(223,'COYA LOGISTICS','003138048000070',' ',' ',' ',0,131),(225,'EVORA TRANS','003130445000002',' ',' ',' ',0,132),(257,'PRESTILA TRANS','00338125000026',' ','0660061343',' ',0,16),(701,'AZAGACH','002880969000077','BUREAU N°17 IMM ADRAR BD 11 JANVIER AGADIR','  ',' ',0,133),(228,'STE  DXF SARL','003168268000094',' AGADIR',' ',' ',0,134),(230,'PHENIXA (STE)','	000016111000048',' ',' ',' ',0,135),(231,'J W TRANS','002925949000057',' ',' ',' ',0,136),(799,'MAHA TRANSFERT LINE','0030627530000012',' ',' ',' ',0,137),(235,'AIT BENHADDOU TRAVAUX','002412624000084',' ',' ',' ',0,138),(236,'CONTRAST DESIGN','001854315000045',' ',' ',' ',0,139),(237,'ORGA CROP SCIENCE','001803055000069',' ',' ',' ',0,140),(240,'SILL SOUSS',' 000032661000077',' ',' ',' ',0,141),(801,'TAZLFT TRANS','003431405000063',' ',' ',' ',0,142),(241,'MTS RENOVATION','0003140044000013','11 BD HASSAN 1ER, IMM ENNASSIM 3E ETAGE N°12 CITE MASSIRA, 80000 AGADIR',' ','mtsrenovation80@gmail.com',0,143),(242,'PARADIS PRODUCTION','002905712000055',' ',' ',' ',0,144),(243,'ASSAGA TRANSPORT','002307426000076',' ',' ',' ',0,145),(770,'ASS CHABAB ANOULAJDID',' ',' ',' ',' ',0,146),(245,'MISSAD TRANS','003329674000051',' ',' ',' ',0,147),(247,'LE GRAND CHANTIER ROUDANAIS','001729015000076',' ',' ',' ',0,148),(248,'SOSSIFOOD','003144793000024',' ',' ',' ',0,149),(249,'RKAYOUI TRANS','002457494000027',' ',' ',' ',0,150),(250,'OUZOULI TRANS','002212552000001',' ',' ',' ',0,151),(252,'ALASKA TOUR','002189652000023',' ',' ',' ',0,152),(253,'KHATOUF CAR','2575555000091',' ',' ',' ',0,153),(254,'VARTA SERVICES & NEGOCE','001607300000021',' ',' ',' ',0,155),(255,'MAROC TAXI MEDIA','001580140000021',' ',' ',' ',0,156),(811,'BIOMAS AGRICOLE','003437946000093',' ','06661247340',' ',0,159),(419,'G4S MAROC','001525196000088',' ',' ',' ',0,160),(260,'COREAL','000218516000093','RUE 80 N172 HAY EL OULFA CASABLANCA - Maroc',' ',' ',0,161),(261,'AIT MOUMAD FRERE','003003790000049','N° H 369 Hay Alhirafiyine Zone Industrielle - Ait Melloul',' ',' ',0,162),(794,'STE BENRHZAL TRANSPORT','002452920000044','DOIR OULED NOUMER MAADER TIZNIT','0666540140',' ',0,163),(263,'ESSAIL AGRI','003299523000007',' ',' ',' ',0,164),(264,'ONEPIC PRODUCTION','003046877000021',' ',' ',' ',0,165),(265,'BRICOMA (LE MONDE DU BRICOLAGE AGADIR)','001526463000023',' ','0528288383',' ',13,0),(266,'BRIDGE EQUIP','002643357000021','QUARTIER RIAD SALAM RUE GAZA N°29 - AGADIR','0525536334','BRIDGEEQUIPSARL@GMAIL.COM',14,0),(267,'MAXI LV','000102445000037','ANGLE ROUTE NAT 1 ET 8 COMMUNE TIKIOUINE AGADIR','0528 33 90 50',' ',15,0),(268,'MS2 SERVICE','002964223000097',' ',' ',' ',0,167),(269,'DEN BERK DELICE MAROC','003471788000002','  ',' ',' ',0,168),(270,'EVEL DOMAINE','002086513000003',' ',' ',' ',0,169),(271,'NBIX','002267523000078','Magasin N 140 Hay Al Ahd Al Jadid Bloc A N 142 Ait Melloul',' ',' ',16,0),(272,'BIGODINE DES TRAVAUX DIVERS','003139776000071',' ',' ',' ',0,170),(399,'GOLD TECHNO CAR','003437677000081',' ',' ',' ',0,171),(274,'FIDUCIAIRE TIFAWINE','001596640000042','IMM. N°4 EL FIDYA, AV HASSAN I HAY DAKHLA - AGADIR','0528237580','fiduciairetifawane@gmail.com',17,0),(275,'LA FIDUCIAIRE DU SAHEL','001539860000017','IMM. FRERES N° 5, RUE HOTEL DE VILLE AGADIR - MAROC','0528843082','fidusahel@gmail.com',18,0),(276,'STE BETTER TRAGET','003421459000012',' ',' ',' ',0,172),(280,'ATLAS GARDENS','003085395000069',' ',' ',' ',0,174),(383,'SABATEC','001446046000034',' ',' ',' ',0,175),(780,'MOGAVOLAILLE','003503915000044','Sous-sol D’un Immeuble Situe Au Rue Ihchach N°34 Cite Talborjt - Agadir',' ',' ',0,176),(285,'STE BOUTARHA JOB SARL','003510652000020',' ',' ',' ',0,178),(286,'AGRI TALSON','003464893000024 ',' ',' ',' ',0,179),(287,'BG EXPRESS','002158803000007',' ',' ',' ',0,180),(288,'LAWHA TRANS','003479326000079',' ',' ',' ',0,181),(296,'MOUNJI BRAHIM ET AL AFAS LAHCEN','002903990000086',' KOUHAIZ INCHADEN BELFAA- MASSA-INCHADEN',' ',' ',0,183),(322,'ALIRIM','002548614000095',' ','0661255748 ',' ',0,182),(300,'ASS TOUKIMT  POUR LE DEVELOPPEMENT',' ',' ',' ',' ',0,186),(563,'SOIBPRAG',' ',' ',' ',' ',0,187),(301,'ENZA ZANDEN MAROC','000101236000088','AGADIR',' ',' ',0,189),(302,'H.Y.T AGRI','003414990000075','INCHADEN BELFAA',' ',' ',0,191),(422,'BEN HMAD TRANS','003556995000059',' DOUAR OUKHRIB BELFAA','0673632973','  ',0,192),(306,'Ste M.C.SL','001527395000079','MARRAKECH',' ',' ',0,193),(307,'SOCIETE REGIONALE MULTISERVICE - SOUSS MASSA',' ',' ',' ',' ',19,0),(418,'ELAIT - TRAV','002600710000003','Rdc Bloc O N°238 Hay Zaytoune Tikiouine - Agadir','0661298859',' ',0,194),(312,'INFO COMMERCE','001573265000085',' ',' ',' ',0,195),(313,'SILVEIRA','002974828000009',' ',' ',' ',0,196),(314,'ATTEGUE TRANS','003311184000022',' ',' ',' ',0,197),(316,'ASSENFLUL TRANS',' 002744738000074',' ',' ',' ',0,198),(467,'A.U.A.D',' ',' ',' ',' ',0,199),(324,'BENNANI TRANS','002854077000019',' ',' ',' ',0,200),(325,'DR IBRAHIMI LOUBNAE','003562612000011','RDC 10 IMM AFAQ ALMALIYA ALWIFAQ BENSERGAOU AGADIR','0528282857',' ',0,201),(505,'AGRICOLE INBIAAT','003547918000019',' ',' ',' ',0,202),(327,'LOGIVERT TRANS','003594452000042',' ',' ',' ',0,203),(329,'AGHROUD CARBURANT','003509162000092','N° 282 D\'AL-HOURI PEARCE LOT D\'AL-FAYEZ DCHEIRA EL JIHADIA - INEZGANE','-','-',20,0),(330,'SOTRAVECO','001538703000022','6,Rue Beyrout,Appt 14 - Hassan -Rabat','+212 5 37 70 81 33','sotraveco@gamil.com',0,204),(332,'BELLOUI MY MOHAMED (PHARMACIE AL AMAL)','001228279000088','LAGFIFAT OUELAD TEIMA TAROUDANT','-',' ',0,205),(333,'MULTI LUXE TRAVAUX DIVERS','003267213000056',' ',' ',' ',0,206),(334,'BOULFAF TRANS','002853022000083',' ',' ',' ',0,207),(335,'TRANS AWTAR','003196503000072',' ',' ',' ',0,208),(567,'SHEMS TRAVEL','003357997000078',' ',' ',' ',0,209),(337,'KARIM HEMMAM','002493677000070','-','-','-',0,210),(338,'ABDBELLA TRANS','003315686000009',' ',' ',' ',0,211),(339,'MAROCCO AGROEXPORT & DISTRIBUTION','003372505000048',' ',' ',' ',0,212),(340,'LAILA OUAHMANE','002595938000031',' ',' ',' ',0,213),(378,'KAMED TRANSPORT','002095156000024','Lot Ichibi Dour Ennouasser - Inchaden',' ',' ',21,0),(342,'NGTECA','002738202000006','Douar Ikand Ifan Belfaa - Chtouka- Ait Baha',' ',' ',22,0),(343,'H M FITO','002629325000003','Douar Draied Sidi Bibi - Biougra',' ',' ',0,214),(344,'PROTECT SUD','001749233000009',' ',' ',' ',0,215),(364,'SARL  AU','003431405000063','SIDI BOUSHAB','0636700845',' ',0,216),(355,'SARL ','002077565000069','27 BIS HAY GUICHAR AIT MELLOUL','0528306848','aymanproclean@gmail.com',23,0),(356,'SARL','003519324000034',' 23 BD OUKBA CASABLANCA',' 0661349132','jgouzouli@gmail.com',0,217),(358,'LABELCROP','003637844000024','CASABLANCA','0671723586',' ',0,218),(779,'KACHLI ZAID','003643714000032',' ',' ',' ',0,219),(366,'ASSURANCES AMRIR','003241348000011',' ',' ',' ',0,220),(540,'KOSARUDE EXPORT','001546595000047','Douar Ghazala, Khmiss Aït Amira Chtouka Ait Baha ',' 0660141729','mariam.elarzguene@gmail.com',0,221),(368,'ANTHEMA FRESH','003127795000063',' ',' ',' ',0,222),(370,'FALMAGRI SARL','003424218000015',' ','0689464764',' ',0,224),(791,'AMAWAL TRANS','002646072000048','KENITRA',' ',' ',0,225),(373,'DURAN','002341849000012','N°09 Bloc D Lot Argana - Ait Melloul',' ',' ',0,226),(527,'CMC AGRI','003526482000089','  ',' ',' ',0,227),(375,'JERRARI CONTRUCTION','002609875000092','Douar Elbouibate Inchaden',' ',' ',0,228),(795,'ENTOURING','002924807000045','DOUAR TIN ALI OUADDI BELFAA MASSA, CHTOUKA AIT BAHA','0680373868',' ',0,230),(385,'FRIO MAR MED TRANS','003572198000082','N 361 Rue Bayroute - Inezgane',' ',' ',0,231),(387,'SELLI’CONFORT','003079177000048','Res Prima Office N105 Angle Mostafa Maani Et 11 Janvier Etg 3 Apt16 Co Amine - Casablanca',' ',' ',24,0),(628,'AGIOUNE TRANS','002263105000054','Douar Bakhir Khamis - Ait Amira',' ',' ',0,229),(802,'ELGAJDOUN TRANS','002957461000020','ISHNAN BELFAA','0681609948','ELGAJDOUNETRANS@GMAIL.COM',0,232),(393,'ABDDAIME CHANGE','002144557000044',' ',' ',' ',0,233),(394,'IN PLANTS','001447654000074','Route De Tiznit Tin Mansour, Km 39 - Province Chtouka Ait Baha',' ',' ',0,234),(506,'ELBAZ LOGISTIQUE','003162485000065','DOUAR EL HERCH SIDI WASSAY','0668409947','DOWARLHRCH@GMAIL.COM',0,235),(397,'ALAL SERVICES','002707150000039',' EL HOUDA AGADIR',' 0662055306',' ',0,236),(402,'SERVICAM','000090642000073','RABAT',' 0662139265',' ',0,237),(415,' ',' ',' ',' ',' ',0,36),(423,'SOUSS ORTHOPEDIE','002282386000066',' ',' ',' ',0,238),(424,'NOUN EL JAWHARA','001645584000082',' ',' ',' ',0,240),(472,'ASSOCIATION AGHROUD LAAROUSSYINE POUR LES ACTIONS SOCIALES','  ','  ','  ',' ',0,241),(428,'AANDOR LAHCEN','  ','DOUAR AIT ALI TIN MANSOUR','0699271985',' ',0,242),(430,'PNEUMATIQUE NOUVELLE SIDI BIBI','001874957000073','Douar Drayd Route Sidi Bibi Chtouka Ait Baha',' ',' pneumatique.n.sidibibi@gmail.com',25,0),(432,'NEWREST MAROC','001529916000009','18, Rue Ibnou Khalikane, Quartier Palmier - Casablanca',' ',' ',0,243),(552,'A.J SONDAGE SOUSS','003515983000031','Douar Ait Iazza Ait Milk Chtouka Ait Baha','0661729824',' ',0,244),(453,'COFAS','001536456000066','CASABLANCA',' ','  ',0,256),(485,'SHEMS TRAVEL','003357997000078','Res Al Doha Al Saada Imm 21 App 6 Hay Mohemadi - Agadir',' ',' ',0,257),(437,'SALLE DES FETES RIAD NKHAYLATTE',' 001232007000021','GUELMIM',' ',' ',0,246),(440,'RAMOUZ TRANS','002996976000018','DOUAR EL BOUIBATE INCHADEN BELFAA',' ',' ',0,247),(441,'SANSHJ','003481957000046','CHINA',' ',' ',0,248),(442,'JDS TRAVAUX','003052547000094','N 276 BD IBN TACHEFINE 3EME ETAGE, CASABLANCA, Maroc',' ',' ',0,249),(443,'BARKAD TRANS','003260192000085','LT GH2 DIYAR EL QIMMA SIDI MOUMEN ETAGE 1 APPT 13, CASABLANCA, Maroc',' ',' ',0,251),(444,'HAOUD MASSA','001459992000046','ROUTE DE TIZNIT BELFAA','0528209531','station.haoudmassa@gmail.com',26,0),(446,'PRIMA PACKAGING','002307197000051','Km 2 Route Saidia B.P.416- Berkane',' ',' ',0,252),(447,'FRIO LINE','002353827000004','N°313 Hay Nahda Bloc D - Drargua',' ',' ',0,253),(449,' TAWFIK',' ',' ',' ',' ',0,254),(631,'ADJD TRANS','003282279000092','BLOC 1 N 159 HAY ASAIS AZROU AIT MELLOUL , Inezgane','0691641224','ACHIQNOURA5@GMAIL.COM',0,255),(602,'NEXT COPY','003589521000095','W20 BIS RUE BOTAQOURT, TARRASTE, INEZGANE-AIT MELLOUL',' ',' ',0,258),(457,'TJS CARS','003776980000065','GARAGE RESIDENCE AMAL CENTRE SIDI BIBI - CHTOUKA AIT BAHA',' ',' ',0,259),(538,'C.H.T','002083270000070',' Hay Ait Soual Tamraght Aourir - Agadir (M)',' ',' ',0,173),(462,'HAREDAY TRANS','002085756000072','Garage 189 Programme El Mers 1 Tranche - Dcheira',' ',' ',0,260),(463,'COMSODEV','002230617000059','N 104 Av Jamal Abdenacer Cite Al Massira - Agadir (M)',' ',' ',0,261),(491,'STE LIBERT INDUSTRIEL SARL','003641908000003',' ',' ',' ',0,262),(492,'H.M.H METAL CONSTRUCTION SARL','002627374000009','22 BL 26 LOTIS 347 R AMOUNI , SAFI',' ',' ',0,263),(493,'Dr IBRAHIMI',' ',' ',' ',' ',0,264),(494,'K.H DÉSTRCTION','003755846000032',' ',' ',' ',0,265),(531,'VITALI CONSEIL SANTE SARL AU','003809092000027',' ',' ',' ',0,266),(533,'INNOVA KHADAMAT','003630006000093',' ',' ',' ',0,267),(541,'CHTOUKA MULTISERVICE','003318420000008','Douar Tinmansour,Inchaden Chtouka Ait Baha',' ',' ',0,268),(542,'MONEYSWEFT','003546042000037',' ',' ',' ',0,269),(669,'SEFSAF TRANS','003462213000022','DR JAMOD ELKHERBA , SIDI TAIB , AIT AMIRA , CHTOUKA AIT BAHA',' ',' ',0,270),(557,'SELFIM','001665576000006',' APPARTEMENT N 15 IMMEUBLE DE COMMERCE (EX IMMEUBLE SADIK) AVENUE ASSAN II AIT MELLOU, INEZGANE-AIT MELLOUL, Maroc',' ',' ',0,271),(560,'H F FRESH','003129209000006',' ',' ',' ',0,272),(574,'EL MOUDRISSI TRANSPORT','001411260000005',' ',' ',' ',0,273),(578,'BIOBEST MAROC','001708118000046','Route De Tiznit , Tin Mansour, Km 39 - Chtouka- Ait Baha',' ',' ',0,275),(612,'BEACH HICHAM',' ',' ',' ',' ',0,278),(615,'ACTOS LINE TRANS','003552703000028','SIDI SAID DRARGA',' ','  ',0,279),(632,'BTTAL FISH SARL','002864234000096',' ',' ',' ',0,280),(633,'ZAOUA TRANS','003811158000020',' ',' ',' ',0,281),(637,'STE TAMARIS-FRT','003500727000081',' ',' ',' ',0,282),(643,'MEHDI PLANTES','003704901000087',' ',' ',' ',0,283),(649,'WAFA ASSURANCE','000083736000004','1 Boulevard Abdelmoumen - Casablanca','05-22-54-55-55',' ',27,0),(651,'BENMENNI TRANSPORTS','001741561000058',' ',' ',' ',0,284),(663,'AIT CHANGEUR TRANS','002816964000060',' ',' ',' ',0,285),(673,'BELLA AGRI','003538409000003',' ',' ',' ',0,286),(674,'FERTITOP','003438412000024',' ',' ',' ',0,287),(760,'BOUKHAIMA SEBRI TRAVAUX','002080707000013','DOUAR TILCAID INCHADEN CHTOUKA AIT BAHA, INEZGANE-AIT MELLOUL',' ','   ',0,288),(691,'CHIADMA AVICOLE','001',' ',' ',' ',0,290),(694,'ASSOCIATION EL WIFAQ',' ',' ',' ',' ',0,291),(709,'AMENSOU HICHAME',' ',' ',' ',' ',0,293),(710,'DRON MAROC','000225894000028',' ',' ',' ',0,294),(713,'BUSINESS HOUSE AGRI','002956592000009',' ',' ',' ',0,295),(716,'ATHM NEGOCE DU SUD','003525744000033',' ',' ',' ',0,296),(742,'ARCOL','000085490000079',' ',' ',' ',0,292),(810,'CROPTIFNIT','003562120000006',' ',' ',' ',0,298),(778,'TSH TRANS EXPO','003144575000090','AVENUE ABDER.RAHIM BOUABID HAY MASSIRA 3 IMMEUBLE 54 N 8, 2EME ETAGE, DAKHLA, Maroc',' ',' ',0,299),(785,'C1.NET','001475457000076',' ',' ',' ',0,20),(809,'TOMASUD','001709241000086','MELK TAKOUT ZONE OUKHRIB, COMMUNE INCHADN, PROVINCE CHTOUKA AIT BAHA, INEZGANE-AIT MELLOUL',' ',' ',0,300),(790,'LASO TRANSPORTES S.A',' ',' ',' ',' ',0,301),(807,'CARABT','003901983000002',' ',' ',' ',0,302),(796,'HMH INDUSTRIEL','003888476000068','Avenue Hassan Ii Lot Tirst Imm Ainco 3ème Etage Appt N° 5 - Biougra (M)',' ',' ',0,303),(798,'RENEWPOWER SYSTEMS','003553900000010',' ',' ',' ',0,304),(806,'INEO TRAVAUX SYSTEME','003850466000078',' ',' ',' ',0,305);

--
-- Table structure for table `fournisseur`
--

CREATE TABLE `fournisseur` (
  `id` int(11) NOT NULL AUTO_INCREMENT,
  `nom` varchar(255) NOT NULL,
  PRIMARY KEY (`id`)
) ENGINE=MyISAM AUTO_INCREMENT=28 DEFAULT CHARSET=utf8 COLLATE=utf8_general_ci;

--
-- Dumping data for table `fournisseur`
--

INSERT INTO `fournisseur` VALUES (1,'TOTALENERGIES MARKETING MAROC'),(2,'O.N.E.E.'),(3,'MAROC TELECOM'),(4,'AHMED TAOUBIH'),(5,'FIDUCIAIRE TIFAWINE'),(6,'ASSURANCES AMRIR'),(7,'ASSOCIATION TIFAOUT TINE MANSOUR'),(8,'SIMPAF'),(9,'2R TECHNLOGY'),(10,'STE IZOURANE BUREAU'),(11,'MONIPRA'),(12,'RATOUDIS'),(13,'BRICOMA (LE MONDE DU BRICOLAGE AGADIR)'),(14,'BRIDGE EQUIP'),(15,'MAXI LV'),(16,'NBIX'),(17,'FIDUCIAIRE TIFAWINE'),(18,'LA FIDUCIAIRE DU SAHEL'),(19,'SRM'),(20,'AGHROUD CARBURANT'),(21,'KAMED TRANSPORT'),(22,'NGTECA'),(23,'AYMAN PRO CLEAN'),(24,'SELLI’CONFORT'),(25,'PNEUMATIQUE NOUVELLE SIDI BIBI'),(26,'HAOUD MASSA'),(27,'WAFA ASSURANCE');

--
-- Table structure for table `fournisseur_avance`
--

CREATE TABLE `fournisseur_avance` (
  `id` int(11) NOT NULL AUTO_INCREMENT,
  `source` varchar(20) NOT NULL,
  `id_paiement_source` int(11) NOT NULL DEFAULT 0,
  `id_source` int(11) NOT NULL,
  `montant` decimal(10,2) NOT NULL,
  `date_avance` date NOT NULL,
  `id_fournisseur` int(11) NOT NULL,
  `id_paiement` int(11) NOT NULL DEFAULT 0,
  `id_creation` int(11) NOT NULL,
  `date_creation` datetime NOT NULL,
  PRIMARY KEY (`id`)
) ENGINE=MyISAM AUTO_INCREMENT=4 DEFAULT CHARSET=utf8 COLLATE=utf8_general_ci;

--
-- Dumping data for table `fournisseur_avance`
--

INSERT INTO `fournisseur_avance` VALUES (1,'Reglement',9,9,13881.01,'2023-02-28',1,16,2,'2023-02-28 11:19:13'),(2,'Reglement',222,202,4422.79,'2023-12-31',1,243,2,'2024-02-12 10:24:01');

--
-- Table structure for table `fournisseur_avoir`
--

CREATE TABLE `fournisseur_avoir` (
  `id` int(11) NOT NULL AUTO_INCREMENT,
  `id_fournisseur` int(11) NOT NULL,
  `reference` varchar(50) NOT NULL,
  `id_remplacement` int(11) NOT NULL DEFAULT 0,
  `id_reglement` int(11) NOT NULL DEFAULT 0,
  `id_paiement` int(11) NOT NULL DEFAULT 0,
  `date_avoir` date NOT NULL,
  `montant` decimal(10,2) NOT NULL,
  `dont_tva` decimal(10,2) NOT NULL,
  `id_creation` int(11) NOT NULL,
  `date_creation` datetime NOT NULL,
  `type` varchar(20) NOT NULL,
  `transaction` int(11) NOT NULL,
  PRIMARY KEY (`id`)
) ENGINE=MyISAM AUTO_INCREMENT=86 DEFAULT CHARSET=utf8 COLLATE=utf8_general_ci;

--
-- Dumping data for table `fournisseur_avoir`
--

INSERT INTO `fournisseur_avoir` VALUES (1,1,'4104050706',0,0,109,'2023-05-23',2384.80,216.80,2,'2023-07-05 22:13:26','Avoir',1),(2,1,'1600122505',0,85,0,'2023-04-16',2010.00,0.00,2,'2023-06-11 06:22:09','Déduction',-1),(3,1,'1600122708',0,85,0,'2023-04-26',3370.80,0.00,2,'2023-06-11 06:23:29','Déduction',-1),(4,1,'4104051547',0,0,108,'2023-06-21',2535.01,230.46,2,'2023-07-05 22:13:55','Avoir',1),(5,1,'4104050269',0,0,107,'2023-05-12',1675.30,152.30,2,'2023-07-05 22:12:29','Avoir',1),(6,1,'4104052359',0,114,0,'2023-07-12',1980.00,0.00,2,'2023-07-29 00:38:49','Déduction',-1),(7,1,'4104055071',0,143,0,'2023-09-21',4060.00,0.00,2,'2023-10-02 12:54:20','Déduction',-1),(8,1,'4104055100',0,143,0,'2023-09-21',4340.00,0.00,2,'2023-10-02 12:55:11','Déduction',-1),(9,1,'4104055319',0,143,0,'2023-09-25',1340.28,0.00,2,'2023-10-02 12:56:04','Déduction',-1),(10,1,'4104056004',0,153,0,'2023-10-20',2355.00,214.09,2,'2023-10-23 08:34:03','Déduction',-1),(11,1,'4104056650',0,0,177,'2023-10-25',6480.00,1080.00,2,'2023-11-04 07:06:26','Avoir',1),(12,1,'4104056781',0,0,178,'2023-11-13',2850.00,259.09,2,'2023-11-16 07:10:52','Avoir',1),(13,1,'4104058741',0,0,199,'2023-12-22',19833.97,3305.00,2,'2023-12-23 09:16:45','Avoir',1),(14,1,'4104059027',0,0,200,'2023-12-22',1968.00,328.00,2,'2023-12-23 09:17:35','Avoir',1),(15,1,'4104059142',0,0,202,'2023-12-25',2250.00,204.55,2,'2023-12-26 07:37:49','Avoir',1),(16,1,'4104063586',0,0,222,'2023-12-31',6750.00,1125.00,2,'2024-02-12 10:14:50','Avoir',1),(17,1,'4104063586',0,0,229,'2024-02-08',2160.00,196.00,2,'2024-02-12 10:27:14','Avoir',1),(18,1,'4104065529',0,0,228,'2024-02-21',6684.88,1114.15,2,'2024-02-22 10:47:46','Avoir',1),(20,1,'4104065804',0,0,244,'2024-02-29',2835.00,257.00,2,'2024-03-16 11:03:04','Avoir',1),(21,1,'4104067283',0,0,268,'2024-03-31',3631.50,605.25,2,'2024-04-08 11:38:33','Avoir',1),(22,1,'4104067239',0,0,266,'2024-04-08',2235.00,203.18,2,'2024-04-08 11:40:16','Avoir',1),(23,1,'4104067680',0,0,267,'2024-04-16',2265.00,205.91,2,'2024-04-25 08:33:50','Avoir',1),(24,1,'4104069828',0,0,299,'2024-05-31',2835.00,257.73,2,'2024-06-06 10:38:54','Avoir',1),(25,1,'4104070344',0,0,294,'2024-06-24',5354.46,892.00,2,'2024-06-25 22:20:33','Avoir',1),(26,1,'4104070807',0,0,295,'2024-06-24',6600.00,600.00,2,'2024-06-25 22:21:47','Avoir',1),(27,1,'4104071126',0,0,296,'2024-06-24',6600.00,600.00,2,'2024-06-25 22:22:38','Avoir',1),(28,1,'4104070488',0,0,297,'2024-06-24',5080.00,461.00,2,'2024-06-25 22:23:54','Avoir',1),(29,1,'4104071446',0,0,298,'2024-06-24',2640.00,240.00,2,'2024-06-25 22:25:01','Avoir',1),(30,1,'4104072158',0,0,324,'2024-06-30',2355.00,214.09,2,'2024-07-11 14:47:13','Avoir',1),(31,1,'4104072577',0,0,326,'2024-07-29',2355.00,214.09,2,'2024-08-05 09:24:55','Avoir',1),(32,1,'4104072578',0,0,325,'2024-07-29',2535.01,230.46,2,'2024-08-05 09:27:43','Avoir',1),(33,1,'4104074011',0,0,340,'2024-08-31',2970.00,270.00,2,'2024-09-30 13:04:37','Avoir',1),(34,1,'4104075470',0,0,347,'2024-09-30',2970.00,270.00,2,'2024-10-03 12:24:24','Avoir',1),(35,1,'4104075636',0,0,346,'2024-09-01',21598.98,3599.83,2,'2024-10-03 12:25:28','Avoir',1),(36,1,'4104077123',0,0,369,'2024-10-31',5670.00,945.00,2,'2024-11-10 13:09:40','Avoir',1),(37,1,'4104077161',0,0,368,'2024-10-31',5197.50,866.25,2,'2024-11-10 13:10:30','Avoir',1),(38,1,'4104077213',0,0,367,'2024-10-31',2475.00,225.00,2,'2024-11-10 13:11:06','Avoir',1),(39,1,'4104077955',0,0,371,'2024-11-30',2970.00,270.00,2,'2024-12-05 09:39:22','Avoir',1),(40,1,'4104078047',0,0,370,'2024-11-30',1867.66,311.28,2,'2024-12-05 09:40:02','Avoir',1),(41,1,'4104079766',0,0,383,'2024-12-31',6345.00,576.82,2,'2025-01-07 08:14:48','Avoir',1),(42,1,'4104079838',0,0,382,'2024-12-31',8910.00,810.00,2,'2025-01-04 09:19:57','Avoir',1),(43,1,'4104079837',0,0,381,'2024-12-31',4950.00,450.00,2,'2025-01-04 09:20:28','Avoir',1),(44,1,'4104079836',0,0,380,'2024-12-31',8910.00,810.00,2,'2025-01-04 09:20:56','Avoir',1),(45,1,'4104079142',0,0,384,'2024-12-30',14400.00,2400.00,2,'2025-01-04 09:21:24','Avoir',1),(46,1,'4104081622',0,0,394,'2025-02-01',7993.20,1332.20,2,'2025-02-08 22:15:51','Avoir',1),(47,1,'4104081178',0,0,395,'2025-01-31',12180.00,1107.27,2,'2025-02-08 22:18:46','Avoir',1),(48,1,'4104082755',0,0,410,'2025-02-28',12240.00,1112.73,2,'2025-03-05 10:49:41','Avoir',1),(49,1,'4104083835',0,0,450,'2025-03-31',13697.71,2282.95,2,'2025-05-14 09:11:11','Avoir',1),(50,1,'4104084795',0,0,451,'2025-04-30',10739.99,976.36,2,'2025-05-14 09:12:43','Avoir',1),(51,1,'4104084381',0,0,449,'2025-03-31',3712.50,618.75,2,'2025-05-14 09:14:04','Avoir',1),(52,1,'4104084418',0,0,448,'2025-03-31',7605.00,691.36,2,'2025-05-14 09:15:37','Avoir',1),(53,1,'4104086592',0,0,474,'2025-05-31',13860.00,1260.00,2,'2025-06-16 16:36:58','Avoir',1),(54,1,'4104086753',0,0,479,'2025-06-01',4125.60,687.60,2,'2025-06-16 16:37:53','Avoir',1),(55,1,'4104087475',0,0,478,'2025-06-11',3.49,0.32,2,'2025-06-16 16:38:57','Avoir',1),(56,1,'4104087107',0,0,477,'2025-06-11',331.33,30.12,2,'2025-06-16 16:39:30','Avoir',1),(59,1,'4104087035',0,0,476,'2025-06-11',14.03,1.28,2,'2025-07-28 10:31:08','Avoir',1),(58,1,'4104088800',0,0,475,'2025-06-30',11880.00,1080.00,2,'2025-07-28 10:17:40','Avoir',1),(60,1,'4104090179',0,0,487,'2025-07-31',11880.00,1080.00,2,'2025-08-14 08:31:26','Avoir',1),(61,1,'2304217246',0,0,486,'2025-07-31',1237.50,206.25,2,'2025-08-14 08:32:14','Avoir',1),(62,1,' 4104091038',0,0,509,'2025-08-31',15840.00,1440.00,2,'2025-09-11 07:26:49','Avoir',1),(63,1,' 4104091084',0,0,508,'2025-08-31',7380.00,1230.00,2,'2025-09-11 07:27:28','Avoir',1),(64,1,'4104091093',0,0,507,'2025-08-31',3060.00,510.00,2,'2025-09-11 07:28:02','Avoir',1),(65,1,'4104092872',0,0,532,'2025-10-29',13260.01,1205.46,2,'2025-10-30 10:54:57','Avoir',1),(66,1,'4104092231',0,0,533,'2025-09-29',13860.00,1260.00,2,'2025-10-30 10:56:12','Avoir',1),(67,1,'4104095169',0,0,571,'2025-11-30',13260.01,1205.46,2,'2025-12-28 16:27:31','Avoir',1),(68,1,'4104096766',0,0,572,'2025-12-29',4659.11,776.52,2,'2026-01-19 09:57:57','Avoir',1),(69,1,'4104096893',0,0,570,'2025-12-30',2371.20,395.20,2,'2026-01-19 09:59:00','Avoir',1),(72,1,'4104097105',0,0,569,'2025-12-30',11500.52,1916.75,2,'2026-01-19 10:03:13','Avoir',1),(71,1,'4104096952',0,0,568,'2025-12-30',6900.31,1150.05,2,'2026-01-19 10:01:45','Avoir',1),(73,1,'4104097178',0,0,567,'2025-12-30',8316.00,1386.00,2,'2026-01-19 10:05:00','Avoir',1),(75,1,'4104100836',0,0,594,'2026-02-28',13860.00,1260.00,2,'2026-03-04 12:09:09','Avoir',1),(76,1,'4104100052',0,0,592,'2026-01-31',13860.00,1260.00,2,'2026-03-04 12:14:16','Avoir',1),(77,1,'4104100112',0,0,591,'2026-01-31',3960.00,660.00,2,'2026-03-04 12:15:05','Avoir',1),(78,1,'4104100222',0,0,590,'2026-01-31',5967.60,994.60,2,'2026-03-04 12:16:15','Avoir',1),(79,1,'4104097245',0,0,593,'2025-12-30',12420.00,1129.09,2,'2026-03-04 12:20:21','Avoir',1),(80,1,'4104102645',0,0,0,'2026-03-31',10680.00,970.91,2,'2026-04-06 11:24:39','Avoir',1),(81,1,'4104104441',0,0,632,'2026-05-31',66660.00,6060.00,2,'2026-06-17 13:20:37','Avoir',1),(82,1,'4104104448',0,0,0,'2026-05-31',12540.00,1140.00,2,'2026-06-17 13:21:32','Avoir',1),(83,1,'4104104499',0,0,0,'2026-05-31',900.00,150.00,2,'2026-06-17 13:22:39','Avoir',1),(84,1,'4104103313',0,0,0,'2026-04-30',14040.00,1276.36,2,'2026-06-17 13:25:17','Avoir',1),(85,1,'4104103362',0,0,0,'2026-04-30',5040.00,840.00,2,'2026-06-17 13:25:59','Avoir',1);

--
-- Table structure for table `fournisseur_facture`
--

CREATE TABLE `fournisseur_facture` (
  `id` int(11) NOT NULL AUTO_INCREMENT,
  `id_fournisseur` int(11) NOT NULL,
  `id_alimentation` int(11) NOT NULL DEFAULT 0,
  `id_depense` int(11) NOT NULL DEFAULT 0,
  `reference` varchar(255) NOT NULL,
  `date_facture` date NOT NULL,
  `date_echeance` date DEFAULT NULL,
  `montant_ttc` decimal(10,2) DEFAULT NULL,
  `dont_tva` decimal(10,2) DEFAULT NULL,
  `id_creation` int(11) NOT NULL,
  `date_creation` datetime NOT NULL,
  `id_reglement` int(11) NOT NULL DEFAULT 0,
  PRIMARY KEY (`id`)
) ENGINE=MyISAM AUTO_INCREMENT=725 DEFAULT CHARSET=utf8 COLLATE=utf8_general_ci;

--
-- Dumping data for table `fournisseur_facture`
--

INSERT INTO `fournisseur_facture` VALUES (3,1,4,0,'4006130022','2023-01-06','2023-01-06',450152.34,40922.94,2,'2023-02-28 08:30:41',3),(2,1,3,0,'4006129870','2023-01-06','2023-01-06',55524.04,5047.64,2,'2023-02-28 08:27:18',2),(4,1,5,0,'4006130618','2023-01-10','2023-01-10',55524.04,5047.64,2,'2023-02-28 08:32:40',4),(5,1,6,0,'4006131230','2023-01-13','2023-01-13',448802.31,40800.21,2,'2023-02-28 08:34:11',5),(6,1,7,0,'4006132543','2023-01-19','2023-01-19',55524.04,5047.64,2,'2023-02-28 08:37:37',6),(7,1,8,0,'4006133242','2023-01-23','2023-01-23',69405.05,6309.55,2,'2023-02-28 08:42:25',7),(8,1,9,0,'4006133565','2023-01-24','2023-01-24',441571.02,40142.82,2,'2023-02-28 08:46:48',8),(9,1,10,0,'4006135353','2023-02-01','2023-02-01',41643.03,3785.73,2,'2023-02-28 10:33:49',9),(10,1,11,0,'4006135756','2023-02-01','2023-02-01',173420.39,15765.49,2,'2023-02-28 10:35:38',10),(11,1,12,0,'4006135755','2023-02-01','2023-02-01',268150.63,24377.33,2,'2023-02-28 10:39:21',11),(12,1,13,0,'4006136441','2023-02-03','2023-02-03',69405.05,6309.55,2,'2023-02-28 10:41:00',12),(13,1,14,0,'4006137170','2023-02-07','2023-02-07',55524.04,5047.64,2,'2023-02-28 10:42:20',13),(14,1,15,0,'4006137532','2023-02-09','2023-02-09',449129.01,40829.91,2,'2023-02-28 10:44:06',14),(15,1,16,0,'4006138228','2023-02-13','2023-02-13',43112.85,3919.35,2,'2023-02-28 10:46:20',16),(16,1,17,0,'4006139277','2023-02-17','2023-02-17',138710.77,12610.07,2,'2023-02-28 10:49:28',17),(17,1,18,0,'4006139278','2023-02-17','2023-02-17',39180.24,3561.84,2,'2023-02-28 10:50:49',18),(18,1,19,0,'4006140158','2023-02-21','2023-02-21',42512.91,3864.81,2,'2023-02-28 10:53:42',19),(19,1,20,0,'4006140582','2023-02-23','2023-02-23',70854.85,6441.35,2,'2023-02-28 10:57:15',21),(20,1,21,0,'4006140593','2023-02-23','2023-02-23',416132.31,37830.21,2,'2023-02-28 11:05:24',20),(21,1,0,1,'SOLDE REPORTER','2023-01-01','2023-01-01',168748.10,15340.74,2,'2023-03-02 16:14:49',22),(22,1,0,2,'4006128006','2023-01-01','2023-01-01',69604.70,6327.70,2,'2023-03-03 07:19:28',23),(23,1,22,0,'4006143799','2023-03-06','2023-03-07',405572.64,36870.24,4,'2023-03-06 17:36:43',24),(25,1,23,0,'4006144090','2023-03-07','2023-03-07',83765.88,7615.08,2,'2023-03-09 10:15:43',25),(26,1,24,0,'4006145145','2023-03-13','2023-03-15',41882.94,3807.54,4,'2023-03-14 15:53:02',26),(27,1,25,0,'4006145555','2023-03-14','2023-03-14',161121.07,14647.37,2,'2023-03-15 13:34:51',27),(28,1,26,0,'4006145689','2023-03-15','2023-03-17',69804.90,6345.90,4,'2023-03-16 09:03:02',28),(29,1,27,0,'4006145944','2023-03-16','2023-03-21',405572.64,36870.24,4,'2023-03-16 16:51:37',29),(30,1,28,0,'4006147844','2023-03-23','2023-03-23',55843.92,5076.72,4,'2023-03-24 09:45:36',31),(31,1,29,0,'4006148113','2023-03-24','2023-03-24',406922.67,36992.97,4,'2023-03-25 08:34:51',30),(32,2,0,4,'310013130011','2023-03-13','2023-04-04',4764.29,584.05,4,'2023-03-27 10:15:45',37),(33,2,0,5,'310013130013','2023-03-13','2023-04-04',1456.71,183.08,4,'2023-03-27 10:18:05',36),(34,1,30,0,'4006149117','2023-03-29','2023-03-29',55843.92,5076.72,4,'2023-03-30 09:10:04',32),(35,5,0,6,'1826582','2023-03-01','2023-03-01',9600.00,8000.00,2,'2023-04-04 13:04:30',34),(36,1,31,0,'4006152745','2023-04-06','2023-04-06',384482.01,34952.91,4,'2023-04-06 14:35:05',38),(37,1,32,0,'4006152472','2023-04-05','2023-04-05',55843.92,5076.72,4,'2023-04-06 15:41:25',39),(38,1,33,0,'4006150696','2023-03-31','2023-06-30',100620.00,16770.00,3,'2023-04-07 10:20:53',85),(41,1,0,8,'PA2022','2022-12-31','2023-03-28',129565.20,21594.20,2,'2023-04-07 20:22:28',41),(40,6,0,7,'2023020016','2023-02-04','2023-04-07',3961.93,0.00,2,'2023-04-07 20:17:42',40),(42,2,0,9,'733003048970','2023-02-13','2023-03-07',4302.52,527.34,2,'2023-04-08 13:25:05',42),(43,2,0,10,'733003048972','2023-02-13','2023-03-07',2171.15,270.67,2,'2023-04-08 13:26:27',42),(44,7,0,11,'13007','2023-02-28','2023-03-10',37.50,0.00,2,'2023-04-08 13:33:48',43),(45,7,0,12,'12188','2022-11-30','2023-02-10',62.50,0.00,2,'2023-04-08 13:36:04',44),(46,7,0,13,'12189','2022-12-31','2023-02-10',32.50,0.00,2,'2023-04-08 13:36:29',44),(47,7,0,14,'12190','2023-01-31','2023-02-10',37.50,0.00,2,'2023-04-08 13:36:54',44),(48,2,0,15,'130013691723','2023-01-13','2023-02-04',1174.10,147.74,2,'2023-04-10 12:28:08',45),(49,2,0,16,'130013691721','2023-01-13','2023-02-04',5713.19,699.42,2,'2023-04-10 12:28:54',45),(50,1,35,0,'4006153440','2023-04-10','2023-04-10',69804.90,6345.90,3,'2023-04-11 09:20:21',46),(51,1,36,0,'4006153667','2023-04-11','2023-04-11',69804.90,6345.90,3,'2023-04-11 14:59:51',47),(52,1,37,0,'4006153974','2023-04-12','2023-04-12',383131.98,34830.18,3,'2023-04-12 12:29:52',48),(53,1,0,17,'PA2022','2022-12-31','2023-02-25',100000.00,16666.67,2,'2023-04-12 22:48:55',49),(54,1,0,18,'PA2022','2022-12-31','2023-01-25',200000.00,33333.33,2,'2023-04-12 22:50:04',49),(55,1,0,19,'4006128306','2022-12-31','2023-01-05',176800.91,160728.10,2,'2023-04-15 11:38:39',50),(56,2,0,20,'733002871755','2022-11-11','2022-12-03',6352.95,779.15,2,'2023-04-15 12:12:42',51),(57,2,0,21,'733002871757','2022-11-11','2022-12-03',952.23,121.27,2,'2023-04-15 12:13:37',51),(58,1,38,0,'4006155221','2023-04-18','2023-04-18',384482.01,34952.91,3,'2023-04-18 13:03:35',52),(59,2,0,22,'735002904198','2022-12-13','2023-01-04',1427.65,179.51,2,'2023-04-19 10:25:10',53),(60,2,0,23,'735002904196','2022-12-13','2023-01-04',4938.57,605.45,2,'2023-04-19 10:26:02',53),(61,4,0,24,'DA1826580','2023-01-24','2023-01-24',8700.00,0.00,2,'2023-04-19 13:49:17',54),(62,1,0,25,'SR','2022-12-31','2023-04-19',60005.08,10000.85,2,'2023-04-19 18:48:47',55),(63,1,39,0,'4006154697','2023-04-15','2023-06-30',30615.54,5102.59,2,'2023-04-19 20:58:59',100),(64,1,40,0,'4006154696','2023-04-15','2023-04-15',0.00,0.00,4,'2023-04-20 12:17:22',57),(66,1,41,0,'4006155529','2023-04-19','2023-04-19',69804.90,6345.90,4,'2023-04-21 09:19:03',58),(67,5,0,27,'H2023','2023-04-20','2023-04-20',9600.00,1600.00,2,'2023-04-21 13:48:09',59),(68,2,0,28,'748002552233','2023-04-13','2023-05-05',1521.98,191.39,2,'2023-04-22 15:57:42',60),(69,2,0,29,'748002552231','2023-04-13','2023-05-05',5036.01,617.42,2,'2023-04-22 16:01:49',60),(84,1,56,0,'4006162442','2023-05-15','2023-05-15',148461.17,13496.47,3,'2023-05-16 09:42:49',67),(71,1,43,0,'4006156355','2023-04-25','2023-04-26',55843.92,5076.72,2,'2023-04-25 17:00:14',61),(73,1,45,0,'4006156818','2023-04-27','2023-04-27',383131.98,34830.18,4,'2023-04-27 11:09:00',62),(74,1,46,0,'4006156824','2023-04-27','2023-04-27',55843.92,5076.72,4,'2023-04-27 15:06:38',63),(82,1,54,0,'4006159041','2023-05-03','2023-05-03',55843.92,5076.72,2,'2023-05-08 10:22:54',64),(83,1,55,0,'4006161156','2023-05-09','2023-05-09',54083.92,4916.72,3,'2023-05-09 16:49:23',66),(81,1,53,0,'4006160736','2023-05-06','2023-05-08',378213.00,34383.00,3,'2023-05-06 12:28:28',65),(85,1,57,0,'4006162433','2023-05-15','2023-05-15',67604.90,6145.90,3,'2023-05-16 09:43:56',68),(86,1,58,0,'4006163285','2023-05-18','2023-05-19',53284.00,4844.00,4,'2023-05-18 18:27:28',69),(87,1,59,0,'4006163867','2023-05-19','2023-05-22',368760.81,33523.71,3,'2023-05-19 15:07:15',70),(88,2,0,30,'500011803269','2023-05-12','2023-06-03',5325.68,652.99,2,'2023-05-22 11:19:57',71),(89,2,0,31,'500011803271','2023-05-12','2023-06-03',1521.81,190.78,2,'2023-05-22 11:21:05',72),(90,1,60,0,'4006164544','2023-05-23','2023-05-23',366960.33,33360.03,3,'2023-05-23 15:23:46',73),(91,1,61,0,'4006164436','2023-05-23','2023-05-23',53284.00,4844.00,3,'2023-05-23 17:58:05',75),(92,1,62,0,'4006164790','2023-05-24','2023-07-25',5724.00,954.00,3,'2023-05-27 10:18:42',100),(93,1,63,0,'4006165813','2023-05-29','2023-05-30',222400.20,20218.20,3,'2023-05-29 15:05:53',76),(94,1,64,0,'40061654641','2023-05-29','2023-05-30',53284.00,4844.00,3,'2023-05-29 15:37:37',78),(95,1,65,0,'4006165721','2023-05-29','2023-05-30',133440.12,12130.92,3,'2023-05-29 16:15:00',77),(96,1,66,0,'4006165286','2023-05-26','2023-07-31',39240.00,6540.00,3,'2023-05-31 15:29:13',114),(97,1,67,0,'4006165291','2023-05-26','2023-07-26',0.00,0.00,3,'2023-05-31 15:31:44',90),(98,1,68,0,'4006168794','2023-06-02','2023-06-02',77840.07,7076.37,3,'2023-06-03 12:21:37',80),(100,8,0,32,'145/2023','2023-05-31','2023-05-31',4320.00,720.00,2,'2023-06-06 08:13:12',79),(101,1,70,0,'4006169358','2023-06-06','2023-06-06',67904.65,6173.15,3,'2023-06-06 18:00:34',83),(102,1,71,0,'4006169552','2023-06-07','2023-06-07',338101.50,30736.50,3,'2023-06-07 12:45:51',82),(103,1,72,0,'4006169551','2023-06-07','2023-06-07',34710.39,3155.49,3,'2023-06-07 12:46:42',81),(104,1,73,0,'4006169765','2023-06-08','2023-06-09',67904.65,6173.15,2,'2023-06-09 09:06:01',84),(105,1,74,0,'4006170719','2023-06-13','2023-06-13',54323.72,4938.52,3,'2023-06-13 17:48:42',86),(106,1,75,0,'4006171096','2023-06-14','2023-06-14',373261.68,33932.88,4,'2023-06-14 15:25:09',88),(107,1,76,0,'4006171530','2023-06-16','2023-07-31',118320.00,19720.00,3,'2023-06-20 15:57:16',114),(108,1,77,0,'4006171534','2023-06-16','2023-07-20',0.00,0.00,3,'2023-06-20 16:01:58',90),(109,1,78,0,'4006172487','2023-06-20','2023-06-20',54323.72,4938.52,3,'2023-06-20 17:55:43',89),(113,1,82,0,'4006173030','2023-06-22','2023-06-22',371911.65,33810.15,2,'2023-06-23 06:27:44',90),(112,1,81,0,'4006173039','2023-06-22','2023-06-22',54323.72,4938.52,2,'2023-06-23 06:26:15',91),(114,1,83,0,'4006174986','2023-06-30','2023-06-30',54323.72,4938.52,3,'2023-07-03 08:41:35',92),(115,1,84,0,'4006175105','2023-07-01','2023-07-01',157780.70,14343.70,3,'2023-07-03 08:43:27',93),(116,1,85,0,'4006175701','2023-07-03','2023-07-03',35160.18,3196.38,3,'2023-07-03 19:32:28',95),(117,1,86,0,'4006175706','2023-07-03','2023-07-03',146510.65,13319.15,3,'2023-07-03 19:34:13',94),(118,1,87,0,'4006176079','2023-07-03','2023-07-03',159180.56,14470.96,3,'2023-07-04 09:38:49',96),(119,2,0,33,'717003389503','2023-06-13','2023-07-05',1561.92,196.43,2,'2023-07-04 17:55:24',98),(120,2,0,34,'717003389501','2023-06-13','2023-07-05',5260.04,644.93,2,'2023-07-04 17:56:58',97),(121,1,88,0,'4006177411','2023-04-05','2023-04-05',67904.65,6173.15,3,'2023-07-05 18:42:33',99),(122,1,89,0,'4006177572','2023-07-06','2023-07-06',54323.72,4938.52,4,'2023-07-06 17:08:22',101),(124,1,90,0,'4006157336','2023-04-28','2023-05-31',1872.00,312.00,4,'2023-07-06 18:37:21',100),(125,1,0,36,'1800077804','2023-05-05','2023-05-05',306.84,51.14,2,'2023-07-06 21:26:22',100),(126,1,91,0,'4006178482','2023-07-10','2023-07-10',376561.35,34232.85,3,'2023-07-10 18:15:46',102),(127,1,92,0,'4006178605','2023-07-11','2023-07-11',54323.72,4938.52,3,'2023-07-11 15:30:34',103),(128,1,93,0,'4006179690','2023-07-17','2023-07-17',375211.32,34110.12,3,'2023-07-17 12:52:44',104),(129,1,94,0,'4006180027','2023-07-18','2023-07-18',40742.79,3703.89,3,'2023-07-19 10:38:22',105),(130,1,95,0,'4006180473','2023-07-20','2023-07-20',377011.36,34273.76,4,'2023-07-20 12:55:37',106),(131,1,96,0,'4006180533','2023-07-20','2023-07-20',54323.72,4938.52,4,'2023-07-21 08:57:36',109),(132,1,97,0,'4006180516','2023-07-20','2023-07-20',40742.79,3703.89,3,'2023-07-21 09:32:03',107),(133,1,98,0,'4006182119','2023-07-26','2023-07-26',377011.36,34273.76,4,'2023-07-27 11:19:10',110),(134,1,99,0,'4006182539','2023-07-28','2023-07-28',54323.72,4938.52,3,'2023-07-28 15:02:54',111),(135,1,100,0,'4006182061','2023-07-26','2023-10-03',149985.60,24997.60,3,'2023-07-29 10:05:45',143),(136,1,101,0,'4006182078','2023-07-26','2023-08-25',0.00,0.00,3,'2023-07-29 10:12:57',114),(137,1,102,0,'4006183508','2023-08-01','2023-08-01',375211.32,34110.12,3,'2023-08-01 11:51:22',113),(138,1,103,0,'4006183560','2023-08-01','2023-08-01',54323.72,4938.52,3,'2023-08-01 18:35:49',112),(139,1,104,0,'4006185811','2023-08-04','2023-08-04',56283.92,5116.72,3,'2023-08-05 11:30:41',117),(140,1,105,0,'4006186226','2023-08-07','2023-08-07',385142.67,35012.97,3,'2023-08-07 12:11:07',118),(141,2,0,37,'727003395805','2023-07-13','2023-08-04',5104.48,625.83,2,'2023-08-08 16:51:45',115),(142,2,0,38,'727003395807','2023-07-13','2023-08-04',2292.58,285.44,2,'2023-08-08 16:53:05',116),(143,1,106,0,'4006187024','2023-08-10','2023-08-10',56283.92,5116.72,3,'2023-08-11 08:44:09',119),(144,1,107,0,'4006187317','2023-08-11','2023-08-11',393059.70,35732.70,3,'2023-08-11 15:49:41',120),(145,1,108,0,'4006187498','2023-08-12','2023-08-14',56283.92,5116.72,3,'2023-08-12 14:31:53',121),(146,1,109,0,'4006188954','2023-08-18','2023-08-18',56283.92,5116.72,3,'2023-08-18 18:19:17',123),(147,1,110,0,'4006188965','2023-08-18','2023-08-18',404610.36,36782.76,3,'2023-08-19 08:15:51',122),(148,1,111,0,'4006189877','2023-08-23','2023-08-23',58164.04,5287.64,4,'2023-08-24 08:38:32',124),(149,2,0,39,'440012443149','2023-08-11','2023-09-02',5137.99,629.94,2,'2023-08-26 07:06:26',125),(150,2,0,40,'440012443151','2023-08-11','2023-09-02',1836.35,229.26,2,'2023-08-26 07:07:49',126),(151,1,112,0,'4006190585','2023-08-25','2023-08-25',58164.04,5287.64,3,'2023-08-26 18:19:07',127),(152,1,113,0,'4006191013','2023-08-28','2023-08-28',428340.00,38940.00,3,'2023-08-28 18:26:56',128),(153,1,114,0,'4006191424','2023-08-29','2023-08-29',259600.00,23600.00,3,'2023-08-29 17:54:04',129),(154,1,115,0,'4006191333','2023-08-29','2023-08-29',58164.04,5287.64,3,'2023-08-30 09:29:55',130),(155,1,116,0,'4006192923','2023-09-01','2023-09-01',72705.05,6609.55,3,'2023-09-01 15:33:24',131),(156,1,117,0,'4006195029','2023-09-06','2023-09-06',429690.03,39062.73,3,'2023-09-08 15:37:35',132),(157,1,118,0,'4006195847','2023-09-11','2023-09-11',60123.80,5465.80,3,'2023-09-11 18:54:05',133),(158,1,119,0,'4006196233','2023-09-13','2023-09-13',45092.85,4099.35,3,'2023-09-13 17:58:18',134),(159,1,120,0,'4006196358','2023-09-13','2023-09-13',437251.65,39750.15,3,'2023-09-13 18:20:34',135),(160,1,121,0,'4006196123','2023-09-12','2023-10-20',86400.00,14400.00,3,'2023-09-15 08:22:03',153),(161,1,122,0,'4006196126','2023-09-12','2023-10-20',0.00,0.00,3,'2023-09-15 08:24:35',143),(162,2,0,41,'733003461944','2023-09-13','2023-10-05',5164.81,633.24,2,'2023-09-19 10:51:51',137),(163,2,0,42,'733003461946','2023-09-13','2023-10-05',2369.31,295.15,2,'2023-09-19 10:52:37',136),(164,1,123,0,'4006197317','2023-09-19','2023-09-19',75154.75,6832.25,4,'2023-09-19 17:47:11',138),(165,1,124,0,'4006197723','2023-09-20','2023-09-21',438601.68,39872.88,2,'2023-09-22 08:59:35',139),(166,1,125,0,'4006198849','2023-09-26','2023-09-26',437251.65,39750.15,3,'2023-09-26 13:56:35',140),(167,1,126,0,'4006198802','2023-09-26','2023-09-26',45092.85,4099.35,3,'2023-09-26 17:05:22',141),(168,1,127,0,'4006199406','2023-09-29','2023-09-29',75154.75,6832.25,2,'2023-11-06 09:49:19',142),(169,1,128,0,'4006201651','2023-10-03','2023-10-03',75154.75,6832.25,3,'2023-10-04 09:51:05',144),(170,1,129,0,'4006201964','2023-10-04','2023-10-04',136999.50,12454.50,3,'2023-10-04 11:53:53',146),(171,1,130,0,'4006201965','2023-10-04','2023-10-04',304751.15,27704.65,3,'2023-10-04 11:54:44',145),(172,9,0,43,'FV230023','2023-10-05','2023-10-05',6000.00,1000.00,2,'2023-10-07 21:08:38',147),(173,1,131,0,'4006203020','2023-10-09','2023-10-09',60123.80,5465.80,4,'2023-10-10 15:59:55',148),(174,1,132,0,'4006203353','2023-10-11','2023-10-11',453448.38,41222.58,4,'2023-10-11 15:36:34',150),(175,10,0,44,'FA0018','2022-12-31','2022-12-31',620.00,103.33,2,'2023-10-12 07:54:31',149),(176,10,0,45,'FA0002','2023-03-31','2023-03-31',523.00,87.17,2,'2023-10-12 07:55:02',149),(177,10,0,46,'FA0010','2023-08-31','2023-08-31',751.90,125.32,2,'2023-10-12 07:56:38',149),(178,10,0,47,'FA0005','2023-09-30','2023-09-30',180.00,30.00,2,'2023-10-12 08:11:40',149),(179,1,133,0,'4006203824','2023-10-13','2023-10-20',0.00,0.00,3,'2023-10-16 10:44:13',153),(180,1,134,0,'4006203819','2023-10-13','2023-11-20',119431.20,19905.20,3,'2023-10-16 11:05:55',163),(181,1,135,0,'4006203818','2023-10-13','2023-10-20',0.00,0.00,3,'2023-10-16 11:08:04',153),(182,1,136,0,'4006203826','2023-10-13','2023-12-25',188770.20,31461.70,3,'2023-10-16 11:10:54',183),(183,1,137,0,'4006203829','2023-10-13','2023-10-20',0.00,0.00,3,'2023-10-16 12:31:04',153),(184,1,138,0,'4006204249','2023-10-16','2023-10-17',60123.80,5465.80,3,'2023-10-17 08:53:15',151),(185,1,139,0,'4006205013','2023-10-18','2023-10-18',205499.25,18681.75,3,'2023-10-18 19:53:25',152),(186,1,140,0,'4006205048','2023-10-19','2023-10-19',246599.10,22418.10,4,'2023-10-19 12:07:57',152),(187,1,141,0,'4006205712','2023-10-23','2023-10-23',60123.80,5465.80,3,'2023-10-23 18:26:22',154),(188,1,142,0,'4006206042','2023-10-24','2023-10-24',453448.38,41222.58,4,'2023-10-24 11:27:30',155),(189,1,143,0,'4006206310','2023-10-25','2023-10-25',60123.80,5465.80,3,'2023-10-25 17:46:19',156),(190,1,144,0,'4006206461','2023-10-25','2023-11-20',0.00,0.00,3,'2023-10-27 19:25:22',163),(191,1,145,0,'4006206465','2023-10-25','2023-11-20',16800.00,2800.00,3,'2023-10-27 19:26:41',163),(192,1,146,0,'4006207548','2023-10-31','2023-10-31',453448.38,41222.58,2,'2023-11-06 09:56:43',158),(193,1,147,0,'4006207626','2023-10-31','2023-10-31',60123.80,5465.80,2,'2023-11-06 09:16:30',157),(194,1,148,0,'4006210511','2023-11-06','2023-11-06',60123.80,5465.80,3,'2023-11-06 16:47:46',159),(195,1,149,0,'4006210625','2023-11-06','2023-11-06',452098.35,41099.85,3,'2023-11-06 17:25:45',160),(196,1,150,0,'4006210711','2023-11-07','2023-12-25',95175.00,15862.50,4,'2023-11-08 11:15:38',183),(197,1,151,0,'4006210712','2023-11-07','2023-11-20',0.00,0.00,4,'2023-11-08 11:32:01',163),(198,1,152,0,'4006211125','2023-11-09','2023-11-09',60123.80,5465.80,4,'2023-11-09 18:46:19',161),(199,1,153,0,'4006211782','2023-11-13','2023-11-13',452098.35,41099.85,4,'2023-11-13 16:36:59',162),(200,1,154,0,'4006212447','2023-11-16','2023-11-16',60123.80,5465.80,2,'2023-11-16 13:05:08',166),(201,1,155,0,'4006212145','2023-11-14','2023-12-31',17712.00,2952.00,2,'2023-11-16 16:07:22',183),(202,2,0,48,'710003669565','2023-10-12','2023-11-03',5453.80,668.73,2,'2023-11-17 10:41:13',164),(203,2,0,49,'710003669567','2023-10-12','2023-11-03',1835.78,229.77,2,'2023-11-17 10:42:02',165),(204,2,0,50,'722003668546','2023-11-14','2023-12-06',5370.93,658.55,2,'2023-11-17 10:43:33',172),(205,2,0,51,'722003668548','2023-11-14','2023-12-06',1856.69,232.05,2,'2023-11-17 10:44:32',171),(206,1,156,0,'4006213278','2023-11-20','2023-11-20',445858.38,40532.58,4,'2023-11-20 17:20:28',167),(207,1,157,0,'4006213902','2023-11-23','2023-11-23',86586.06,7871.46,4,'2023-11-23 18:21:27',168),(208,1,0,52,'4104057399','2023-11-23','2023-11-23',6478.95,0.00,2,'2023-11-25 07:10:36',170),(209,1,158,0,'4006214722','2023-11-27','2023-11-27',444508.02,40409.82,4,'2023-11-27 17:12:35',169),(210,1,159,0,'4006214672','2023-11-27','2023-12-25',51840.00,8640.00,3,'2023-11-29 16:32:17',183),(211,1,160,0,'4006217936','2023-12-04','2023-12-04',57724.04,5247.64,3,'2023-12-04 17:52:29',173),(212,1,161,0,'4006215279','2023-11-29','2023-12-25',0.00,0.00,3,'2023-12-05 10:43:16',183),(213,1,162,0,'4006218854','2023-12-05','2023-12-05',445858.38,40532.58,3,'2023-12-05 17:50:46',174),(214,1,163,0,'4006219182','2023-12-07','2023-12-07',57724.04,5247.64,2,'2023-12-15 10:49:07',175),(215,1,164,0,'4006219794','2023-12-11','2023-12-11',444508.02,40409.82,3,'2023-12-11 12:58:58',177),(216,1,165,0,'4006219810','2023-12-11','2023-12-11',57724.04,5247.64,2,'2023-12-11 20:47:42',176),(217,1,166,0,'4006220631','2023-12-14','2023-12-14',176459.58,16041.78,4,'2023-12-14 16:42:48',178),(218,1,167,0,'4006221716','2023-12-19','2023-12-19',84546.00,7686.00,3,'2023-12-19 15:55:08',179),(219,1,168,0,'4006222263','2023-12-20','2023-12-20',427682.97,38880.27,3,'2023-12-20 17:57:08',182),(220,12,0,53,'2309081','2023-09-30','2023-11-30',133415.00,12128.63,2,'2023-12-21 08:53:53',180),(221,11,0,54,'23100006','2023-10-11','2023-12-11',270441.00,24585.55,2,'2023-12-21 08:54:54',181),(222,1,169,0,'4006223049','2023-12-25','2023-12-25',18468.00,3078.00,3,'2023-12-26 11:33:38',183),(223,1,170,0,'4006223370','2023-12-26','2023-12-26',56364.00,5124.00,3,'2023-12-26 16:16:31',184),(224,1,171,0,'4006225518','2023-12-29','2023-12-29',129600.90,11781.90,3,'2023-12-29 11:21:42',186),(225,1,172,0,'4006226768','2024-01-02','2024-01-02',429483.01,39043.91,2,'2024-01-02 15:40:16',185),(226,1,173,0,'4006227039','2024-01-02','2024-01-02',42273.00,3843.00,3,'2024-01-03 16:02:45',187),(227,1,174,0,'4006229193','2024-01-05','2024-01-05',42273.00,3843.00,3,'2024-01-06 15:10:37',188),(228,2,0,55,'747003142251','2023-12-13','2024-01-04',1648.03,206.60,2,'2024-01-07 16:18:33',189),(229,2,0,56,'747003142249','2023-12-13','2024-01-04',5613.77,688.01,2,'2024-01-07 16:19:27',190),(230,10,0,57,'FA0291','2023-12-31','2023-12-31',650.00,108.33,2,'2024-01-09 13:43:22',191),(231,1,175,0,'4006230287','2024-01-09','2024-01-09',425700.99,38700.09,2,'2024-01-19 11:21:33',192),(232,1,176,0,'4006230253','2024-01-09','2024-01-09',70154.70,6377.70,2,'2024-01-19 11:25:14',193),(233,1,177,0,'40062316444','2024-01-16','2024-01-16',417602.02,37963.82,3,'2024-01-16 16:29:18',194),(234,1,178,0,'4004232710','2024-01-18','2024-01-22',84185.64,7653.24,2,'2024-01-19 18:56:32',195),(235,1,179,0,'4006233681','2024-01-24','2024-01-24',415801.98,37800.18,4,'2024-01-24 11:26:18',196),(236,1,180,0,'4006233745','2024-01-24','2024-02-25',105426.00,17571.00,4,'2024-01-26 10:35:29',207),(237,1,181,0,'4006234033','2024-01-25','2024-01-25',42092.82,3826.62,3,'2024-01-26 16:44:43',197),(238,1,182,0,'4006233748','2024-01-24','2024-02-25',0.00,0.00,3,'2024-01-26 17:03:14',207),(239,1,183,0,'4006235158','2024-01-30','2024-01-30',417152.01,37922.91,3,'2024-01-30 12:05:47',198),(240,1,184,0,'4006235098','2024-01-29','2024-01-29',56123.76,5102.16,3,'2024-01-31 14:49:04',199),(241,1,185,0,'4006235604','2024-01-31','2024-02-25',11949.90,1991.65,3,'2024-02-02 18:36:15',207),(242,1,186,0,'4006237918','2024-02-07','2024-02-07',352801.68,32072.88,4,'2024-02-07 15:48:34',201),(243,1,187,0,'4006237919','2024-02-07','2024-02-07',70154.70,6377.70,4,'2024-02-07 15:51:00',200),(244,1,0,58,'4104064221','2024-01-16','2024-02-25',303.77,50.63,2,'2024-02-12 10:01:04',207),(245,1,0,59,'4104063923','2024-01-16','2024-02-25',305.32,50.89,2,'2024-02-12 10:02:13',207),(246,1,0,60,'4104062956','2023-12-28','2023-12-28',312.59,52.10,2,'2024-02-12 10:03:44',202),(247,1,0,61,'4104062656','2023-12-28','2023-12-28',350.23,58.37,2,'2024-02-12 10:05:10',202),(248,1,0,62,'4104062355','2023-12-28','2023-12-28',350.23,58.37,2,'2024-02-12 10:06:43',202),(249,1,0,63,'4104062053','2023-12-28','2023-12-28',354.74,59.12,2,'2024-02-12 10:07:36',202),(250,1,0,64,'4104061754','2023-12-27','2023-12-27',303.06,50.51,2,'2024-02-12 10:08:37',202),(251,1,0,65,'4104061453','2023-12-27','2023-12-27',275.42,45.90,2,'2024-02-12 10:18:51',202),(252,1,0,66,'4104061158','2023-12-27','2023-12-27',380.94,63.49,2,'2024-02-12 10:10:27',202),(253,1,188,0,'4006239033','2024-02-13','2024-02-13',417152.01,37922.91,3,'2024-02-13 12:47:07',203),(254,1,189,0,'4006238939','2024-02-13','2024-02-13',56123.76,5102.16,3,'2024-02-13 18:08:02',204),(255,1,190,0,'4006240342','2024-02-19','2024-02-19',56123.76,5102.16,3,'2024-02-19 15:13:38',205),(256,1,191,0,'4006240677','2024-02-20','2024-02-20',415801.98,37800.18,3,'2024-02-20 13:20:47',206),(257,1,192,0,'4006240542','2024-02-19','2024-02-25',8640.00,1440.00,3,'2024-02-20 16:10:16',207),(258,1,193,0,'4006240547','2024-02-19','2024-02-25',0.00,0.00,3,'2024-02-20 16:12:30',207),(259,1,194,0,'4006241505','2024-02-22','2024-02-22',56123.76,5102.16,4,'2024-02-22 17:05:54',208),(260,1,195,0,'4006241785','2024-02-22','2024-03-25',4492.80,748.80,3,'2024-02-27 10:07:59',224),(261,1,196,0,'4006241768','2024-02-22','2024-03-25',213840.00,35640.00,3,'2024-02-27 10:17:48',223),(262,1,197,0,'4006241782','2024-02-22','2024-03-25',0.00,0.00,3,'2024-02-27 10:40:01',207),(263,1,198,0,'4006242411','2024-02-26','2024-02-26',252001.20,22909.20,3,'2024-02-27 17:47:07',210),(264,1,199,0,'4006242410','2024-02-26','2024-02-26',165150.81,15013.71,3,'2024-02-27 17:48:42',210),(265,1,200,0,'4006243280','2024-02-29','2024-02-29',70154.70,6377.70,3,'2024-02-29 15:24:13',210),(266,2,0,67,'710003857580','2024-01-15','2024-02-06',5375.03,659.05,2,'2024-03-01 09:44:14',209),(267,2,0,68,'708003929693','2024-02-13','2024-03-06',4628.08,637.59,2,'2024-03-01 09:38:32',209),(268,2,0,69,'710003857582','2024-01-15','2024-02-06',1951.99,244.04,2,'2024-03-01 09:41:43',209),(269,2,0,70,'708003929695','2024-02-13','2024-03-06',1414.96,197.57,2,'2024-03-01 09:42:40',209),(270,1,201,0,'4006245441','2024-03-05','2024-03-05',417152.01,37922.91,4,'2024-03-05 15:39:14',212),(271,1,202,0,'4006245364','2024-03-05','2024-03-05',56123.76,5102.16,2,'2024-04-01 10:31:09',211),(272,6,0,71,'2024010147','2024-01-27','2024-01-27',4164.73,0.00,2,'2024-03-07 08:06:43',213),(273,1,203,0,'4006246139','2024-03-08','2024-03-08',56123.76,5102.16,3,'2024-03-08 19:34:34',214),(274,1,204,0,'4006246755','2024-03-11','2024-03-11',415801.98,37800.18,3,'2024-03-11 17:12:38',215),(275,1,205,0,'4006247319','2024-03-14','2024-03-14',56123.76,5102.16,4,'2024-03-14 15:11:51',216),(276,1,0,72,'4104065587','2024-02-21','2024-06-25',8028.18,1338.03,2,'2024-03-16 11:00:24',261),(288,1,215,0,'4006254414','2024-04-09','2024-04-09',57923.80,5265.80,3,'2024-04-09 12:02:53',229),(277,1,206,0,'4006247879','2024-03-18','2024-03-18',417152.01,37922.91,3,'2024-03-18 12:00:58',217),(278,1,207,0,'4006248932','2024-03-21','2024-03-21',56123.76,5102.16,4,'2024-03-21 14:46:22',218),(279,1,208,0,'4006249858','2024-03-26','2024-03-26',42092.82,3826.62,3,'2024-03-26 15:06:26',220),(280,1,209,0,'4006249990','2024-03-26','2024-03-26',415801.98,37800.18,3,'2024-03-26 15:58:09',219),(281,2,0,73,'190014331479','2024-03-13','2024-04-04',1545.38,215.06,2,'2024-03-27 22:21:12',221),(282,2,0,74,'190014331477','2024-03-13','2024-04-04',3725.70,512.30,2,'2024-03-27 22:26:45',222),(283,1,210,0,'4006251714','2024-04-01','2024-04-01',417152.01,37922.91,3,'2024-04-01 13:41:17',225),(284,1,211,0,'4006250945','2024-04-01','2024-04-01',56123.76,5102.16,3,'2024-04-01 15:03:23',226),(285,1,212,0,'4006250419','2024-03-28','2024-04-25',95460.00,15910.00,3,'2024-04-05 11:25:46',237),(286,1,213,0,'4006250420','2024-03-28','2024-04-25',0.00,0.00,3,'2024-04-05 11:30:15',237),(287,1,214,0,'4006254157','2024-04-08','2024-04-08',415801.98,37800.18,3,'2024-04-08 12:35:26',227),(289,1,216,0,'4006254415','2024-04-09','2024-04-09',57923.80,5265.80,3,'2024-04-09 12:04:42',231),(290,1,217,0,'4006255172','2024-04-15','2024-04-15',252001.20,22909.20,4,'2024-04-15 15:11:24',230),(291,1,218,0,'4006255174','2024-04-15','2024-04-15',165150.81,15013.71,4,'2024-04-15 15:13:22',228),(292,1,219,0,'4006255204','2024-04-15','2024-05-25',6840.00,1140.00,3,'2024-04-17 15:53:03',254),(293,1,220,0,'4006255206','2024-04-15','2024-05-25',0.00,0.00,3,'2024-04-17 16:02:16',237),(294,1,221,0,'4006255666','2024-04-17','2024-04-17',86885.70,7898.70,3,'2024-04-17 17:02:43',232),(295,1,222,0,'4006256516','2024-04-19','2024-04-19',43862.94,3987.54,3,'2024-04-19 15:06:42',233),(296,1,223,0,'4006256944','2024-04-22','2024-04-22',418470.03,38042.73,3,'2024-04-22 11:00:46',236),(297,2,0,75,'210014327341','2024-04-15','2024-05-07',4319.73,595.06,2,'2024-04-22 12:25:05',235),(298,2,0,76,'210014327343','2024-04-15','2024-05-07',1884.69,262.65,2,'2024-04-22 12:26:18',234),(299,1,224,0,'4006256101','2024-04-18','2024-05-25',275481.60,45913.60,3,'2024-04-22 16:20:50',254),(300,1,225,0,'4006256105','2024-04-18','2024-05-25',0.00,0.00,3,'2024-04-22 16:22:08',237),(301,1,0,77,'4104066332','2024-03-15','2024-04-30',363.47,60.58,2,'2024-04-25 08:37:04',237),(302,1,226,0,'4006257789','2024-04-25','2024-04-25',43862.94,3987.54,4,'2024-04-25 16:02:34',238),(303,1,227,0,'4006258540','2024-04-29','2024-04-29',417119.67,37919.97,3,'2024-04-29 11:48:22',239),(304,8,0,78,'95/2024','2024-04-17','2024-04-17',1440.00,240.00,2,'2024-05-02 13:55:51',240),(305,1,0,79,'2304183596','2024-04-30','2024-05-31',369.95,61.66,2,'2024-05-03 11:35:10',254),(306,1,0,80,'4104067975','2024-04-30','2024-05-31',266.68,44.45,2,'2024-05-03 11:35:52',254),(307,1,228,0,'4006261088','2024-05-03','2024-05-06',58483.92,5316.72,4,'2024-05-03 15:46:32',241),(308,1,229,0,'4006262068','2024-05-06','2024-05-06',410219.04,37292.64,3,'2024-05-06 18:40:14',242),(309,1,230,0,'4006262420','2024-05-08','2024-05-08',58483.92,5316.72,4,'2024-05-08 16:13:13',243),(310,1,231,0,'4006262704','2024-05-09','2024-05-09',43862.94,3987.54,4,'2024-05-10 08:39:22',244),(311,1,232,0,'4006263535','2024-05-13','2024-05-13',410219.04,37292.64,2,'2024-05-28 16:55:18',245),(312,1,233,0,'4006263704','2024-05-14','2024-05-14',58483.92,5316.72,2,'2024-05-28 16:58:00',246),(313,1,234,0,'4006260100','2024-04-30','2024-06-25',57600.00,9600.00,2,'2024-05-17 17:31:39',261),(314,1,235,0,'4006260101','2024-04-30','2024-06-25',0.00,0.00,2,'2024-05-17 17:34:05',254),(315,1,236,0,'4006260061','2024-04-30','2024-06-25',146799.00,24466.50,2,'2024-05-17 17:35:30',261),(316,1,237,0,'4006260062','2024-04-30','2024-06-25',0.00,0.00,2,'2024-05-17 19:17:58',254),(317,1,238,0,'4006265866','2024-05-21','2024-05-21',395670.00,35970.00,4,'2024-05-21 11:07:01',247),(318,1,239,0,'4006266080','2024-05-22','2024-05-22',42663.06,3878.46,3,'2024-05-22 14:03:10',250),(319,1,240,0,'4006266081','2024-05-22','2024-05-22',42663.06,3878.46,3,'2024-05-22 15:10:03',251),(320,2,0,81,'320013985020','2024-05-14','2024-06-05',2002.29,278.96,2,'2024-05-22 14:36:43',248),(321,2,0,82,'320013985018','2024-05-14','2024-06-05',5019.29,691.55,2,'2024-05-22 14:38:55',249),(322,1,241,0,'4006267039','2024-05-24','2024-05-24',397920.05,36174.55,3,'2024-05-24 17:31:40',252),(323,1,242,0,'4006267588','2024-05-28','2024-05-28',56884.08,5171.28,4,'2024-05-28 16:50:16',253),(324,1,243,0,'4006267803','2024-05-28','2024-06-25',36000.00,6000.00,4,'2024-06-01 16:39:04',261),(325,1,244,0,'4006267805','2024-05-28','2024-05-28',0.00,0.00,4,'2024-06-01 16:41:19',255),(326,1,245,0,'4006267804','2024-05-28','2024-05-28',0.00,0.00,4,'2024-06-01 16:43:26',255),(327,1,246,0,'4006270108','2024-06-04','2024-06-04',397020.03,36092.73,3,'2024-06-04 11:00:13',255),(328,1,247,0,'4006270053','2024-06-04','2024-06-04',56884.08,5171.28,4,'2024-06-04 16:10:38',255),(329,1,248,0,'4006271112','2024-06-07','2024-06-07',405944.11,36904.01,3,'2024-06-07 11:23:55',256),(330,1,249,0,'4006272186','2024-06-12','2024-06-12',409056.12,37186.92,3,'2024-06-12 12:39:14',257),(331,1,250,0,'4006273551','2024-06-20','2024-06-20',405455.16,36859.56,4,'2024-06-20 12:10:28',258),(332,13,0,83,'0224036710','2024-06-11','2024-06-11',1137.00,189.50,2,'2024-06-21 12:19:56',260),(333,8,0,84,'145/2024','2024-06-05','2024-06-05',4320.00,720.00,2,'2024-06-21 12:20:57',259),(334,1,251,0,'4006274227','2024-06-24','2024-08-26',276804.00,46134.00,4,'2024-06-26 13:01:29',283),(335,1,252,0,'4006274226','2024-06-24','2024-07-25',0.00,0.00,4,'2024-06-26 13:04:38',269),(336,1,253,0,'4006274855','2024-06-26','2024-06-26',404104.80,36736.80,2,'2024-07-03 08:54:18',262),(337,14,0,85,'003/06','2024-06-27','2024-06-27',35000.00,5833.33,2,'2024-07-01 11:09:43',263),(338,1,254,0,'4006277319','2024-07-02','2024-07-02',400993.12,36453.92,3,'2024-07-02 12:10:14',264),(339,15,0,86,'06072024-8-9265','2024-07-06','2024-07-06',843.82,82.01,2,'2024-07-08 10:21:39',265),(340,2,0,87,'708004176233','2024-06-13','2024-07-05',1392.57,194.67,2,'2024-07-09 12:21:45',266),(341,2,0,88,'708004176231','2024-06-13','2024-07-05',4906.26,675.96,2,'2024-07-09 12:23:03',267),(342,1,255,0,'4006279659','2024-07-09','2024-07-09',411202.88,37382.08,3,'2024-07-10 10:51:43',268),(343,1,256,0,'4006280492','2024-07-15','2024-07-15',413713.96,37610.36,3,'2024-07-15 11:19:57',271),(344,16,0,89,'FC500-2024','2024-07-15','2024-07-15',3090.00,515.00,2,'2024-07-16 13:13:09',272),(345,1,257,0,'4006281408','2024-07-18','2024-07-18',411202.88,37382.08,4,'2024-07-18 12:39:34',273),(346,1,258,0,'4006282642','2024-07-24','2024-07-24',411202.88,37382.08,4,'2024-07-24 16:51:05',274),(347,1,0,90,'4104070087','2024-06-13','2024-08-26',396.10,66.02,2,'2024-07-29 06:58:29',283),(348,5,0,91,'02/2024','2024-07-16','2024-07-16',8500.00,1000.00,2,'2024-07-29 09:15:00',275),(349,5,0,92,'13/2023','2023-12-31','2023-12-31',11520.00,1920.00,2,'2024-07-29 09:17:06',275),(350,18,0,93,'P153/23','2023-11-30','2023-11-30',12000.00,2000.00,2,'2024-07-29 09:22:18',276),(351,1,259,0,'4006284355','2024-07-31','2024-07-31',419446.72,38131.52,4,'2024-08-01 14:46:21',277),(352,1,260,0,'4006287268','2024-08-05','2024-08-05',391709.67,35609.97,4,'2024-08-05 12:15:14',278),(353,1,261,0,'4006288223','2024-08-09','2024-08-09',405725.76,36884.16,4,'2024-08-09 15:26:59',279),(354,2,0,94,'745003720149','2024-07-12','2024-08-03',4906.26,675.96,2,'2024-08-11 12:48:59',280),(355,2,0,95,'745003720151','2024-07-12','2024-08-03',1942.79,270.66,2,'2024-08-11 12:49:57',281),(356,1,262,0,'4006289369','2024-08-14','2024-08-14',404064.76,36733.16,3,'2024-08-14 12:08:10',282),(357,1,263,0,'4006285898','2024-07-31','2024-08-25',12096.00,2016.00,3,'2024-08-15 11:33:14',283),(358,6,0,96,'2024060053','2024-06-28','2024-06-28',1057.70,0.00,2,'2024-08-19 12:38:21',284),(359,1,264,0,'4006290511','2024-08-20','2024-08-20',400153.71,36377.61,4,'2024-08-20 10:39:40',285),(360,1,265,0,'4006291168','0024-08-22','0024-08-22',399842.74,36349.34,3,'2024-08-23 17:53:47',286),(361,1,266,0,'4006292959','2024-08-30','2024-08-30',403614.75,36692.25,3,'2024-08-30 11:37:04',287),(362,1,267,0,'4006295776','2024-09-04','2024-09-04',391665.56,35605.96,4,'2024-09-04 12:35:21',288),(363,2,0,97,'270014392591','2024-08-13','2024-09-04',2421.55,336.42,2,'2024-09-06 08:20:45',290),(364,2,0,98,'270014392589','2024-08-13','2024-09-04',4399.64,605.86,2,'2024-09-06 08:21:42',289),(365,2,0,99,'270014392590','2024-08-13','2024-09-04',482.82,67.36,2,'2024-09-06 08:22:25',293),(366,1,268,0,'4006297511','2024-09-12','2024-09-12',394986.57,35907.87,3,'2024-09-12 11:44:21',291),(367,2,0,100,'470013101717','2024-10-04','2024-10-04',555.58,92.59,5,'2024-09-17 09:21:55',292),(368,1,269,0,'4006298619','2024-09-18','2024-09-18',384565.72,34960.52,3,'2024-09-18 11:37:33',294),(369,1,270,0,'4006298718','2024-09-18','2024-09-30',242820.00,40470.00,3,'2024-09-20 09:34:32',296),(370,1,271,0,'4006298716','2024-09-18','2024-09-30',0.00,0.00,3,'2024-09-20 09:45:59',296),(371,1,272,0,'4006299659','2024-09-23','2024-09-23',386365.76,35124.16,4,'2024-09-23 15:06:27',295),(372,1,0,101,'4104073199','2024-08-27','2024-08-27',400.76,66.79,2,'2024-09-30 12:57:26',296),(373,1,0,102,'4104073715','2024-08-31','2024-08-31',2355.00,214.09,2,'2024-09-30 12:59:25',296),(374,1,0,103,'4104074166','2024-08-31','2024-08-31',383.29,63.88,2,'2024-09-30 13:00:59',296),(375,1,0,104,'4104074459','2024-08-31','2024-08-31',516.47,86.08,2,'2024-09-30 13:02:34',296),(376,1,0,105,'4104075065','2024-09-18','2024-09-18',562.15,93.69,2,'2024-09-30 13:03:44',296),(377,1,273,0,'4006301219','2024-09-30','2024-09-30',384565.72,34960.52,4,'2024-10-01 16:07:46',297),(378,2,0,106,'470013101716','2024-09-12','2024-10-04',5000.35,688.94,2,'2024-10-03 13:49:35',298),(379,10,0,107,'FA0002102024','2024-10-02','2024-10-02',454.00,75.67,2,'2024-10-07 09:53:56',299),(380,1,274,0,'4006304698','2024-10-08','2024-10-08',376013.99,34183.09,3,'2024-10-09 10:41:02',301),(381,2,0,108,'470013101718','2024-09-12','2024-10-04',3001.01,416.82,2,'2024-10-09 10:58:04',300),(382,1,275,0,'4006305246','2024-10-10','2024-10-10',374663.63,34060.33,3,'2024-10-10 11:43:00',302),(383,16,0,109,'FC553-2024','2024-10-14','2024-10-14',2300.00,383.33,2,'2024-10-15 15:39:19',303),(384,1,276,0,'4006306785','2024-10-16','2024-10-16',374143.00,34013.00,3,'2024-10-16 12:46:07',304),(385,1,0,110,'4104076091','2024-10-17','2024-11-30',506.08,84.35,2,'2024-10-18 09:22:16',307),(386,1,277,0,'4006307906','2024-10-22','2024-10-22',374143.00,34013.00,3,'2024-10-22 11:32:00',305),(387,1,278,0,'4006309911','2024-10-28','2024-10-28',374663.63,34060.33,3,'2024-10-29 10:02:22',306),(389,1,280,0,'4006311410','2024-11-04','2024-11-04',77645.70,7058.70,4,'2024-11-04 15:47:59',309),(388,1,279,0,'4006310826','2024-10-31','2024-11-05',367109.16,33373.56,5,'2024-11-02 09:29:25',308),(390,16,0,111,'fc579-2024','2024-11-05','2024-11-05',350.00,58.33,2,'2024-11-08 09:47:15',310),(391,1,281,0,'4006313902','2024-11-08','2024-11-08',369064.19,33551.29,4,'2024-11-08 16:48:18',311),(392,1,282,0,'4006315509','2024-11-16','2024-11-16',358709.34,32609.94,4,'2024-11-16 18:54:10',312),(393,1,283,0,'4006315641','2024-11-18','2024-11-18',38822.85,3529.35,4,'2024-11-19 12:49:34',313),(394,1,284,0,'4006315888','2024-11-19','2024-11-19',368914.70,33537.70,4,'2024-11-19 14:48:20',314),(395,19,0,112,' ','2024-11-22','2024-11-22',3491.89,0.00,2,'2024-11-22 11:28:20',315),(396,19,0,113,' ','2024-11-22','2024-11-22',1445.68,0.00,2,'2024-11-22 11:28:42',315),(397,19,0,114,' ','2024-11-22','2024-11-22',339.98,0.00,2,'2024-11-22 11:28:58',315),(398,1,285,0,'4006317145','2024-11-25','2024-11-25',367564.34,33414.94,3,'2024-11-25 14:24:20',317),(399,1,286,0,'4006320500','2024-12-02','2024-12-02',369364.82,33578.62,4,'2024-12-02 14:19:36',318),(400,1,287,0,'4006320438','2024-11-30','2024-11-30',32916.00,5486.00,3,'2024-12-04 16:27:28',319),(401,1,288,0,'4006320441','2024-11-30','2024-11-30',0.00,0.00,3,'2024-12-04 16:35:42',319),(402,1,289,0,'4006320445','2024-11-30','2024-11-30',0.00,0.00,3,'2024-12-04 16:41:39',319),(403,1,290,0,'4006322395','2024-12-06','2024-12-06',365308.68,33209.88,3,'2024-12-06 15:20:18',320),(404,1,291,0,'4006323323','2024-12-11','2024-12-11',63704.85,5791.35,3,'2024-12-11 18:17:07',321),(405,1,292,0,'4006323659','2024-12-12','2024-12-12',366659.04,33332.64,3,'2024-12-13 10:24:23',322),(406,1,293,0,'4006324610','2024-12-17','2024-12-17',369864.77,33624.07,3,'2024-12-18 09:28:07',323),(407,1,294,0,'4006325849','2024-12-24','2024-12-24',369414.65,33583.15,3,'2024-12-24 11:44:03',324),(408,1,295,0,'4006327210','2024-12-30','2024-12-30',368064.29,33460.39,4,'2024-12-30 11:27:56',325),(409,20,0,115,'2412050','2024-12-27','2024-12-27',77923.82,7083.98,2,'2025-01-03 18:37:01',326),(410,1,0,116,'4104080599','2024-12-31','2025-01-31',6490.42,0.00,2,'2025-01-28 07:36:42',336),(411,1,0,117,'4104078528','2024-12-26','2025-01-31',557.86,92.98,2,'2025-01-04 09:15:46',336),(412,1,296,0,'4006331141','2025-01-06','2025-01-06',369414.65,33583.15,3,'2025-01-06 12:46:17',327),(413,8,0,118,'355/2024','2024-12-31','2024-12-31',4320.00,720.00,2,'2025-01-10 11:21:31',328),(414,1,297,0,'4006332242','2025-01-10','2025-01-10',368064.29,33460.39,3,'2025-01-11 12:18:41',329),(415,1,298,0,'4006333068','2025-01-14','2025-01-14',369864.77,33624.07,3,'2025-01-15 10:55:24',330),(416,1,299,0,'4006334617','2025-01-21','2025-01-21',364322.31,33120.21,3,'2025-01-21 15:37:36',331),(417,1,300,0,'4006335349','2025-01-24','2025-01-24',77645.70,7058.70,3,'2025-01-24 15:32:50',332),(418,1,301,0,'4006336828','2025-01-27','2025-01-27',367109.16,33373.56,3,'2025-01-28 08:53:34',333),(419,1,302,0,'4006337885','2025-01-30','2025-02-04',370921.65,33720.15,3,'2025-01-31 15:48:16',335),(420,1,0,119,'2501051','2025-01-28','2025-01-28',50000.00,4545.45,2,'2025-02-03 11:01:08',334),(421,1,303,0,'4006340452','2025-02-06','2025-02-10',383224.16,34838.56,3,'2025-02-06 15:36:08',337),(422,1,0,120,'4104081301','2025-01-31','2025-02-28',622.52,103.75,2,'2025-02-08 22:17:41',336),(423,1,0,121,'4104078846','2024-12-30','2025-01-31',15986.40,2664.40,2,'2025-02-08 22:22:19',336),(424,22,0,122,'FA2500004','2025-02-03','2025-02-03',2292.00,382.00,2,'2025-02-11 08:36:11',338),(425,1,304,0,'4006341454','2025-02-11','2025-02-11',379652.68,34513.88,5,'2025-02-12 08:27:44',339),(426,1,305,0,'4006339559','2025-01-31','2025-03-02',123367.20,20561.20,2,'2025-02-12 18:20:04',336),(427,1,306,0,'4006339560','2025-01-31','2025-03-02',0.00,0.00,2,'2025-02-12 18:46:19',336),(428,1,307,0,'4006339588','2025-01-31','2025-03-02',39168.00,6528.00,2,'2025-02-12 18:58:01',336),(429,1,308,0,'4006339589','2025-01-31','2025-03-02',0.00,0.00,2,'2025-02-12 19:02:14',336),(430,19,0,123,'-','2025-02-17','2025-02-17',38.29,0.00,2,'2025-02-17 11:41:31',340),(431,19,0,124,'-','2025-02-17','2025-02-17',1801.04,0.00,2,'2025-02-17 11:42:08',342),(432,19,0,125,'-','2025-02-17','2025-02-17',1365.28,0.00,2,'2025-02-17 11:42:28',341),(433,1,309,0,'4006342860','2025-02-17','2025-02-17',383224.16,34838.56,5,'2025-02-17 12:56:45',343),(434,1,310,0,'4006344530','2025-02-21','2025-02-21',377525.61,34320.51,5,'2025-02-21 16:46:03',344),(435,10,0,126,'FA0019122024','2024-12-31','2025-02-24',167.00,21.17,5,'2025-02-24 15:48:31',345),(436,16,0,127,'FC657-2025','2025-02-25','2025-02-25',270.00,45.00,5,'2025-02-25 11:56:22',346),(437,23,0,128,'FA2501023','2025-02-25','2025-02-25',13700.00,2283.33,5,'2025-02-25 19:23:52',347),(438,1,311,0,'4006345601','2025-02-26','2025-02-26',368611.98,33510.18,5,'2025-02-26 17:40:01',348),(439,1,312,0,'4006345568','2025-02-26','2025-02-27',52243.84,4749.44,5,'2025-02-26 17:42:42',350),(440,21,0,129,'2502086','2025-02-26','2025-02-26',60000.00,5454.55,5,'2025-02-26 18:34:44',349),(441,1,0,130,'4104082101','2025-02-26','2025-03-31',480.62,80.10,2,'2025-02-27 08:36:01',336),(446,1,314,0,'4006344346','2025-02-20','2025-02-20',0.00,0.00,3,'2025-03-01 09:44:03',336),(445,1,313,0,'4006344345','2025-02-20','2025-02-20',3240.00,540.00,3,'2025-03-01 09:42:26',336),(447,1,315,0,'4006348869','2025-03-05','2025-03-06',370412.02,33673.82,5,'2025-03-05 15:53:27',351),(448,1,316,0,'4006349315','2025-03-08','2025-03-08',122870.66,11170.06,3,'2025-03-08 10:38:21',352),(449,1,317,0,'4006349712','2025-03-10','2025-03-10',381848.28,34713.48,3,'2025-03-11 11:20:46',353),(450,1,318,0,'4006350188','2025-03-13','2025-03-13',39182.88,3562.08,3,'2025-03-13 13:43:30',354),(451,1,319,0,'4006351068','2025-03-18','2025-03-18',361174.33,32834.03,5,'2025-03-18 12:41:59',355),(452,1,320,0,'4006351635','2025-03-21','2025-03-25',362264.87,32933.17,5,'2025-03-21 14:02:23',356),(453,21,0,134,'2501133','2025-01-31','2025-03-25',31800.00,2890.91,2,'2025-03-25 15:34:48',357),(454,20,0,135,'2502071','2025-02-28','2025-03-25',60000.00,5454.55,2,'2025-03-25 15:36:32',358),(455,1,321,0,'4006353601','2025-03-26','2025-03-27',362785.72,32980.52,2,'2025-03-27 11:13:44',359),(456,1,322,0,'4006355528','2025-04-01','2025-04-01',364135.75,33103.25,5,'2025-04-02 16:16:09',361),(457,21,0,136,'2502113','2025-02-28','2025-04-09',65580.00,5961.82,2,'2025-04-04 11:22:01',362),(458,21,0,137,'2502114','2025-02-28','2025-04-09',153020.00,13910.91,2,'2025-04-04 11:22:48',364),(459,1,323,0,'4006357150','2025-04-04','2025-04-04',359554.58,32686.78,3,'2025-04-04 14:46:28',365),(460,1,324,0,'4006355330','2025-03-30','2025-05-30',165380.40,27563.40,9,'2025-04-10 09:54:02',384),(461,1,325,0,'4006355331','2025-03-30','2025-05-30',0.00,0.00,9,'2025-04-10 10:42:56',384),(462,1,326,0,'4006358470','2025-04-11','2025-04-11',356193.31,32381.21,2,'2025-04-11 12:16:34',366),(464,1,328,0,'4006358387','2025-04-10','2025-05-31',0.00,0.00,9,'2025-04-14 11:45:09',384),(463,1,327,0,'4006358379','2025-04-10','2025-05-31',8049.60,1341.60,9,'2025-04-14 11:43:21',385),(468,4,0,138,'-','2025-04-17','2025-04-17',4500.00,0.00,2,'2025-04-17 15:29:47',367),(467,1,331,0,'4006359440','2025-04-16','2025-04-16',360004.70,32727.70,9,'2025-04-16 16:32:20',368),(470,24,0,139,'FA2025/18','2025-04-22','2025-04-22',22300.00,3716.67,2,'2025-04-23 06:36:18',369),(469,1,332,0,'4006360450','2025-04-21','2025-04-21',351104.16,31918.56,9,'2025-04-21 15:49:16',371),(471,21,0,140,'2502134','2025-02-28','2025-02-28',43720.00,3974.55,2,'2025-04-23 12:33:29',370),(472,16,0,141,'FC657-2025','2025-02-24','2025-02-24',270.00,45.00,2,'2025-04-25 08:47:46',372),(474,1,334,0,'4006361537','2025-04-25','2025-04-25',349754.13,31795.83,2,'2025-04-30 11:36:44',374),(475,1,335,0,'4006363911','2025-04-30','2025-04-30',353155.11,32105.01,9,'2025-04-30 12:37:34',375),(476,1,336,0,'4006366160','2025-05-06','2025-05-01',344504.82,31318.62,9,'2025-05-06 12:52:31',376),(478,1,338,0,'4006355415','2025-03-31','2025-05-30',0.00,0.00,1,'2025-05-07 14:52:00',384),(479,1,339,0,'4006366879','2025-05-09','2025-05-12',346555.77,31505.07,9,'2025-05-09 12:33:13',377),(480,21,0,142,'2503127','2025-03-29','2025-05-12',32430.00,2948.18,9,'2025-05-13 12:37:45',378),(483,1,342,0,'4006367759','2025-05-13','2025-06-30',4812.00,802.00,9,'2025-05-15 10:58:27',406),(484,1,343,0,'4006367760','2025-05-13','2025-06-30',0.00,0.00,9,'2025-05-15 11:07:04',384),(485,1,344,0,'4006368300','2025-05-15','2025-05-15',344504.82,31318.62,9,'2025-05-15 13:04:12',380),(486,21,345,0,'F2505242','2025-05-20','2025-07-20',29010.00,2637.27,2,'2025-05-20 16:46:10',403),(487,1,346,0,'4006369868','2025-05-21','2025-05-22',337083.45,30643.95,9,'2025-05-21 15:30:17',381),(488,1,347,0,'4006369538','2025-05-20','2025-06-30',1919.52,319.92,9,'2025-05-22 10:05:13',406),(489,1,348,0,'4006369541','2025-05-20','2025-06-30',0.00,0.00,9,'2025-05-22 10:19:43',384),(490,1,349,0,'4006370763','2025-05-26','2025-05-26',342495.34,31135.94,9,'2025-05-26 13:40:29',382),(491,1,350,0,'4006372004','2025-05-27','2025-05-27',342495.34,31135.94,9,'2025-05-28 13:53:14',383),(492,1,351,0,'4006374443','2025-06-03','2025-06-03',341145.31,31013.21,9,'2025-06-03 12:27:35',386),(493,1,352,0,'4006373332','2025-05-31','2025-06-30',114000.00,19000.00,9,'2025-06-04 18:15:42',406),(494,21,0,143,'2504070','2025-04-30','2025-06-05',20580.00,1870.91,5,'2025-06-05 11:08:40',387),(495,21,0,144,'2504073','2025-04-30','2025-06-07',29970.00,2724.55,5,'2025-06-05 11:12:55',388),(496,1,353,0,'4006375521','2025-06-06','2025-06-06',347805.70,31618.70,5,'2025-06-06 12:52:35',389),(497,1,354,0,'4006377199','2025-06-13','2025-06-16',344424.74,31311.34,9,'2025-06-13 16:17:37',390),(498,1,0,145,'4104085271','2025-05-21','2025-06-30',478.80,79.80,2,'2025-06-16 16:43:56',406),(499,1,0,146,'4104085920','2025-05-28','2025-06-30',673.20,112.20,2,'2025-06-16 16:44:31',406),(500,1,0,147,'4104085619','2025-05-28','2025-06-30',687.60,114.60,2,'2025-06-16 16:45:07',406),(501,1,355,0,'4006378069','2025-06-18','2025-06-19',346455.67,31495.97,9,'2025-06-18 15:28:49',391),(502,25,0,148,'250646','2025-06-03','2025-06-03',3200.00,533.33,9,'2025-06-19 17:42:31',392),(503,1,356,0,'4006379320','2025-06-24','2025-06-24',341043.78,31003.98,9,'2025-06-24 11:47:27',393),(504,1,357,0,'4006379809','2025-06-24','2025-07-31',106384.80,17730.80,9,'2025-06-25 17:14:25',411),(505,1,358,0,'4006379811','2025-06-24','2025-07-31',0.00,0.00,9,'2025-06-25 17:32:33',411),(506,1,359,0,'4006380649','2025-06-27','2025-06-30',349155.73,31741.43,9,'2025-06-27 12:28:32',396),(507,5,0,149,'0565994','2025-06-30','2025-06-30',11520.00,1920.00,2,'2025-06-30 12:24:38',395),(508,1,360,0,'4006383121','2025-07-03','2025-07-04',341043.78,31003.98,9,'2025-07-03 11:26:48',398),(509,16,0,150,'FC782-2025','2025-07-04','2025-07-04',4110.00,685.00,9,'2025-07-04 17:05:16',397),(510,1,361,0,'4006383776','2025-07-07','2025-07-07',358545.66,32595.06,9,'2025-07-07 12:33:00',399),(511,1,362,0,'4006384595','2025-07-10','2025-07-11',358014.69,32546.79,9,'2025-07-10 11:39:29',400),(512,1,363,0,'4006385664','2025-07-15','2025-07-15',358014.69,32546.79,9,'2025-07-15 12:02:07',401),(513,1,364,0,'4006386393','2025-07-18','2025-07-22',358014.69,32546.79,9,'2025-07-18 12:18:17',402),(514,1,365,0,'4006387636','2025-07-22','2025-07-25',360753.03,32795.73,9,'2025-07-22 12:27:38',405),(515,26,0,151,'2505073','2025-05-21','2025-05-31',101015.35,9183.21,2,'2025-07-24 10:40:16',404),(516,1,0,152,'4104088182','2025-06-30','2025-06-30',631.25,105.21,2,'2025-07-28 10:19:35',406),(517,1,0,153,'4104087543','2025-06-01','2025-06-01',627.60,104.60,2,'2025-07-28 10:21:32',406),(518,1,366,0,'4006388839','2025-07-28','2025-07-28',363774.40,33070.40,9,'2025-07-28 12:32:25',407),(519,9,368,0,'FA25070002','2025-07-30','2025-09-30',160.00,26.67,9,'2025-07-30 09:57:46',432),(520,1,369,0,'4006389781','2025-07-31','2025-07-31',363774.40,33070.40,9,'2025-07-31 16:41:14',408),(521,1,370,0,'4006392121','2025-08-05','2025-08-05',360753.03,32795.73,9,'2025-08-05 13:33:21',409),(522,1,371,0,'4006392809','2025-08-08','2025-08-12',370137.79,33648.89,9,'2025-08-08 12:14:35',410),(523,1,372,0,'4006393336','2025-08-11','2025-08-15',355740.00,32340.00,9,'2025-08-11 10:51:38',413),(524,1,373,0,'4006394351','2025-08-13','2025-10-06',49656.00,8276.00,9,'2025-08-14 14:24:17',431),(525,1,374,0,'4006394352','2025-08-13','2025-10-06',0.00,0.00,9,'2025-08-14 14:33:54',431),(526,1,375,0,'4006394731','2025-08-15','2025-08-18',365895.53,33263.23,9,'2025-08-15 15:22:29',414),(527,1,376,0,'4006395561','2025-08-19','2025-08-25',363774.40,33070.40,9,'2025-08-19 12:31:38',416),(528,21,0,154,'2506072','2025-06-21','2025-08-19',50950.00,4631.82,9,'2025-08-22 12:39:56',415),(529,21,0,155,'2506182','2025-06-30','2025-08-30',29400.00,2672.73,5,'2025-08-23 07:52:00',412),(530,1,377,0,'4006396989','2025-08-25','2025-08-27',363774.40,33070.40,9,'2025-08-25 12:20:45',418),(533,1,380,0,'4006397191','2025-08-25','2025-10-06',33912.00,5652.00,9,'2025-08-26 18:22:39',431),(532,1,379,0,'4006397192','2025-08-25','2025-10-06',0.00,0.00,9,'2025-08-26 18:18:05',431),(534,1,381,0,'4006397815','2025-08-27','2025-09-02',363095.37,33008.67,5,'2025-08-28 15:14:06',419),(535,21,0,156,'2506183','2025-06-30','2025-08-22',30570.00,2779.09,9,'2025-09-02 17:16:11',417),(536,1,382,0,'4006400595','2025-09-02','2025-09-03',353746.25,32158.75,9,'2025-09-03 14:28:00',420),(537,21,0,157,'2507038','2025-07-09','2025-09-09',30870.00,2806.36,9,'2025-09-08 11:32:48',421),(538,1,383,0,'4006401696','2025-09-08','2025-09-09',351775.27,31979.57,9,'2025-09-08 16:33:28',422),(539,1,384,0,'4006402558','2025-09-11','2025-09-12',343891.35,31262.85,9,'2025-09-11 18:11:19',423),(540,1,385,0,'4006402751','2025-09-12','2025-09-12',61755.10,5614.10,9,'2025-09-13 09:20:04',424),(541,1,386,0,'4006403072','2025-08-15','2025-08-15',49404.08,4491.28,9,'2025-09-15 16:47:20',425),(542,1,387,0,'4006403655','2025-09-17','2025-09-17',61755.10,5614.10,9,'2025-09-17 13:57:04',426),(543,1,388,0,'4006403781','2025-09-17','2025-09-17',344791.37,31344.67,9,'2025-09-17 16:26:52',427),(544,9,389,0,'FA25090004','2025-09-22','2025-09-30',119.99,20.00,9,'2025-09-22 17:10:34',432),(545,9,390,0,'FA25090003','2025-09-18','2025-09-30',439.96,73.33,9,'2025-09-22 17:15:37',432),(546,1,391,0,'4006405552','2025-09-23','2025-09-23',343891.35,31262.85,9,'2025-09-23 13:49:54',429),(547,1,392,0,'4006405505','2025-09-23','2025-09-23',49404.08,4491.28,9,'2025-09-23 18:41:50',428),(548,21,394,0,'F2509277','2025-09-24','2025-11-24',30270.00,2751.82,9,'2025-09-24 16:39:51',463),(549,9,395,0,'FA25090005','2025-09-25','2025-11-24',199.98,33.33,9,'2025-09-25 18:40:22',432),(550,1,396,0,'4006405995','2025-09-24','2025-12-31',145579.20,24263.20,9,'2025-09-26 18:27:04',475),(551,1,397,0,'4006406753','2025-09-29','2025-09-29',61755.10,5614.10,9,'2025-09-29 12:36:13',430),(552,1,398,0,'4006406827','2025-09-29','2025-09-29',343891.35,31262.85,9,'2025-09-29 19:05:14',434),(553,9,399,0,'FA25090006','2025-09-29','2025-09-30',79.99,13.33,9,'2025-09-30 09:50:23',432),(554,1,0,158,'4104091768','2025-09-29','2025-09-29',658.94,109.82,2,'2025-09-30 10:03:05',433),(555,1,0,159,'4104091414','2025-09-26','2025-09-26',519.13,86.52,2,'2025-09-30 10:06:28',433),(556,22,0,160,'FA2500056','2025-09-30','2025-09-30',77820.05,11060.92,9,'2025-10-01 08:18:33',435),(557,16,0,161,'FC852-2025','2025-10-02','2025-10-02',3190.00,531.67,9,'2025-10-02 14:42:21',437),(558,1,400,0,'4006407210','2025-09-30','2025-10-31',85104.00,14184.00,9,'2025-10-02 17:35:27',453),(559,1,401,0,'4006407223','2025-09-30','2025-10-31',0.00,0.00,9,'2025-10-02 17:38:16',453),(560,1,402,0,'4006407005','2025-09-29','2025-10-31',0.00,0.00,9,'2025-10-02 17:45:14',453),(563,1,405,0,'4006406936','2025-09-29','2025-12-31',5280.00,880.00,9,'2025-10-02 17:54:37',475),(564,1,406,0,'4006406938','2025-09-29','2025-10-31',0.00,0.00,9,'2025-10-02 17:56:10',453),(565,1,407,0,'4006406940','2025-09-29','2025-12-31',11700.00,1950.00,9,'2025-10-03 10:59:08',475),(566,1,408,0,'4006406949','2025-09-29','2025-10-31',0.00,0.00,9,'2025-10-03 11:00:16',453),(567,1,409,0,'4006406939','2025-09-29','2026-01-31',32580.00,5430.00,9,'2025-10-03 11:01:59',485),(568,1,410,0,'4006406948','2025-09-29','2025-10-31',0.00,0.00,9,'2025-10-03 11:04:32',453),(569,1,411,0,'4006409357','2025-10-03','2025-10-03',61755.10,5614.10,9,'2025-10-04 08:16:16',438),(570,1,412,0,'4006409754','2025-10-06','2025-10-06',343891.35,31262.85,9,'2025-10-06 13:12:45',439),(571,9,413,0,'FA25100001','2025-10-06','2025-10-06',359.96,59.99,9,'2025-10-07 10:36:20',455),(572,1,414,0,'4006410351','2025-10-08','2025-10-08',343891.35,31262.85,9,'2025-10-09 10:03:05',440),(573,1,415,0,'4006410432','2025-10-09','2025-10-09',61755.10,5614.10,9,'2025-10-09 16:22:51',441),(574,9,416,0,'FA25100002','2025-10-10','2025-12-09',319.97,53.33,9,'2025-10-11 09:29:10',455),(575,9,417,0,'FA25100003','2025-10-13','2025-12-12',159.98,26.66,9,'2025-10-14 11:11:26',455),(576,1,418,0,'4006411416','2025-10-14','2025-10-14',49404.08,4491.28,9,'2025-10-14 14:54:11',442),(577,1,419,0,'4006412294','2025-10-15','2025-10-16',343891.35,31262.85,9,'2025-10-15 15:15:57',443),(578,1,420,0,'4006412290','2025-10-15','2025-12-31',223828.80,37304.80,9,'2025-10-16 17:00:36',475),(579,1,421,0,'4006412297','2025-10-15','2025-11-30',0.00,0.00,9,'2025-10-16 17:02:02',453),(580,6,0,162,'2025010078','2025-01-10','2025-05-06',5754.48,959.08,9,'2025-10-17 08:27:02',444),(581,1,422,0,'4006413124','2025-10-20','2025-10-21',49003.68,4454.88,9,'2025-10-20 18:35:37',445),(582,1,423,0,'4006413359','2025-10-21','2025-10-22',341041.69,31003.79,9,'2025-10-21 10:53:35',446),(583,10,0,163,'FA/25-01-0011','2025-01-31','2025-10-23',330.00,55.00,9,'2025-10-23 11:04:20',447),(584,10,0,164,'FA/25-09-0009','2025-09-30','2025-10-23',226.50,37.74,9,'2025-10-23 11:05:16',448),(585,9,424,0,'FA25100004','2025-10-21','2025-12-20',119.99,20.00,9,'2025-10-25 10:22:48',455),(586,1,425,0,'4006414901','2025-10-27','2025-10-27',350446.03,31858.73,9,'2025-10-27 15:24:41',449),(587,1,426,0,'4006415468','2025-10-29','2025-10-30',340591.68,30962.88,9,'2025-10-29 12:33:01',451),(588,21,0,165,'2508089','2025-08-30','2025-10-29',41280.00,3752.73,9,'2025-10-29 13:00:57',450),(589,21,427,0,'F2510337','2025-10-29','2025-12-29',29760.00,2705.45,9,'2025-10-29 14:55:15',473),(590,1,428,0,'4006415445','2025-10-29','2025-10-31',61254.60,5568.60,9,'2025-10-29 15:35:16',452),(591,1,429,0,'4104091663','2025-09-03','2025-09-03',-936.00,-156.00,2,'2025-10-30 10:59:44',453),(592,16,0,166,'FC881-2025','2025-10-31','2025-11-01',320.00,53.33,2,'2025-11-01 09:39:01',454),(593,1,430,0,'4006418369','2025-11-04','2025-11-04',339600.69,30872.79,9,'2025-11-04 17:57:55',457),(594,1,431,0,'4006418440','2025-11-05','2025-11-05',60804.70,5527.70,9,'2025-11-05 16:08:40',456),(595,11,0,167,'F2509056','2025-09-06','2025-11-06',50100.00,4554.54,9,'2025-11-06 15:00:25',458),(596,9,432,0,'FA25110001','2025-11-07','2026-01-31',560.00,93.33,9,'2025-11-08 08:11:59',488),(597,1,433,0,'4006419131','2025-11-08','2025-11-10',339600.69,30872.79,9,'2025-11-08 11:38:43',459),(598,1,434,0,'4006418970','2025-11-07','2025-12-31',0.00,0.00,2,'2025-11-10 08:48:37',475),(599,1,435,0,'4006419957','2025-11-12','2025-11-12',48643.76,4422.16,9,'2025-11-12 14:40:32',460),(600,1,436,0,'4006420204','2025-11-13','2025-11-14',349155.29,31741.39,9,'2025-11-13 12:19:16',461),(601,1,437,0,'4006422237','2025-11-20','2025-11-20',357674.35,32515.85,9,'2025-11-20 13:01:56',462),(602,1,438,0,'4006422892','2025-11-24','2025-11-26',355973.42,32361.22,9,'2025-11-24 17:34:13',464),(603,1,439,0,'4006423390','2025-11-26','2025-11-28',355973.42,32361.22,9,'2025-11-26 12:01:22',465),(604,1,440,0,'4006424651','2025-12-01','2025-12-04',349169.70,31742.70,9,'2025-12-01 15:07:53',466),(605,21,441,0,'F2512007','2025-12-01','2026-02-01',30540.00,2776.36,9,'2025-12-01 17:46:48',484),(606,9,442,0,'FA25120001','2025-12-03','2025-03-03',960.00,160.00,9,'2025-12-03 15:15:42',467),(607,1,443,0,'4006427506','2025-12-05','2025-12-09',357674.35,32515.85,9,'2025-12-06 08:38:11',468),(608,9,444,0,'FA25120002','2025-12-09','2026-03-09',80.00,13.33,9,'2025-12-09 10:35:38',488),(609,1,445,0,'4006428585','2025-12-11','2025-12-11',357674.35,32515.85,9,'2025-12-12 08:17:14',469),(610,1,446,0,'4006429260','2025-12-15','2025-12-16',355973.42,32361.22,9,'2025-12-15 12:44:00',470),(611,1,447,0,'4006430347','2025-12-19','2025-12-22',344423.20,31311.20,9,'2025-12-19 15:13:33',472),(612,8,0,168,'298/2025','2025-12-20','2025-12-22',1800.00,300.00,9,'2025-12-22 08:18:53',471),(614,21,449,0,'F2512310','2025-12-24','2026-02-24',29970.00,2724.55,9,'2025-12-24 13:30:16',499),(615,1,450,0,'4006432141','2025-12-25','2025-12-25',344423.20,31311.20,9,'2025-12-25 12:34:49',474),(616,1,0,169,'4104093001','2025-10-29','2025-10-29',570.48,95.08,2,'2025-12-28 16:16:51',475),(617,1,0,170,'4104093310','2025-10-30','2025-10-30',498.68,83.11,2,'2025-12-28 16:18:01',475),(618,1,0,171,'4104094523','2025-10-31','2025-10-31',6490.42,0.00,2,'2025-12-29 15:35:14',475),(619,1,451,0,'4006433759','2025-12-30','2026-01-01',344423.20,31311.20,9,'2025-12-30 13:05:10',476),(620,1,452,0,'4006435980','2026-01-05','2026-01-08',316499.70,28772.70,9,'2026-01-05 12:36:52',477),(621,1,453,0,'4006436809','2026-01-09','2026-01-12',326004.80,29636.80,9,'2026-01-09 12:03:31',478),(622,1,454,0,'4006437691','2026-01-13','2026-01-16',324103.78,29463.98,9,'2026-01-13 16:48:12',480),(626,1,0,172,'4104098820','2025-12-31','2026-01-31',547.72,91.29,2,'2026-01-19 09:41:55',485),(625,1,457,0,'4006438318','2026-01-16','2026-03-28',43200.00,7200.00,9,'2026-01-17 16:32:00',502),(627,1,0,173,'4104098500','2025-12-31','2026-01-31',442.03,73.67,2,'2026-01-19 09:47:52',485),(628,1,0,174,'4104098189','2025-12-31','2026-01-31',549.35,91.56,2,'2026-01-19 09:51:56',485),(629,1,0,175,'4104097424','2025-12-31','2026-01-31',11935.20,1989.20,2,'2026-01-19 09:54:05',485),(630,1,458,0,'4006438790','2026-01-19','2026-01-21',324103.78,29463.98,9,'2026-01-19 15:37:39',481),(631,1,459,0,'4006439142','2026-01-21','2026-01-23',324103.78,29463.98,2,'2026-01-21 12:54:14',482),(635,21,463,0,'F2601269','2026-01-22','2026-03-22',27900.00,2536.36,9,'2026-01-22 12:09:11',507),(638,1,466,0,'4006439420','2026-01-21','2026-02-28',0.00,0.00,9,'2026-01-23 16:53:16',485),(637,1,465,0,'4006439416','2026-01-21','2026-03-28',32293.20,5382.20,9,'2026-01-23 16:50:50',502),(639,1,467,0,'4006439409','2026-01-21','2026-03-31',38880.00,6480.00,9,'2026-01-23 16:58:36',510),(640,1,468,0,'4006439412','2026-01-21','2026-02-28',0.00,0.00,9,'2026-01-23 17:00:52',485),(641,1,469,0,'4006440166','2026-01-21','2026-03-31',79010.40,13168.40,9,'2026-01-23 17:25:35',510),(642,1,470,0,'4006440167','2026-01-21','2026-02-28',0.00,0.00,9,'2026-01-23 17:29:53',485),(643,1,471,0,'4006441152','2026-01-26','2026-01-27',324103.78,29463.98,9,'2026-01-26 13:18:14',483),(644,1,472,0,'4006442088','2026-01-29','2026-02-03',328255.40,29841.40,9,'2026-01-29 11:22:58',486),(645,1,473,0,'4006441288','2026-01-26','2026-02-28',1980.00,330.00,9,'2026-01-30 10:29:51',485),(646,1,474,0,'4006441293','2026-01-26','2026-02-28',0.00,0.00,9,'2026-01-30 10:32:46',485),(647,1,475,0,'4006441291','2026-01-26','2026-03-31',29716.20,4952.70,9,'2026-01-30 10:41:19',510),(648,1,476,0,'4006441297','2026-01-26','2026-02-28',0.00,0.00,9,'2026-01-30 10:42:57',485),(649,1,477,0,'4006444827','2026-02-05','2026-02-05',138600.00,12600.00,9,'2026-02-05 16:05:22',487),(650,1,478,0,'4006443089','2026-01-31','2026-03-28',0.00,0.00,9,'2026-02-06 12:41:18',502),(651,1,479,0,'4006445121','2026-02-06','2026-02-06',148500.00,13500.00,9,'2026-02-06 15:49:21',490),(652,27,0,176,'0566001','2026-01-31','2026-01-31',6225.27,0.00,2,'2026-02-07 11:54:37',491),(653,1,480,0,'4006446250','2026-02-10','2026-02-10',120600.48,10963.68,9,'2026-02-10 19:00:42',492),(654,1,481,0,'4006446379','2026-02-11','2026-02-11',34683.00,3153.00,9,'2026-02-11 16:02:00',493),(655,1,482,0,'4006446731','2026-02-12','2026-02-12',99000.00,9000.00,9,'2026-02-12 15:12:57',494),(656,1,483,0,'4006446536','2026-02-11','2026-03-31',34200.00,5700.00,9,'2026-02-13 15:43:56',510),(657,1,484,0,'4006446545','2026-02-11','2026-03-31',0.00,0.00,9,'2026-02-13 15:46:42',502),(658,1,485,0,'4006447308','2026-02-14','2026-02-16',150750.60,13704.60,9,'2026-02-14 16:14:24',495),(659,1,486,0,'4006447470','2026-02-16','2026-02-16',115610.00,10510.00,9,'2026-02-16 16:38:20',496),(661,21,488,0,'F2602135','2026-02-17','2026-04-17',30900.00,2809.09,9,'2026-02-17 15:06:41',519),(662,1,489,0,'4006448394','2026-02-18','2026-02-18',328950.60,29904.60,9,'2026-02-18 10:10:19',497),(663,1,490,0,'4006449046','2026-02-20','2026-02-20',337201.04,30654.64,9,'2026-02-20 13:32:34',498),(664,1,491,0,'4006450347','2026-02-25','2026-02-25',345055.48,31368.68,9,'2026-02-25 14:55:28',500),(665,1,492,0,'4006450183','2026-02-24','2026-03-31',30240.00,5040.00,9,'2026-03-02 08:55:11',510),(666,1,493,0,'4006450184','2026-02-24','2026-03-31',0.00,0.00,9,'2026-03-02 08:57:54',502),(667,1,494,0,'4006453452','2026-03-03','2026-03-03',336301.02,30572.82,9,'2026-03-03 10:07:40',501),(668,1,0,177,'4104100483','2026-01-31','2026-02-28',6900.31,1150.05,2,'2026-03-05 09:49:55',502),(669,1,495,0,'4006453883','2026-03-05','2026-03-06',35432.76,3221.16,9,'2026-03-06 09:39:27',503),(670,1,496,0,'4006454347','2026-03-07','2026-03-07',354756.71,32250.61,9,'2026-03-07 14:55:58',504),(671,1,497,0,'4006454704','2026-03-10','2026-03-10',344791.37,31344.67,9,'2026-03-10 09:49:35',505),(674,1,500,0,'4006456296','2026-03-18','2026-03-18',416504.44,37864.04,9,'2026-03-18 14:50:56',506),(675,1,501,0,'4006457114','2026-03-23','2026-03-24',414302.46,37663.86,9,'2026-03-23 14:45:25',508),(678,21,504,0,'F2603261','2026-03-24','2026-05-24',37500.00,3409.09,9,'2026-03-25 10:31:14',531),(679,1,505,0,'4006457596','2026-03-25','2026-03-25',416504.44,37864.04,9,'2026-03-25 10:55:16',509),(680,1,506,0,'4006457958','2026-03-26','2026-04-30',13680.00,2280.00,9,'2026-03-28 10:52:50',510),(681,1,507,0,'4006457975','2026-03-26','2026-04-30',0.00,0.00,9,'2026-03-28 10:55:00',510),(682,1,508,0,'4006459544','2026-03-30','2026-03-31',412501.98,37500.18,9,'2026-03-30 15:06:04',511),(686,16,0,179,'FC1011-2026','2026-04-07','2026-04-07',540.00,90.00,9,'2026-04-08 11:49:49',515),(684,1,509,0,'4006461786','2026-04-02','2026-04-03',418304.92,38027.72,9,'2026-04-02 16:04:19',512),(685,1,510,0,'4006462418','2026-04-06','2026-04-08',465300.66,42300.06,9,'2026-04-06 13:06:35',514),(687,1,511,0,'4006462933','2026-04-09','2026-04-09',60203.88,5473.08,9,'2026-04-09 16:08:41',516),(688,1,512,0,'4006463626','2026-04-13','2026-04-14',465300.66,42300.06,9,'2026-04-13 15:12:18',517),(689,9,513,0,'FA26030001','2026-03-26','2026-04-30',640.00,106.67,9,'2026-04-16 10:44:54',522),(690,1,514,0,'4006465004','2026-04-16','2026-04-16',60203.88,5473.08,9,'2026-04-16 13:03:13',518),(691,1,515,0,'4006465753','2026-04-20','2026-04-21',498300.99,45300.09,9,'2026-04-20 15:22:08',520),(692,1,516,0,'4006466761','2026-04-22','2026-04-24',501755.87,45614.17,9,'2026-04-22 11:36:13',521),(693,1,517,0,'4006467306','2026-04-24','2026-05-31',10080.00,1680.00,9,'2026-04-25 16:19:30',536),(694,1,518,0,'4006467307','2026-04-24','2026-05-31',0.00,0.00,9,'2026-04-25 16:21:04',538),(695,1,519,0,'4006467110','2026-04-23','2026-04-30',465300.66,42300.06,9,'2026-04-27 09:26:49',523),(697,21,521,0,'F2604359','2026-04-28','2026-06-28',45000.00,4090.91,9,'2026-04-28 12:07:40',544),(698,1,522,0,'4006468339','2026-04-30','2026-05-01',45212.97,4110.27,9,'2026-04-30 15:35:39',524),(700,1,524,0,'4006470721','2026-05-05','2026-05-05',465876.51,42352.41,9,'2026-05-05 15:54:44',525),(701,1,525,0,'4006471132','2026-05-06','2026-05-11',464913.57,42264.87,9,'2026-05-07 11:28:26',527),(702,10,0,180,'FA/26-04-0008','2026-04-30','2026-05-09',2261.00,376.82,9,'2026-05-09 10:10:29',526),(703,1,526,0,'4006472578','2026-05-12','2026-05-13',466134.57,42375.87,9,'2026-05-12 15:14:21',528),(704,1,527,0,'4006473699','2026-05-18','2026-05-19',466134.57,42375.87,9,'2026-05-18 15:30:38',530),(705,1,528,0,'4006474422','2026-05-21','2026-05-25',468134.37,42557.67,9,'2026-05-21 12:08:39',532),(706,1,529,0,'4006475857','2026-05-25','2026-06-02',468134.37,42557.67,9,'2026-05-25 17:09:25',533),(709,21,532,0,'F2606002','2026-06-01','2026-08-01',41100.00,3736.36,9,'2026-06-01 14:49:37',0),(710,1,533,0,'4006478090','2026-06-01','2026-06-04',454117.62,41283.42,9,'2026-06-02 15:16:19',534),(711,1,534,0,'4006479677','2026-06-08','2026-06-09',452764.95,41160.45,9,'2026-06-08 19:38:21',535),(712,1,535,0,'4006481455','2026-06-16','2026-06-16',72354.70,6577.70,9,'2026-06-16 15:28:53',539),(713,1,536,0,'4006481653','2026-06-17','2026-06-17',436859.61,39714.51,9,'2026-06-17 11:39:32',540),(714,1,537,0,'4006481791','2026-06-18','2026-06-19',438763.49,39887.59,9,'2026-06-18 11:36:37',541),(715,1,0,181,'4104103784','2026-05-14','2026-06-22',554.83,92.47,2,'2026-06-22 09:42:20',542),(716,1,538,0,'4006483534','2026-06-23','2026-06-24',436712.10,39701.10,9,'2026-06-23 17:52:46',543),(718,21,540,0,'F2606316','2026-06-24','2026-08-24',38700.00,3518.18,9,'2026-06-24 13:02:23',0),(719,1,541,0,'4006486090','2026-07-01','2026-07-01',403949.70,36722.70,9,'2026-07-01 18:56:00',545),(720,1,542,0,'4006486894','2026-07-02','2026-07-02',411215.64,37383.24,9,'2026-07-02 15:56:54',546),(721,8,0,182,'114/2026','2026-06-30','2026-07-06',1800.00,300.00,9,'2026-07-06 09:22:04',547),(722,1,543,0,'4006488110','2026-07-08','2026-07-08',410004.65,37273.15,9,'2026-07-08 15:42:53',548),(723,9,544,0,'FA26070001','2026-07-13','2026-09-11',2120.00,353.33,9,'2026-07-13 12:59:09',0),(724,1,545,0,'4006489070','2026-07-13',NULL,NULL,NULL,9,'2026-07-13 13:40:12',0);

--
-- Table structure for table `fournisseur_facture_description`
--

CREATE TABLE `fournisseur_facture_description` (
  `id` int(11) NOT NULL AUTO_INCREMENT,
  `produit` varchar(255) NOT NULL,
  `prix` decimal(10,2) NOT NULL,
  `qte` decimal(10,2) NOT NULL,
  `tva` decimal(10,2) NOT NULL,
  `id_facture` int(11) NOT NULL,
  PRIMARY KEY (`id`)
) ENGINE=MyISAM AUTO_INCREMENT=3 DEFAULT CHARSET=utf8 COLLATE=utf8_general_ci;

--
-- Dumping data for table `fournisseur_facture_description`
--


--
-- Table structure for table `fournisseur_paiement`
--

CREATE TABLE `fournisseur_paiement` (
  `id` int(11) NOT NULL AUTO_INCREMENT,
  `source` varchar(20) NOT NULL,
  `id_reglement` int(11) NOT NULL,
  `montant` decimal(10,2) NOT NULL,
  `dont_tva` decimal(10,2) DEFAULT NULL,
  `date_decaissement` date DEFAULT NULL,
  PRIMARY KEY (`id`)
) ENGINE=MyISAM AUTO_INCREMENT=641 DEFAULT CHARSET=utf8 COLLATE=utf8_general_ci;

--
-- Dumping data for table `fournisseur_paiement`
--

INSERT INTO `fournisseur_paiement` VALUES (1,'operation',2,55524.04,5047.64,NULL),(2,'operation',3,450152.34,40922.94,NULL),(3,'operation',4,55524.04,5047.64,NULL),(4,'operation',5,448802.31,40800.21,NULL),(5,'operation',6,55524.04,5047.64,NULL),(6,'operation',7,55524.04,5047.64,NULL),(7,'operation',7,13881.01,1261.91,NULL),(8,'operation',8,441571.02,40142.82,NULL),(9,'operation',9,55524.04,3785.73,NULL),(10,'operation',10,173420.39,15765.49,NULL),(11,'operation',11,268150.63,24377.33,NULL),(12,'operation',12,55524.04,5047.64,NULL),(13,'operation',13,55524.04,5047.64,NULL),(14,'operation',14,449129.01,40829.91,NULL),(16,'avance',15,13881.01,1261.91,NULL),(17,'operation',16,43112.85,3919.35,NULL),(18,'operation',17,126100.70,11463.70,NULL),(19,'operation',18,39180.24,3561.84,NULL),(20,'operation',19,42512.91,3864.81,NULL),(21,'operation',20,416132.31,37830.21,NULL),(22,'operation',21,70854.85,6441.35,NULL),(23,'operation',17,12610.07,1146.37,NULL),(24,'operation',22,168748.10,15340.74,NULL),(25,'operation',23,13920.94,1265.54,NULL),(27,'operation',23,55683.76,5062.16,NULL),(28,'operation',24,405572.64,36870.24,NULL),(29,'operation',25,83765.88,7615.08,NULL),(30,'operation',26,41882.94,3807.54,NULL),(31,'operation',27,161121.07,14647.37,NULL),(32,'operation',28,69804.90,6345.90,NULL),(33,'operation',29,405572.64,36870.24,NULL),(34,'operation',30,406922.67,36992.97,NULL),(35,'operation',31,55843.92,5076.72,NULL),(36,'operation',32,55843.92,5076.72,NULL),(37,'piece',34,9600.00,8000.00,NULL),(38,'operation',36,1456.71,183.08,NULL),(39,'operation',37,4764.29,584.05,NULL),(40,'operation',38,384482.01,34952.91,NULL),(41,'operation',39,55843.92,5076.72,NULL),(42,'piece',40,3961.93,0.00,NULL),(43,'operation',41,129565.20,21594.20,NULL),(44,'operation',42,4302.52,530.37,NULL),(45,'operation',42,2171.15,267.64,NULL),(46,'espece',43,37.50,0.00,'2023-03-14'),(47,'espece',44,132.50,0.00,'2023-03-14'),(48,'operation',45,5713.19,702.74,NULL),(49,'operation',45,1174.10,144.42,NULL),(50,'operation',46,69804.90,6345.90,NULL),(51,'operation',47,69804.90,6345.90,NULL),(52,'operation',48,383131.98,34830.18,NULL),(53,'operation',49,100000.00,16666.67,NULL),(54,'operation',49,200000.00,33333.33,NULL),(55,'operation',50,176800.91,160728.10,NULL),(56,'operation',51,6352.95,783.05,NULL),(57,'operation',51,952.23,117.37,NULL),(58,'operation',52,384482.01,34952.91,NULL),(59,'operation',53,1427.65,176.03,NULL),(60,'operation',53,4938.57,608.93,NULL),(61,'piece',54,8700.00,0.00,NULL),(62,'operation',55,60005.08,10000.85,NULL),(66,'piece',59,9600.00,1600.00,NULL),(65,'operation',58,69804.90,6345.90,NULL),(67,'operation',60,1521.98,187.71,NULL),(68,'operation',60,5036.01,621.10,NULL),(69,'operation',61,55843.92,5076.72,NULL),(70,'operation',62,383131.98,34830.18,NULL),(71,'operation',63,55843.92,5076.72,NULL),(72,'operation',64,55843.92,5076.72,NULL),(73,'operation',65,378213.00,34383.00,NULL),(74,'operation',66,54083.92,4916.72,NULL),(75,'operation',67,148461.17,13496.47,NULL),(76,'operation',68,67604.90,6145.90,NULL),(77,'operation',69,53284.00,4844.00,NULL),(78,'operation',70,368760.81,33523.71,NULL),(79,'operation',71,5325.68,652.99,NULL),(80,'operation',72,1521.81,190.78,NULL),(81,'operation',73,366960.33,33360.03,NULL),(82,'operation',75,53284.00,4844.00,NULL),(83,'operation',76,222400.20,20218.20,NULL),(84,'operation',77,133440.12,12130.92,NULL),(85,'operation',78,53284.00,4844.00,NULL),(86,'piece',79,4320.00,720.00,NULL),(87,'operation',80,77840.07,7076.37,NULL),(88,'operation',81,34710.39,3155.49,NULL),(89,'operation',82,338101.50,30736.50,NULL),(90,'operation',83,67904.65,6173.15,NULL),(91,'operation',84,67904.65,6173.15,NULL),(92,'operation',85,95239.20,15873.20,NULL),(93,'operation',86,54323.72,4938.52,NULL),(95,'operation',88,373261.67,33932.88,NULL),(96,'operation',89,54323.72,4938.52,NULL),(97,'operation',90,371911.66,33810.15,NULL),(98,'operation',91,54323.72,4938.52,NULL),(99,'operation',92,54323.72,4938.52,NULL),(100,'operation',93,157780.70,14343.70,NULL),(101,'operation',94,146510.65,13319.15,NULL),(102,'operation',95,35160.18,3196.38,NULL),(103,'operation',96,159180.56,14470.96,NULL),(104,'operation',97,5260.04,644.93,NULL),(105,'operation',98,1561.92,196.43,NULL),(106,'operation',99,67904.65,6173.15,NULL),(107,'avoir',100,1675.30,279.22,'2023-07-06'),(108,'avoir',100,2535.01,422.50,'2023-07-06'),(109,'avoir',100,2384.80,397.47,'2023-07-06'),(110,'operation',100,31923.27,5320.55,NULL),(111,'operation',101,54323.72,4938.52,NULL),(112,'operation',102,376561.35,34232.85,NULL),(113,'operation',103,54323.72,4938.52,NULL),(114,'operation',104,375211.32,34110.12,NULL),(115,'operation',105,40742.79,3703.89,NULL),(116,'operation',106,377011.36,34273.76,NULL),(117,'operation',107,40742.79,3703.89,NULL),(118,'operation',109,54323.72,4938.52,NULL),(120,'operation',110,377011.36,34273.76,NULL),(121,'operation',111,50000.00,4545.45,NULL),(122,'operation',111,4323.72,393.07,NULL),(123,'operation',112,54323.72,4938.52,NULL),(124,'operation',113,375211.32,34110.12,NULL),(125,'operation',115,5104.48,625.83,NULL),(126,'operation',116,2292.58,285.44,NULL),(127,'operation',117,56283.92,5116.72,NULL),(128,'operation',114,155580.00,25930.00,NULL),(129,'operation',118,385142.67,35012.97,NULL),(130,'operation',119,56283.92,5116.72,NULL),(131,'operation',120,393059.70,35732.70,NULL),(132,'operation',121,56283.92,5116.72,NULL),(133,'operation',122,404610.36,36782.76,NULL),(134,'operation',123,56283.92,5116.72,NULL),(135,'operation',124,58164.04,5287.64,NULL),(136,'operation',125,5137.99,629.94,NULL),(137,'operation',126,1836.35,229.26,NULL),(138,'operation',127,58164.04,5287.64,NULL),(139,'operation',128,428340.00,38940.00,NULL),(140,'operation',129,259600.00,23600.00,NULL),(141,'operation',130,58164.04,5287.64,NULL),(142,'operation',131,72705.05,6609.55,NULL),(143,'operation',132,429690.03,39062.73,NULL),(144,'operation',133,60123.80,5465.80,NULL),(145,'operation',134,45092.85,4099.35,NULL),(146,'operation',135,437251.65,39750.15,NULL),(147,'operation',136,2369.31,295.15,NULL),(148,'operation',137,5164.81,633.24,NULL),(149,'operation',138,75154.75,6832.25,NULL),(150,'operation',139,438601.68,39872.88,NULL),(151,'operation',140,437251.65,39750.15,NULL),(152,'operation',141,45092.85,4099.35,NULL),(153,'operation',142,75154.75,6832.25,NULL),(154,'operation',143,140245.32,23374.22,NULL),(155,'operation',144,75154.75,6832.25,NULL),(156,'operation',145,304751.15,27704.65,NULL),(157,'operation',146,136999.50,12454.50,NULL),(158,'piece',147,6000.00,1000.00,NULL),(159,'operation',148,60123.80,5465.80,NULL),(160,'piece',149,2074.90,345.82,NULL),(161,'operation',150,453448.38,41222.58,NULL),(162,'operation',151,60123.80,5465.80,NULL),(163,'operation',152,452098.35,41099.85,NULL),(167,'operation',154,60123.80,5465.80,NULL),(166,'operation',153,84045.00,14007.50,NULL),(168,'operation',155,453448.38,41222.58,NULL),(169,'operation',156,60123.80,5465.80,NULL),(172,'operation',157,60123.80,5465.80,NULL),(171,'operation',158,453448.38,41222.58,NULL),(173,'operation',159,60123.80,5465.80,NULL),(174,'operation',160,452098.35,41099.85,NULL),(175,'operation',161,60123.80,5465.80,NULL),(176,'operation',162,452098.35,41099.85,NULL),(177,'avoir',163,6480.00,1080.00,'2023-11-17'),(178,'avoir',163,2850.00,475.00,'2023-11-17'),(179,'operation',164,5453.80,668.73,NULL),(180,'operation',165,1835.78,229.77,NULL),(181,'operation',166,60123.80,5465.80,NULL),(182,'operation',163,126901.20,21150.20,NULL),(183,'operation',167,445858.38,40532.58,NULL),(184,'operation',168,86586.06,7871.46,NULL),(185,'operation',169,444508.02,40409.82,NULL),(186,'operation',170,6478.95,0.00,NULL),(187,'operation',171,1856.69,232.05,NULL),(188,'operation',172,5370.93,658.55,NULL),(189,'operation',173,57724.04,5247.64,NULL),(190,'operation',174,445858.38,40532.58,NULL),(191,'operation',175,57724.04,5247.64,NULL),(192,'operation',176,57724.04,5247.64,NULL),(193,'operation',177,444508.02,40409.82,NULL),(194,'operation',178,176459.58,16041.78,NULL),(195,'operation',179,84546.00,7686.00,NULL),(196,'piece',180,133415.00,12128.63,NULL),(197,'piece',181,270441.00,24585.55,NULL),(198,'operation',182,427682.97,38880.27,NULL),(199,'avoir',183,19833.97,3305.66,'2023-12-28'),(200,'avoir',183,1968.00,328.00,'2023-12-28'),(203,'operation',183,347913.23,57985.54,NULL),(202,'avoir',183,2250.00,375.00,'2023-12-28'),(204,'operation',184,56364.00,5124.00,NULL),(205,'operation',185,429483.01,39043.91,NULL),(206,'operation',186,129600.90,11781.90,NULL),(207,'operation',187,42273.00,3843.00,NULL),(208,'operation',188,42273.00,3843.00,NULL),(209,'operation',189,1648.03,206.60,NULL),(210,'operation',190,5613.77,688.01,NULL),(211,'piece',191,650.00,108.33,NULL),(212,'operation',192,425700.99,38700.09,NULL),(213,'operation',193,70154.70,6377.70,NULL),(214,'operation',194,417602.02,37963.82,NULL),(215,'operation',195,84185.64,7653.24,NULL),(216,'operation',196,415801.98,37800.18,NULL),(217,'operation',197,42092.82,3826.62,NULL),(218,'operation',198,417152.01,37922.91,NULL),(219,'operation',199,56123.76,5102.16,NULL),(220,'operation',200,70154.70,6377.70,NULL),(221,'operation',201,352801.68,32072.88,NULL),(222,'avoir',202,6750.00,387.86,'2023-12-31'),(223,'operation',203,417152.01,37922.91,NULL),(224,'operation',204,56123.76,5102.16,NULL),(225,'operation',205,56123.76,5102.16,NULL),(226,'operation',206,415801.98,37800.18,NULL),(231,'operation',208,56123.76,5102.16,NULL),(228,'avoir',207,6684.88,1114.15,'2024-04-08'),(229,'avoir',207,2160.00,360.00,'2024-04-08'),(230,'operation',207,109751.93,18291.99,NULL),(232,'operation',209,10003.11,1300.51,NULL),(233,'operation',209,3366.95,437.74,NULL),(234,'operation',210,70154.70,6377.70,NULL),(235,'operation',210,252001.20,22909.20,NULL),(236,'operation',210,165150.81,15013.71,NULL),(237,'operation',211,56123.76,5102.16,NULL),(238,'operation',212,417152.01,37922.91,NULL),(239,'operation',213,4164.73,0.00,NULL),(240,'operation',214,56123.76,5102.16,NULL),(241,'operation',215,415801.98,37800.18,NULL),(242,'operation',216,56123.76,5102.16,NULL),(243,'avance',207,4422.79,737.13,NULL),(244,'avoir',207,2835.00,472.50,'2024-04-08'),(245,'operation',217,417152.01,37922.91,NULL),(246,'operation',218,56123.76,5102.16,NULL),(247,'operation',219,415801.98,37800.18,NULL),(248,'operation',220,42092.82,3826.62,NULL),(249,'operation',221,1545.38,215.06,NULL),(250,'operation',222,3725.70,512.30,NULL),(251,'operation',223,213840.00,35640.00,NULL),(252,'operation',224,4492.80,748.80,NULL),(253,'operation',225,417152.01,37922.91,NULL),(254,'operation',226,56123.76,5102.16,NULL),(255,'operation',207,770.39,128.40,NULL),(256,'operation',227,415801.98,37800.18,NULL),(257,'operation',228,165150.81,15013.71,NULL),(258,'operation',229,57923.80,5265.80,NULL),(259,'operation',230,252001.20,22909.20,NULL),(260,'operation',231,57923.80,5265.80,NULL),(261,'operation',232,86885.70,7898.70,NULL),(262,'operation',233,43862.94,3987.54,NULL),(263,'operation',234,1884.69,262.65,NULL),(264,'operation',235,4319.73,595.06,NULL),(265,'operation',236,418470.03,38042.73,NULL),(266,'avoir',237,2235.00,372.50,'2024-04-30'),(267,'avoir',237,2265.00,377.50,'2024-04-30'),(268,'avoir',237,3631.50,605.25,'2024-04-30'),(269,'operation',238,43862.94,3987.54,NULL),(270,'operation',237,87691.97,14615.33,NULL),(271,'operation',239,417119.67,37919.97,NULL),(272,'piece',240,1440.00,240.00,NULL),(273,'operation',241,58483.92,5316.72,NULL),(274,'operation',242,410219.04,37292.64,NULL),(275,'operation',243,58483.92,5316.72,NULL),(276,'operation',244,43862.94,3987.54,NULL),(277,'operation',245,410219.04,37292.64,NULL),(278,'operation',246,58483.92,5316.72,NULL),(279,'operation',247,395670.00,35970.00,NULL),(280,'operation',248,2002.29,278.96,NULL),(281,'operation',249,5019.29,691.55,NULL),(282,'operation',250,42663.06,3878.46,NULL),(283,'operation',251,42663.06,3878.46,NULL),(284,'operation',252,397920.05,36174.55,NULL),(285,'operation',253,56884.08,5171.28,NULL),(286,'operation',254,282958.23,47159.71,NULL),(287,'operation',255,397020.03,36092.73,NULL),(288,'operation',255,56884.08,5171.28,NULL),(289,'operation',256,405944.11,36904.01,NULL),(290,'operation',257,409056.12,37186.92,NULL),(291,'operation',258,405455.16,36859.56,NULL),(292,'piece',259,4320.00,720.00,NULL),(307,'operation',260,1137.00,189.50,NULL),(294,'avoir',261,5354.46,892.41,'2024-06-28'),(295,'avoir',261,6600.00,1100.00,'2024-06-28'),(296,'avoir',261,6600.00,1100.00,'2024-06-28'),(297,'avoir',261,5080.00,846.67,'2024-06-28'),(298,'avoir',261,2640.00,440.00,'2024-06-28'),(299,'avoir',261,2835.00,472.50,'2024-06-28'),(300,'operation',262,404104.80,36736.80,NULL),(301,'operation',261,219317.72,36552.95,NULL),(302,'piece',263,35000.00,5833.33,NULL),(303,'operation',264,400993.12,36453.92,NULL),(310,'operation',268,411202.88,37382.08,NULL),(305,'operation',266,1392.57,194.67,NULL),(306,'operation',267,4906.26,675.96,NULL),(309,'operation',265,843.82,82.01,NULL),(311,'operation',271,413713.96,37610.36,NULL),(312,'piece',272,3090.00,515.00,NULL),(313,'operation',273,411202.88,37382.08,NULL),(314,'operation',274,411202.88,37382.08,NULL),(315,'piece',275,11520.00,1680.24,NULL),(316,'piece',275,8500.00,1239.76,NULL),(317,'piece',276,12000.00,2000.00,NULL),(318,'operation',277,419446.72,38131.52,NULL),(319,'operation',278,391709.67,35609.97,NULL),(320,'operation',279,405725.76,36884.16,NULL),(321,'operation',280,4906.26,675.96,NULL),(322,'operation',281,1942.79,270.66,NULL),(323,'operation',282,404064.76,36733.16,NULL),(324,'avoir',283,2355.00,392.50,'2024-08-19'),(325,'avoir',283,2535.01,422.50,'2024-08-19'),(326,'avoir',283,2355.00,392.50,'2024-08-19'),(327,'operation',283,282051.09,47008.52,NULL),(328,'piece',284,1057.70,0.00,NULL),(329,'operation',285,400153.71,36377.61,NULL),(330,'operation',286,399842.74,36349.34,NULL),(331,'operation',287,403614.75,36692.25,NULL),(332,'operation',288,391665.56,35605.96,NULL),(333,'operation',289,4399.64,605.86,NULL),(334,'operation',290,2421.55,336.42,NULL),(335,'operation',291,394986.57,35907.87,NULL),(336,'operation',292,555.58,92.59,NULL),(337,'operation',293,482.82,67.36,NULL),(338,'operation',294,384565.72,34960.52,NULL),(339,'operation',295,386365.76,35124.16,NULL),(340,'avoir',296,2970.00,492.86,'2024-09-30'),(341,'operation',296,244067.67,40501.67,NULL),(342,'operation',297,384565.72,34960.52,NULL),(343,'operation',298,5000.35,688.94,NULL),(344,'piece',299,454.00,75.67,NULL),(345,'operation',300,3001.01,416.82,NULL),(346,'avoir',301,21598.98,1963.54,'2024-10-09'),(347,'avoir',301,2970.00,270.00,'2024-10-09'),(348,'operation',301,351445.01,31949.55,NULL),(349,'operation',302,374663.63,34060.33,NULL),(350,'piece',303,2300.00,383.33,NULL),(351,'operation',304,374143.00,34013.00,NULL),(352,'operation',305,374143.00,34013.00,NULL),(353,'operation',306,374663.63,34060.33,NULL),(354,'operation',307,506.08,84.35,NULL),(355,'operation',308,367109.16,33373.56,NULL),(356,'operation',309,77645.70,7058.70,NULL),(357,'piece',310,350.00,58.33,NULL),(358,'operation',311,369064.19,33551.29,NULL),(359,'operation',312,358709.34,32609.94,NULL),(360,'operation',313,38822.85,3529.35,NULL),(361,'operation',314,368914.70,33537.70,NULL),(362,'operation',315,339.98,0.00,NULL),(363,'operation',315,1445.68,0.00,NULL),(364,'operation',315,3491.89,0.00,NULL),(365,'operation',317,367564.34,33414.94,NULL),(366,'operation',318,369364.82,33578.62,NULL),(367,'avoir',319,2475.00,412.50,'2024-12-10'),(368,'avoir',319,5197.50,866.25,'2024-12-10'),(369,'avoir',319,5670.00,945.00,'2024-12-10'),(370,'avoir',319,1867.66,311.28,'2024-12-10'),(371,'avoir',319,2970.00,495.00,'2024-12-10'),(372,'operation',320,365308.68,33209.88,NULL),(373,'operation',319,14735.84,2455.97,NULL),(374,'operation',321,63704.85,5791.35,NULL),(375,'operation',322,366659.04,33332.64,NULL),(376,'operation',323,369864.77,33624.07,NULL),(377,'operation',324,369414.65,33583.15,NULL),(378,'operation',325,368064.29,33460.39,NULL),(379,'piece',326,77923.82,7083.98,NULL),(380,'avoir',327,8910.00,810.00,'2025-01-07'),(381,'avoir',327,4950.00,450.00,'2025-01-07'),(382,'avoir',327,8910.00,810.00,'2025-01-07'),(383,'avoir',327,6345.00,576.82,'2025-01-07'),(384,'avoir',327,14400.00,1309.09,'2025-01-07'),(385,'operation',327,325899.65,29627.24,NULL),(386,'piece',328,4320.00,720.00,NULL),(387,'operation',329,368064.29,33460.39,NULL),(388,'operation',330,369864.77,33624.07,NULL),(389,'operation',331,364322.31,33120.21,NULL),(390,'operation',332,77645.70,7058.70,NULL),(391,'operation',333,367109.16,33373.56,NULL),(392,'piece',334,50000.00,4545.45,NULL),(393,'operation',335,370921.65,33720.15,NULL),(394,'avoir',336,7993.20,1286.67,'2025-03-28'),(395,'avoir',336,12180.00,1960.62,'2025-03-28'),(396,'operation',337,383224.16,34838.56,NULL),(397,'operation',338,2292.00,382.00,NULL),(398,'operation',339,379652.68,34513.88,NULL),(399,'operation',340,38.29,0.00,NULL),(400,'operation',341,1365.28,0.00,NULL),(401,'operation',342,1801.04,0.00,NULL),(402,'operation',343,383224.16,34838.56,NULL),(403,'operation',344,377525.61,34320.51,NULL),(404,'espece',345,167.00,21.17,'2025-02-24'),(405,'espece',346,270.00,45.00,'2025-02-25'),(406,'piece',347,13700.00,2283.33,NULL),(407,'operation',348,368611.98,33510.18,NULL),(408,'piece',349,60000.00,5454.55,NULL),(409,'operation',350,52243.84,4749.44,NULL),(410,'avoir',336,12240.00,1970.28,'2025-03-28'),(411,'operation',351,370412.02,33673.82,NULL),(412,'operation',352,122870.66,11170.06,NULL),(413,'operation',353,381848.28,34713.48,NULL),(414,'operation',354,39182.88,3562.08,NULL),(415,'operation',355,361174.33,32834.03,NULL),(416,'operation',356,362264.87,32933.17,NULL),(417,'piece',357,31800.00,2890.91,NULL),(418,'piece',358,60000.00,5454.55,NULL),(419,'operation',359,262785.72,23889.61,NULL),(420,'operation',336,157499.82,25352.85,NULL),(421,'operation',360,100000.00,9090.91,NULL),(422,'operation',361,364135.75,33103.25,NULL),(423,'piece',362,65580.00,5961.82,NULL),(425,'piece',364,153020.00,13910.91,NULL),(426,'operation',365,359554.58,32686.78,NULL),(427,'operation',366,356193.31,32381.21,NULL),(428,'piece',367,4500.00,0.00,NULL),(429,'operation',368,360004.70,32727.70,NULL),(430,'operation',369,9800.00,1633.33,NULL),(431,'piece',370,43720.00,3974.55,NULL),(432,'operation',371,351104.16,31918.56,NULL),(433,'espece',372,270.00,45.00,'2025-04-25'),(434,'operation',373,12500.00,2083.34,NULL),(435,'operation',374,349754.13,31795.83,NULL),(436,'operation',375,353155.11,32105.01,NULL),(437,'operation',376,344504.82,31318.62,NULL),(438,'operation',377,346555.77,31505.07,NULL),(439,'piece',378,32430.00,2948.18,NULL),(444,'operation',380,344504.82,31318.62,NULL),(445,'operation',381,337083.45,30643.95,NULL),(446,'operation',382,342495.34,31135.94,NULL),(447,'operation',383,342495.34,31135.94,NULL),(448,'avoir',384,7605.00,1267.50,'2025-05-30'),(449,'avoir',384,3712.50,618.75,'2025-05-30'),(450,'avoir',384,13697.71,2282.95,'2025-05-30'),(451,'avoir',384,10739.99,1790.00,'2025-05-30'),(452,'operation',384,129625.20,21604.20,NULL),(453,'operation',385,8049.60,1341.60,NULL),(454,'operation',386,341145.31,31013.21,NULL),(455,'piece',387,20580.00,1870.91,NULL),(456,'piece',388,29970.00,2724.55,NULL),(457,'operation',389,347805.70,31618.70,NULL),(458,'operation',390,344424.74,31311.34,NULL),(459,'operation',391,346455.67,31495.97,NULL),(460,'piece',392,3200.00,533.33,NULL),(461,'operation',393,341043.78,31003.98,NULL),(464,'operation',396,349155.73,31741.43,NULL),(463,'piece',395,11520.00,1920.00,NULL),(465,'espece',397,4110.00,685.00,'2025-07-04'),(466,'operation',398,341043.78,31003.98,NULL),(467,'operation',399,358545.66,32595.06,NULL),(468,'operation',400,358014.69,32546.79,NULL),(469,'operation',401,358014.69,32546.79,NULL),(470,'operation',402,358014.69,32546.79,NULL),(471,'piece',403,29010.00,2637.27,NULL),(472,'piece',404,101015.35,9183.21,NULL),(473,'operation',405,360753.03,32795.73,NULL),(474,'avoir',406,13860.00,2310.00,'2025-07-31'),(475,'avoir',406,11880.00,1980.00,'2025-07-31'),(476,'avoir',406,14.03,2.34,'2025-07-31'),(477,'avoir',406,331.33,55.22,'2025-07-31'),(478,'avoir',406,3.49,0.58,'2025-07-31'),(479,'avoir',406,4125.60,687.60,'2025-07-31'),(480,'operation',407,363774.40,33070.40,NULL),(481,'operation',406,93615.52,15602.59,NULL),(482,'operation',408,363774.40,33070.40,NULL),(483,'operation',409,360753.03,32795.73,NULL),(484,'operation',410,370137.79,33648.89,NULL),(485,'piece',412,29400.00,2672.73,NULL),(486,'avoir',411,1237.50,206.25,'2025-08-19'),(487,'avoir',411,11880.00,1980.00,'2025-08-19'),(488,'operation',413,355740.00,32340.00,NULL),(489,'operation',414,365895.53,33263.23,NULL),(490,'operation',411,93267.30,15544.55,NULL),(491,'operation',415,50950.00,4631.82,NULL),(492,'operation',416,363774.40,33070.40,NULL),(493,'piece',417,30570.00,2779.09,NULL),(494,'operation',418,363774.40,33070.40,NULL),(495,'operation',419,363095.37,33008.67,NULL),(496,'operation',420,353746.25,32158.75,NULL),(497,'piece',421,30870.00,2806.36,NULL),(498,'operation',422,351775.27,31979.57,NULL),(499,'operation',423,343891.35,31262.85,NULL),(500,'operation',424,61755.10,5614.10,NULL),(501,'operation',425,49404.08,4491.28,NULL),(502,'operation',426,61755.10,5614.10,NULL),(503,'operation',427,344791.37,31344.67,NULL),(504,'operation',428,49404.08,4491.28,NULL),(505,'operation',429,343891.35,31262.85,NULL),(506,'operation',430,61755.10,5614.10,NULL),(507,'avoir',431,3060.00,510.00,'2025-09-30'),(508,'avoir',431,7380.00,1230.00,'2025-09-30'),(509,'avoir',431,15840.00,2640.00,'2025-09-30'),(510,'operation',431,57288.00,9548.00,NULL),(511,'operation',432,999.92,166.66,NULL),(512,'operation',433,1178.07,196.34,NULL),(513,'operation',434,343891.35,31262.85,NULL),(514,'operation',435,77820.05,11060.92,NULL),(516,'espece',437,3190.00,531.67,'2025-10-03'),(517,'operation',438,61755.10,5614.10,NULL),(518,'operation',439,343891.35,31262.85,NULL),(519,'operation',440,343891.35,31262.85,NULL),(520,'operation',441,61755.10,5614.10,NULL),(521,'operation',442,49404.08,4491.28,NULL),(522,'operation',443,343891.35,31262.85,NULL),(523,'piece',444,5754.48,959.08,NULL),(524,'operation',445,49003.68,4454.88,NULL),(525,'operation',446,341041.69,31003.79,NULL),(526,'espece',447,330.00,55.00,'2025-10-28'),(527,'espece',448,226.50,37.74,'2025-10-28'),(528,'operation',449,350446.03,31858.73,NULL),(529,'operation',450,41280.00,3752.73,NULL),(530,'operation',451,340591.68,30962.88,NULL),(531,'operation',452,61254.60,5568.60,NULL),(532,'avoir',453,13260.01,2210.00,'2025-10-31'),(533,'avoir',453,13860.00,2310.00,'2025-10-31'),(534,'operation',453,57047.99,9508.00,NULL),(535,'espece',454,320.00,53.33,'2025-11-01'),(536,'operation',455,959.90,159.98,NULL),(537,'operation',456,60804.70,5527.70,NULL),(538,'operation',457,339600.69,30872.79,NULL),(539,'operation',458,50100.00,4554.54,NULL),(540,'operation',459,339600.69,30872.79,NULL),(541,'operation',460,48643.76,4422.16,NULL),(542,'operation',461,349155.29,31741.39,NULL),(543,'operation',462,357674.35,32515.85,NULL),(544,'operation',463,30270.00,2751.82,NULL),(545,'operation',464,355973.42,32361.22,NULL),(546,'operation',465,355973.42,32361.22,NULL),(547,'operation',466,349169.70,31742.70,NULL),(548,'operation',467,960.00,160.00,NULL),(549,'operation',468,357674.35,32515.85,NULL),(550,'operation',469,357674.35,32515.85,NULL),(551,'operation',470,355973.42,32361.22,NULL),(552,'piece',471,1800.00,300.00,NULL),(553,'operation',472,344423.20,31311.20,NULL),(554,'operation',473,29760.00,2705.45,NULL),(555,'operation',474,344423.20,31311.20,NULL),(556,'operation',475,250000.00,40980.19,NULL),(557,'operation',475,143947.58,23596.00,NULL),(558,'operation',476,344423.20,31311.20,NULL),(559,'operation',477,316499.70,28772.70,NULL),(560,'operation',478,326004.80,29636.80,NULL),(562,'operation',480,324103.78,29463.98,NULL),(563,'operation',481,324103.78,29463.98,NULL),(564,'operation',482,324103.78,29463.98,NULL),(565,'operation',483,324103.78,29463.98,NULL),(566,'operation',484,30540.00,2776.36,NULL),(567,'avoir',485,8316.00,1386.00,'2026-02-05'),(568,'avoir',485,6900.31,1150.05,'2026-02-05'),(569,'avoir',485,11500.52,1916.75,'2026-02-05'),(570,'avoir',485,2371.20,395.20,'2026-02-05'),(571,'avoir',485,13260.01,2210.00,'2026-02-05'),(572,'avoir',485,4659.11,776.52,'2026-02-05'),(573,'operation',486,328255.40,29841.40,NULL),(574,'operation',485,1027.15,171.19,NULL),(575,'operation',487,138600.00,12600.00,NULL),(576,'operation',488,640.00,106.66,NULL),(579,'piece',491,6225.27,0.00,NULL),(578,'operation',490,148500.00,13500.00,NULL),(580,'operation',492,120600.48,10963.68,NULL),(581,'operation',493,34683.00,3153.00,NULL),(582,'operation',494,99000.00,9000.00,NULL),(583,'operation',495,150750.60,13704.60,NULL),(584,'operation',496,115610.00,10510.00,NULL),(585,'operation',497,328950.60,29904.60,NULL),(586,'operation',498,337201.04,30654.64,NULL),(587,'operation',499,29970.00,2724.55,NULL),(588,'operation',500,345055.48,31368.68,NULL),(589,'operation',501,336301.02,30572.82,NULL),(590,'avoir',502,5967.60,994.60,'2026-03-06'),(591,'avoir',502,3960.00,660.00,'2026-03-06'),(592,'avoir',502,13860.00,2310.00,'2026-03-06'),(593,'avoir',502,12420.00,2070.00,'2026-03-06'),(594,'avoir',502,13860.00,2310.00,'2026-03-06'),(595,'operation',503,35432.76,3221.16,NULL),(596,'operation',502,32325.91,5387.65,NULL),(597,'operation',504,354756.71,32250.61,NULL),(598,'operation',505,344791.37,31344.67,NULL),(599,'operation',506,416504.44,37864.04,NULL),(600,'operation',507,27900.00,2536.36,NULL),(601,'operation',508,414302.46,37663.86,NULL),(602,'operation',509,416504.44,37864.04,NULL),(603,'operation',511,412501.98,37500.18,NULL),(604,'operation',510,225726.60,37621.10,NULL),(605,'operation',512,418304.92,38027.72,NULL),(606,'operation',514,465300.66,42300.06,NULL),(607,'espece',515,540.00,90.00,'2026-04-09'),(608,'operation',516,60203.88,5473.08,NULL),(609,'operation',517,465300.66,42300.06,NULL),(610,'operation',518,60203.88,5473.08,NULL),(611,'operation',519,30900.00,2809.09,NULL),(612,'operation',520,498300.99,45300.09,NULL),(613,'operation',521,501755.87,45614.17,NULL),(614,'operation',522,640.00,106.67,NULL),(615,'operation',523,465300.66,42300.06,NULL),(616,'operation',524,45212.97,4110.27,NULL),(617,'operation',525,465876.51,42352.41,NULL),(618,'operation',526,2261.00,376.82,NULL),(619,'operation',527,464913.57,42264.87,NULL),(620,'operation',528,466134.57,42375.87,NULL),(621,'operation',530,466134.57,42375.87,NULL),(622,'operation',531,37500.00,3409.09,NULL),(623,'operation',532,468134.37,42557.67,NULL),(624,'operation',533,468134.37,42557.67,NULL),(625,'operation',534,454117.62,41283.42,NULL),(626,'operation',535,452764.95,41160.45,NULL),(627,'operation',536,10080.00,1680.00,NULL),(629,'operation',539,72354.70,6577.70,NULL),(630,'operation',540,436859.61,39714.51,NULL),(631,'operation',541,372103.49,33827.59,NULL),(632,'avoir',541,66660.00,6060.00,'2026-06-19'),(633,'operation',542,554.83,92.47,NULL),(634,'operation',543,436712.10,39701.10,NULL),(635,'operation',544,45000.00,4090.91,NULL),(636,'operation',545,45000.00,4090.91,NULL),(637,'operation',545,358949.70,32631.79,NULL),(638,'operation',546,411215.64,37383.24,NULL),(639,'operation',547,1800.00,300.00,NULL),(640,'operation',548,410004.65,37273.15,NULL);

--
-- Table structure for table `fournisseur_reglement`
--

CREATE TABLE `fournisseur_reglement` (
  `id` int(11) NOT NULL AUTO_INCREMENT,
  `id_fournisseur` int(11) NOT NULL,
  `date_echeance` date DEFAULT NULL,
  `difference` decimal(10,0) DEFAULT NULL,
  `id_creation` int(11) NOT NULL,
  `date_creation` datetime NOT NULL,
  `id_cloture` int(11) DEFAULT NULL,
  `date_cloture` datetime DEFAULT NULL,
  `date_debut` date DEFAULT NULL,
  `date_fin` date DEFAULT NULL,
  PRIMARY KEY (`id`)
) ENGINE=MyISAM AUTO_INCREMENT=549 DEFAULT CHARSET=utf8 COLLATE=utf8_general_ci;

--
-- Dumping data for table `fournisseur_reglement`
--

INSERT INTO `fournisseur_reglement` VALUES (2,1,NULL,0,2,'2023-02-28 08:53:52',2,'2023-02-28 09:00:07','2023-02-28','2023-01-12'),(3,1,NULL,0,2,'2023-02-28 09:00:41',2,'2023-02-28 09:01:47','2023-02-28','2023-01-09'),(4,1,NULL,0,2,'2023-02-28 09:02:13',2,'2023-02-28 09:02:59','2023-02-28','2023-01-13'),(5,1,NULL,0,2,'2023-02-28 09:03:18',2,'2023-02-28 09:04:21','2023-02-28','2023-01-17'),(6,1,NULL,0,2,'2023-02-28 09:04:31',2,'2023-02-28 09:05:12','2023-02-28','2023-01-24'),(7,1,NULL,0,2,'2023-02-28 09:05:32',2,'2023-02-28 09:07:54','2023-02-28','2023-01-24'),(8,1,NULL,0,2,'2023-02-28 09:08:10',2,'2023-02-28 09:30:41','2023-02-28','2023-01-26'),(9,1,NULL,13881,2,'2023-02-28 11:10:56',2,'2023-02-28 11:19:13','2023-02-28','2023-02-28'),(10,1,NULL,0,2,'2023-02-28 11:12:26',2,'2023-02-28 11:13:06','2023-02-28','2023-02-02'),(11,1,NULL,0,2,'2023-02-28 11:13:19',2,'2023-02-28 11:14:02','2023-02-28','2023-02-06'),(12,1,NULL,-13881,2,'2023-02-28 11:14:54',2,'2023-02-28 11:28:13','2023-02-28','2023-02-07'),(13,1,NULL,0,2,'2023-02-28 11:29:39',2,'2023-02-28 11:30:13','2023-02-28','2023-02-07'),(14,1,NULL,0,2,'2023-02-28 11:30:28',2,'2023-02-28 11:31:09','2023-02-28','2023-02-14'),(15,1,NULL,0,2,'2023-02-28 11:38:27',2,'2023-02-28 11:42:27','2023-02-28','2023-02-07'),(16,1,NULL,0,2,'2023-02-28 11:42:44',2,'2023-02-28 11:46:32','2023-02-28','2023-02-17'),(17,1,NULL,0,2,'2023-02-28 11:49:31',2,'2023-02-28 21:01:58','2023-02-28','2023-02-28'),(18,1,NULL,0,2,'2023-02-28 11:57:40',2,'2023-02-28 11:58:29','2023-02-28','2023-02-22'),(19,1,NULL,0,2,'2023-02-28 11:58:44',2,'2023-02-28 11:59:19','2023-02-28','2023-02-23'),(20,1,NULL,0,2,'2023-02-28 20:55:38',2,'2023-02-28 20:57:28','2023-02-28','2023-02-28'),(21,1,NULL,0,2,'2023-02-28 20:58:03',2,'2023-02-28 20:59:00','2023-02-28','2023-02-28'),(22,1,NULL,0,2,'2023-03-02 16:15:58',2,'2023-03-02 16:17:11','2023-03-02','2023-01-02'),(23,1,NULL,0,2,'2023-03-03 07:19:43',2,'2023-03-03 07:22:40','2023-03-03','2023-01-03'),(24,1,NULL,0,2,'2023-03-08 10:23:58',2,'2023-03-08 10:24:50','2023-03-08','2023-03-07'),(25,1,NULL,0,4,'2023-03-09 15:17:25',2,'2023-03-09 17:48:24','2023-03-09','2023-03-09'),(26,1,NULL,0,2,'2023-03-15 13:18:36',2,'2023-03-15 13:19:27','2023-03-15','2023-03-15'),(27,1,NULL,0,2,'2023-03-15 13:36:24',2,'2023-03-15 13:37:32','2023-03-15','2023-03-15'),(28,1,NULL,0,2,'2023-03-20 14:28:21',2,'2023-03-20 14:29:22','2023-03-20','2023-03-20'),(29,1,NULL,0,2,'2023-03-22 10:32:35',2,'2023-03-22 10:33:10','2023-03-22','2023-03-21'),(30,1,NULL,0,2,'2023-03-25 10:21:36',2,'2023-03-25 10:22:13','2023-03-25','2023-03-24'),(31,1,NULL,0,2,'2023-03-25 10:22:28',2,'2023-03-25 10:23:01','2023-03-25','2023-03-24'),(32,1,NULL,0,2,'2023-03-30 14:41:25',2,'2023-03-30 14:41:52','2023-03-30','2023-03-30'),(34,5,NULL,0,2,'2023-04-04 13:04:35',2,'2023-04-04 16:33:49','2023-04-04','2023-03-01'),(36,2,NULL,0,2,'2023-04-06 14:39:07',2,'2023-04-06 14:41:37','2023-04-06','2023-03-29'),(37,2,NULL,0,2,'2023-04-06 14:41:47',2,'2023-04-06 14:43:37','2023-04-06','2023-03-29'),(38,1,NULL,0,2,'2023-04-07 00:05:54',2,'2023-04-07 00:07:35','2023-04-07','2023-04-06'),(39,1,NULL,0,2,'2023-04-07 00:07:45',2,'2023-04-07 00:08:41','2023-04-07','2023-04-06'),(40,6,NULL,0,2,'2023-04-07 20:17:47',2,'2023-04-07 20:18:44','2023-04-07','2023-03-20'),(41,1,NULL,0,2,'2023-04-07 20:22:32',2,'2023-04-07 20:23:17','2023-04-07','2023-03-28'),(42,2,NULL,0,2,'2023-04-08 13:27:11',2,'2023-04-08 13:28:59','2023-04-08','2023-03-10'),(43,7,NULL,0,2,'2023-04-08 13:33:56',2,'2023-04-08 13:35:02','2023-04-08','2023-03-14'),(44,7,NULL,0,2,'2023-04-08 13:36:57',2,'2023-04-08 13:37:35','2023-04-08','2023-03-14'),(45,2,NULL,0,2,'2023-04-10 12:29:01',2,'2023-04-10 12:30:43','2023-04-10','2023-02-03'),(46,1,NULL,0,2,'2023-04-11 14:06:18',2,'2023-04-11 14:06:46','2023-04-11','2023-04-11'),(47,1,NULL,0,2,'2023-04-11 19:46:40',2,'2023-04-11 19:47:33','2023-04-11','2023-04-11'),(48,1,NULL,0,2,'2023-04-12 15:18:47',2,'2023-04-12 15:19:36','2023-04-12','2023-04-12'),(49,1,NULL,0,2,'2023-04-12 22:50:14',2,'2023-04-12 22:52:39','2023-04-12','2023-02-28'),(50,1,NULL,0,2,'2023-04-15 11:38:43',2,'2023-04-15 11:39:13','2023-04-15','2023-01-05'),(51,2,NULL,0,2,'2023-04-15 12:13:41',2,'2023-04-15 12:20:11','2023-04-15','2023-01-06'),(52,1,NULL,0,2,'2023-04-19 10:09:54',2,'2023-04-19 10:17:11','2023-04-19','2023-04-19'),(53,2,NULL,0,2,'2023-04-19 10:26:06',2,'2023-04-19 10:27:46','2023-04-19','2023-01-13'),(54,4,NULL,0,2,'2023-04-19 13:49:20',2,'2023-04-19 13:49:52','2023-04-19','2023-01-24'),(55,1,NULL,0,2,'2023-04-19 18:48:50',2,'2023-04-19 18:49:16','2023-04-19','2023-04-19'),(58,1,NULL,0,2,'2023-04-21 13:37:39',2,'2023-04-21 13:40:28','2023-04-21','2023-04-20'),(59,5,NULL,0,2,'2023-04-21 13:48:14',2,'2023-04-21 13:48:46','2023-04-21','2023-04-20'),(60,2,NULL,0,2,'2023-04-22 16:02:18',2,'2023-04-22 16:04:10','2023-04-22','2023-04-21'),(61,1,NULL,0,2,'2023-04-26 15:50:31',2,'2023-04-26 15:51:06','2023-04-26','2023-04-26'),(62,1,NULL,0,2,'2023-04-27 15:03:59',2,'2023-04-27 15:04:31','2023-04-27','2023-04-27'),(63,1,NULL,0,2,'2023-04-27 15:09:49',2,'2023-04-27 15:10:12','2023-04-27','2023-04-27'),(64,1,NULL,0,2,'2023-05-04 12:44:25',2,'2023-05-08 10:24:40','2023-05-04','2023-05-04'),(65,1,NULL,0,2,'2023-05-08 19:00:39',2,'2023-05-08 19:01:27','2023-05-08','2023-05-08'),(66,1,NULL,0,2,'2023-05-09 21:41:35',2,'2023-05-09 21:42:34','2023-05-09','2023-05-09'),(67,1,NULL,0,2,'2023-05-16 12:13:16',2,'2023-05-16 12:14:07','2023-05-16','2023-05-16'),(68,1,NULL,0,2,'2023-05-16 12:14:14',2,'2023-05-16 12:14:57','2023-05-16','2023-05-16'),(69,1,NULL,0,2,'2023-05-19 16:05:13',2,'2023-05-19 16:05:50','2023-05-19','2023-05-19'),(70,1,NULL,0,2,'2023-05-19 22:11:45',2,'2023-05-19 22:12:32','2023-05-19','2023-05-19'),(71,2,NULL,0,2,'2023-05-22 11:23:01',2,'2023-05-22 11:25:09','2023-05-22','2023-05-21'),(72,2,NULL,0,2,'2023-05-22 11:25:19',2,'2023-05-22 11:29:41','2023-05-22','2023-05-21'),(73,1,NULL,0,2,'2023-05-24 07:01:42',2,'2023-05-24 07:02:27','2023-05-24','2023-05-23'),(75,1,NULL,0,2,'2023-05-24 12:23:10',2,'2023-05-24 12:24:38','2023-05-24','2023-05-24'),(76,1,NULL,0,2,'2023-05-30 15:18:45',2,'2023-05-30 15:19:48','2023-05-30','2023-05-30'),(77,1,NULL,0,2,'2023-05-30 15:20:06',2,'2023-05-30 15:20:53','2023-05-30','2023-05-30'),(78,1,NULL,0,2,'2023-05-30 15:21:44',2,'2023-05-30 15:22:12','2023-05-30','2023-05-30'),(79,8,NULL,0,2,'2023-06-06 08:13:21',2,'2023-06-06 08:14:06','2023-06-06','2023-06-05'),(80,1,NULL,0,2,'2023-06-06 12:52:43',2,'2023-06-06 12:53:36','2023-06-06','2023-06-06'),(81,1,NULL,0,2,'2023-06-08 08:59:34',2,'2023-06-08 09:01:58','2023-06-08','2023-06-07'),(82,1,NULL,0,2,'2023-06-08 09:02:11',2,'2023-06-08 09:02:53','2023-06-08','2023-06-07'),(83,1,NULL,0,2,'2023-06-08 09:03:02',2,'2023-06-08 09:03:33','2023-06-08','2023-06-07'),(84,1,NULL,0,2,'2023-06-09 18:42:41',2,'2023-06-09 18:44:21','2023-06-09','2023-06-09'),(85,1,NULL,0,2,'2023-06-11 06:24:03',2,'2023-06-11 06:28:19','2023-06-09','2023-06-09'),(86,1,NULL,0,2,'2023-06-14 12:45:09',2,'2023-06-14 12:46:24','2023-06-14','2023-06-14'),(88,1,NULL,0,2,'2023-06-15 13:43:30',2,'2023-06-15 13:44:13','2023-06-15','2023-06-15'),(89,1,NULL,0,2,'2023-06-22 09:42:33',2,'2023-06-22 09:43:21','2023-06-22','2023-06-21'),(90,1,NULL,0,2,'2023-06-23 19:31:11',2,'2023-06-23 19:33:35','2023-06-23','2023-06-23'),(91,1,NULL,0,2,'2023-06-23 19:33:47',2,'2023-06-23 19:34:35','2023-06-23','2023-06-23'),(92,1,NULL,0,2,'2023-07-04 00:05:57',2,'2023-07-04 00:08:13','2023-07-04','2023-07-03'),(93,1,NULL,0,2,'2023-07-04 00:08:28',2,'2023-07-04 00:09:29','2023-07-04','2023-07-03'),(94,1,NULL,0,2,'2023-07-04 11:51:24',2,'2023-07-04 11:52:18','2023-07-04','2023-07-04'),(95,1,NULL,0,2,'2023-07-04 11:52:44',2,'2023-07-04 11:53:23','2023-07-04','2023-07-04'),(96,1,NULL,0,2,'2023-07-04 14:37:46',2,'2023-07-04 14:39:03','2023-07-04','2023-07-04'),(97,2,NULL,0,2,'2023-07-04 17:57:10',2,'2023-07-04 17:58:01','2023-07-04','2023-07-04'),(98,2,NULL,0,2,'2023-07-04 17:58:10',2,'2023-07-04 17:58:34','2023-07-04','2023-07-04'),(99,1,NULL,0,2,'2023-07-06 15:28:27',2,'2023-07-06 15:28:55','2023-07-06','2023-07-06'),(100,1,NULL,0,2,'2023-07-06 15:29:17',2,'2023-07-06 21:27:16','2023-07-06','2023-07-06'),(101,1,NULL,0,2,'2023-07-08 21:52:36',2,'2023-07-08 21:53:16','2023-07-08','2023-07-07'),(102,1,NULL,0,2,'2023-07-11 11:30:45',2,'2023-07-11 11:31:25','2023-07-11','2023-07-11'),(103,1,NULL,0,2,'2023-07-12 17:32:19',2,'2023-07-12 17:32:41','2023-07-12','2023-07-12'),(104,1,NULL,0,2,'2023-07-17 17:58:43',2,'2023-07-17 17:59:11','2023-07-17','2023-07-17'),(105,1,NULL,0,4,'2023-07-19 11:09:59',4,'2023-07-19 11:10:28','2023-07-19','2023-07-19'),(106,1,NULL,0,2,'2023-07-20 13:10:35',2,'2023-07-20 13:10:57','2023-07-20','2023-07-20'),(107,1,NULL,0,2,'2023-07-22 21:50:50',2,'2023-07-22 21:51:44','2023-07-22','2023-07-21'),(110,1,NULL,0,2,'2023-07-27 13:29:26',2,'2023-07-27 13:30:14','2023-07-27','2023-07-27'),(109,1,NULL,0,2,'2023-07-22 21:52:36',2,'2023-07-22 21:54:14','2023-07-22','2023-07-21'),(111,1,NULL,0,2,'2023-07-28 23:58:30',2,'2023-07-28 23:59:20','2023-07-28','2023-07-28'),(112,1,NULL,0,2,'2023-08-02 14:25:41',2,'2023-08-31 14:17:29','2023-08-02','2023-08-02'),(113,1,NULL,0,2,'2023-08-02 14:26:29',2,'2023-08-02 14:26:56','2023-08-02','2023-08-02'),(114,1,NULL,0,2,'2023-08-06 10:48:36',2,'2023-08-08 17:07:40','2023-08-06','2023-08-08'),(115,2,NULL,0,2,'2023-08-08 16:53:25',2,'2023-08-08 16:54:12','2023-08-08','2023-08-07'),(116,2,NULL,0,2,'2023-08-08 17:03:23',2,'2023-08-08 17:04:25','2023-08-08','2023-08-07'),(117,1,NULL,0,2,'2023-08-08 17:05:47',2,'2023-08-08 17:06:18','2023-08-08','2023-08-08'),(118,1,NULL,0,2,'2023-08-08 17:13:46',2,'2023-08-08 17:14:16','2023-08-08','2023-08-08'),(119,1,NULL,0,2,'2023-08-11 22:35:40',2,'2023-08-11 22:36:19','2023-08-11','2023-08-11'),(120,1,NULL,0,2,'2023-08-11 22:36:32',2,'2023-08-11 22:37:11','2023-08-11','2023-08-11'),(121,1,NULL,0,2,'2023-08-15 12:06:46',2,'2023-08-15 12:07:43','2023-08-15','2023-08-15'),(122,1,NULL,0,2,'2023-08-22 11:33:38',2,'2023-08-22 11:34:11','2023-08-22','2023-08-22'),(123,1,NULL,0,2,'2023-08-22 11:34:29',2,'2023-08-22 11:35:05','2023-08-22','2023-08-22'),(124,1,NULL,0,2,'2023-08-24 16:14:25',2,'2023-08-24 16:15:08','2023-08-24','2023-08-24'),(125,2,NULL,0,2,'2023-08-26 07:08:05',2,'2023-08-26 07:08:52','2023-08-26','2023-08-25'),(126,2,NULL,0,2,'2023-08-26 07:09:11',2,'2023-08-26 07:10:06','2023-08-26','2023-08-25'),(127,1,NULL,0,2,'2023-08-29 16:03:44',2,'2023-08-29 16:04:23','2023-08-29','2023-08-29'),(128,1,NULL,0,2,'2023-08-29 16:04:39',2,'2023-08-29 16:05:15','2023-08-29','2023-08-29'),(129,1,NULL,0,2,'2023-08-30 16:51:59',2,'2023-08-30 16:52:31','2023-08-30','2023-08-30'),(130,1,NULL,0,2,'2023-08-30 16:53:47',2,'2023-08-31 14:19:15','2023-08-30','2023-08-30'),(131,1,NULL,0,2,'2023-09-05 07:13:29',2,'2023-09-05 07:14:11','2023-09-05','2023-09-04'),(132,1,NULL,0,5,'2023-09-11 21:58:49',2,'2023-09-12 07:42:09','2023-09-11','2023-09-11'),(133,1,NULL,0,2,'2023-09-13 07:54:40',2,'2023-09-13 07:55:07','2023-09-13','2023-09-12'),(134,1,NULL,0,2,'2023-09-14 07:57:17',2,'2023-09-14 07:57:47','2023-09-14','2023-09-13'),(135,1,NULL,0,2,'2023-09-14 16:18:48',2,'2023-09-14 16:19:13','2023-09-14','2023-09-14'),(136,2,NULL,0,2,'2023-09-19 10:54:12',2,'2023-09-19 10:55:56','2023-09-18','2023-09-18'),(137,2,NULL,0,2,'2023-09-19 10:56:07',2,'2023-09-19 10:56:36','2023-09-18','2023-09-18'),(138,1,NULL,0,2,'2023-09-21 09:20:05',2,'2023-09-21 09:20:57','2023-09-21','2023-09-20'),(139,1,NULL,0,2,'2023-09-22 10:02:49',2,'2023-09-22 10:03:16','2023-09-22','2023-09-21'),(140,1,NULL,0,2,'2023-09-28 06:37:47',2,'2023-09-28 06:38:29','2023-09-28','2023-09-27'),(141,1,NULL,0,2,'2023-09-28 06:38:52',2,'2023-09-28 06:39:29','2023-09-28','2023-09-27'),(142,1,NULL,0,2,'2023-10-02 12:56:32',2,'2023-11-06 09:49:42','2023-10-02','2023-10-02'),(143,1,NULL,0,2,'2023-10-02 12:57:37',2,'2023-10-02 13:12:33','2023-10-03','2023-10-03'),(144,1,NULL,0,2,'2023-10-04 11:05:35',2,'2023-10-04 11:06:10','2023-10-04','2023-10-04'),(145,1,NULL,0,2,'2023-10-04 17:27:31',2,'2023-10-04 17:28:02','2023-10-04','2023-10-04'),(146,1,NULL,0,2,'2023-10-04 17:28:10',2,'2023-10-04 17:28:35','2023-10-04','2023-10-04'),(147,9,NULL,0,2,'2023-10-07 21:08:41',2,'2023-10-07 21:09:21','2023-10-07','2023-10-06'),(148,1,NULL,0,2,'2023-10-11 21:02:07',2,'2023-10-11 21:02:30','2023-10-11','2023-10-11'),(149,10,NULL,0,2,'2023-10-12 08:12:10',2,'2023-10-12 08:22:23','2023-10-11','2023-10-11'),(150,1,NULL,0,2,'2023-10-12 16:30:40',2,'2023-10-12 16:31:20','2023-10-12','2023-10-12'),(151,1,NULL,0,2,'2023-10-18 09:00:10',2,'2023-10-18 09:00:47','2023-10-18','2023-10-18'),(152,1,NULL,0,2,'2023-10-23 08:14:54',2,'2023-10-23 08:15:33','2023-10-23','2023-10-20'),(153,1,NULL,0,2,'2023-10-23 08:32:47',2,'2023-10-24 09:03:04','2023-10-23','2023-10-24'),(154,1,NULL,0,2,'2023-10-24 22:57:03',2,'2023-10-24 22:57:46','2023-10-24','2023-10-24'),(155,1,NULL,0,2,'2023-10-25 11:03:45',2,'2023-10-25 11:06:35','2023-10-25','2023-10-25'),(156,1,NULL,0,2,'2023-10-26 09:44:19',2,'2023-10-26 09:45:13','2023-10-26','2023-10-26'),(157,1,NULL,0,2,'2023-11-02 08:48:57',2,'2023-11-06 09:18:56','2023-11-02','2023-11-01'),(158,1,NULL,0,2,'2023-11-03 09:05:19',2,'2023-11-06 10:05:29','2023-11-03','2023-11-02'),(159,1,NULL,0,2,'2023-11-07 12:02:19',2,'2023-11-07 12:02:46','2023-11-07','2023-11-07'),(160,1,NULL,0,2,'2023-11-08 14:45:25',2,'2023-11-08 14:46:03','2023-11-08','2023-11-08'),(161,1,NULL,0,2,'2023-11-13 10:23:40',2,'2023-11-13 10:24:08','2023-11-13','2023-11-13'),(162,1,NULL,0,2,'2023-11-14 09:22:50',2,'2023-11-14 09:23:53','2023-11-14','2023-11-14'),(163,1,NULL,0,2,'2023-11-16 07:11:20',2,'2023-11-17 10:57:37','2023-11-16','2023-11-17'),(164,2,NULL,0,2,'2023-11-17 10:44:49',2,'2023-11-17 10:45:20','2023-11-17','2023-11-16'),(165,2,NULL,0,2,'2023-11-17 10:45:27',2,'2023-11-17 10:48:48','2023-11-17','2023-11-16'),(166,1,NULL,0,2,'2023-11-17 10:47:26',2,'2023-11-17 10:47:54','2023-11-17','2023-11-16'),(167,1,NULL,0,2,'2023-11-22 08:48:07',2,'2023-11-22 08:49:27','2023-11-22','2023-11-22'),(168,1,NULL,0,2,'2023-11-25 07:17:17',2,'2023-11-25 07:17:42','2023-11-25','2023-11-24'),(169,1,NULL,0,2,'2023-11-29 10:28:44',2,'2023-11-29 10:29:06','2023-11-29','2023-11-29'),(170,1,NULL,0,2,'2023-11-30 08:19:28',2,'2023-11-30 08:22:11','2023-11-30','2023-11-30'),(171,2,NULL,0,2,'2023-11-30 08:26:59',2,'2023-11-30 08:27:30','2023-11-30','2023-11-30'),(172,2,NULL,0,2,'2023-11-30 08:27:38',2,'2023-11-30 08:28:07','2023-11-30','2023-11-30'),(173,1,NULL,0,2,'2023-12-05 15:08:52',2,'2023-12-05 15:09:36','2023-12-05','2023-12-05'),(174,1,NULL,0,2,'2023-12-07 08:07:50',2,'2023-12-07 08:08:33','2023-12-07','2023-12-06'),(175,1,NULL,0,2,'2023-12-08 21:59:59',2,'2023-12-15 10:52:11','2023-12-08','2023-12-08'),(176,1,NULL,0,2,'2023-12-12 10:17:23',2,'2023-12-12 10:17:46','2023-12-12','2023-12-12'),(177,1,NULL,0,2,'2023-12-12 10:17:52',2,'2023-12-12 10:18:20','2023-12-12','2023-12-12'),(178,1,NULL,0,2,'2023-12-15 16:43:40',2,'2023-12-15 16:44:05','2023-12-15','2023-12-15'),(179,1,NULL,0,2,'2023-12-21 08:39:11',2,'2023-12-21 08:39:36','2023-12-21','2023-12-20'),(180,12,NULL,0,2,'2023-12-21 08:55:39',2,'2023-12-21 08:56:28','2023-12-19','2023-12-19'),(181,11,NULL,0,2,'2023-12-21 09:02:07',2,'2023-12-21 09:02:40','2023-12-21','2023-12-20'),(182,1,NULL,0,2,'2023-12-22 21:58:30',2,'2023-12-22 21:59:04','2023-12-22','2023-12-22'),(183,1,NULL,0,2,'2023-12-23 09:18:00',2,'2023-12-28 08:12:07','2023-12-26','2023-12-28'),(184,1,NULL,0,2,'2023-12-27 11:34:08',2,'2023-12-27 11:34:58','2023-12-27','2023-12-27'),(185,1,NULL,0,2,'2024-01-03 13:31:04',2,'2024-01-03 13:31:28','2024-01-03','2024-01-03'),(186,1,NULL,0,2,'2024-01-03 13:31:35',2,'2024-01-03 13:32:00','2024-01-03','2024-01-03'),(187,1,NULL,0,2,'2024-01-04 08:07:14',2,'2024-01-04 08:07:35','2024-01-04','2024-01-04'),(188,1,NULL,0,2,'2024-01-07 08:24:15',2,'2024-01-07 08:24:42','2024-01-07','2024-01-07'),(189,2,NULL,0,2,'2024-01-07 16:19:36',2,'2024-01-07 16:20:28','2024-01-07','2024-01-05'),(190,2,NULL,0,2,'2024-01-07 16:20:40',2,'2024-01-07 16:21:22','2024-01-07','2024-01-05'),(191,10,NULL,0,2,'2024-01-09 13:43:26',2,'2024-01-09 13:44:36','2024-01-09','2024-01-09'),(192,1,NULL,0,2,'2024-01-10 11:06:34',2,'2024-01-19 11:27:22','2024-01-10','2024-01-10'),(193,1,NULL,0,5,'2024-01-12 20:16:12',2,'2024-01-19 11:26:52','2024-01-12','2024-01-12'),(194,1,NULL,0,2,'2024-01-18 09:21:30',2,'2024-01-18 09:21:58','2024-01-18','2024-01-18'),(195,1,NULL,0,2,'2024-01-23 20:25:58',2,'2024-01-23 20:26:19','2024-01-23','2024-01-23'),(196,1,NULL,0,2,'2024-01-26 08:04:48',2,'2024-01-26 08:05:45','2024-01-26','2024-01-25'),(197,1,NULL,0,2,'2024-01-29 09:29:22',2,'2024-01-29 09:29:48','2024-01-29','2024-01-29'),(198,1,NULL,0,2,'2024-02-01 08:33:21',2,'2024-02-01 08:33:53','2024-02-01','2024-01-31'),(199,1,NULL,0,2,'2024-02-02 08:57:46',2,'2024-02-02 08:58:29','2024-02-02','2024-02-01'),(200,1,NULL,0,2,'2024-02-08 08:12:33',2,'2024-02-08 08:13:21','2024-02-08','2024-02-07'),(201,1,NULL,0,2,'2024-02-08 08:13:45',2,'2024-02-08 08:14:11','2024-02-08','2024-02-07'),(202,1,NULL,4423,2,'2024-02-12 10:16:55',2,'2024-02-12 10:24:01','2023-12-31','2023-12-31'),(203,1,NULL,0,2,'2024-02-14 08:38:16',2,'2024-02-14 08:39:12','2024-02-14','2024-02-13'),(204,1,NULL,0,2,'2024-02-15 08:50:43',2,'2024-02-15 08:51:19','2024-02-15','2024-02-14'),(205,1,NULL,0,5,'2024-02-20 11:42:06',2,'2024-02-20 21:49:36','2024-02-20','2024-02-20'),(206,1,NULL,0,2,'2024-02-21 12:16:47',2,'2024-02-21 12:17:54','2024-02-21','2024-02-21'),(207,1,NULL,0,2,'2024-02-22 10:48:42',2,'2024-04-08 17:11:02','2024-02-22','2024-04-08'),(208,1,NULL,0,2,'2024-02-29 09:53:00',2,'2024-02-29 09:53:27','2024-02-29','2024-02-27'),(209,2,NULL,0,2,'2024-03-01 09:43:09',2,'2024-03-01 09:47:14','2024-02-29','2024-02-29'),(210,1,NULL,0,2,'2024-03-02 09:34:06',2,'2024-03-02 09:35:33','2024-03-02','2024-03-01'),(211,1,NULL,0,2,'2024-03-06 08:19:14',2,'2024-04-01 10:32:11','2024-03-06','2024-03-05'),(212,1,NULL,0,2,'2024-03-06 08:19:44',2,'2024-03-06 08:20:07','2024-03-06','2024-03-05'),(213,6,NULL,0,2,'2024-03-07 08:06:46',2,'2024-03-07 08:07:09','2024-03-07','2024-03-06'),(214,1,NULL,0,2,'2024-03-11 19:01:05',2,'2024-03-11 19:01:35','2024-03-11','2024-03-11'),(215,1,NULL,0,2,'2024-03-12 13:10:06',2,'2024-03-12 13:10:37','2024-03-12','2024-03-12'),(216,1,NULL,0,2,'2024-03-15 13:43:04',2,'2024-03-15 13:43:41','2024-03-15','2024-03-15'),(217,1,NULL,0,2,'2024-03-21 12:23:13',2,'2024-03-21 12:23:39','2024-03-21','2024-03-21'),(218,1,NULL,0,2,'2024-03-24 12:32:19',2,'2024-03-24 12:33:20','2024-03-24','2024-03-22'),(219,1,NULL,0,2,'2024-03-27 22:04:42',2,'2024-03-27 22:05:17','2024-03-27','2024-03-27'),(220,1,NULL,0,2,'2024-03-27 22:05:38',2,'2024-03-27 22:06:06','2024-03-27','2024-03-27'),(221,2,NULL,0,2,'2024-03-27 22:27:08',2,'2024-03-27 22:27:43','2024-03-27','2024-03-27'),(222,2,NULL,0,2,'2024-03-27 22:27:55',2,'2024-03-27 22:28:30','2024-03-27','2024-03-27'),(223,1,NULL,0,2,'2024-03-29 22:54:33',2,'2024-03-29 22:55:00','2024-03-29','2024-03-29'),(224,1,NULL,0,2,'2024-03-29 22:55:10',2,'2024-03-29 22:55:39','2024-03-29','2024-03-29'),(225,1,NULL,0,2,'2024-04-04 11:35:51',2,'2024-04-04 11:36:11','2024-04-04','2024-04-04'),(226,1,NULL,0,2,'2024-04-04 11:36:23',2,'2024-04-04 11:36:42','2024-04-04','2024-04-04'),(227,1,NULL,0,2,'2024-04-09 10:50:47',2,'2024-04-09 10:51:09','2024-04-09','2024-04-09'),(228,1,NULL,0,2,'2024-04-16 13:45:23',2,'2024-04-16 13:45:43','2024-04-16','2024-04-16'),(229,1,NULL,0,2,'2024-04-16 13:45:57',2,'2024-04-16 13:46:18','2024-04-16','2024-04-16'),(230,1,NULL,0,2,'2024-04-16 13:46:31',2,'2024-04-16 13:46:50','2024-04-16','2024-04-16'),(231,1,NULL,0,2,'2024-04-16 13:47:00',2,'2024-04-16 13:47:20','2024-04-16','2024-04-16'),(232,1,NULL,0,2,'2024-04-18 13:26:07',2,'2024-04-18 13:26:27','2024-04-18','2024-04-18'),(233,1,NULL,0,2,'2024-04-22 12:07:35',2,'2024-04-22 12:07:55','2024-04-22','2024-04-22'),(234,2,NULL,0,2,'2024-04-22 12:27:34',2,'2024-04-22 12:28:28','2024-04-22','2024-04-19'),(235,2,NULL,0,2,'2024-04-22 12:28:39',2,'2024-04-22 12:29:10','2024-04-22','2024-04-19'),(236,1,NULL,0,2,'2024-04-23 13:32:05',2,'2024-04-23 13:32:44','2024-04-23','2024-04-23'),(237,1,NULL,0,2,'2024-04-25 09:53:10',2,'2024-04-30 12:40:27','2024-04-30','2024-04-30'),(238,1,NULL,0,2,'2024-04-25 16:05:40',2,'2024-04-25 16:12:08','2024-04-25','2024-04-25'),(239,1,NULL,0,2,'2024-05-02 10:40:11',2,'2024-05-02 10:40:57','2024-05-02','2024-05-02'),(240,8,NULL,0,2,'2024-05-02 13:56:10',2,'2024-05-02 13:56:44','2024-05-02','2024-05-02'),(241,1,NULL,0,2,'2024-05-06 11:57:22',2,'2024-05-06 11:57:52','2024-05-06','2024-05-06'),(242,1,NULL,0,2,'2024-05-08 11:02:41',2,'2024-05-08 11:03:20','2024-05-08','2024-05-07'),(243,1,NULL,0,2,'2024-05-10 16:32:13',2,'2024-05-10 16:32:38','2024-05-10','2024-05-09'),(244,1,NULL,0,2,'2024-05-10 16:34:00',2,'2024-05-10 16:34:56','2024-05-10','2024-05-10'),(245,1,NULL,0,2,'2024-05-14 14:33:50',2,'2024-05-28 16:56:01','2024-05-14','2024-05-14'),(246,1,NULL,0,2,'2024-05-16 14:03:17',2,'2024-05-28 16:58:29','2024-05-16','2024-05-16'),(247,1,NULL,0,2,'2024-05-21 16:34:36',2,'2024-05-21 16:35:05','2024-05-21','2024-05-21'),(248,2,NULL,0,2,'2024-05-22 14:37:41',2,'2024-05-22 14:38:26','2024-05-22','2024-05-22'),(249,2,NULL,0,2,'2024-05-22 14:39:02',2,'2024-05-22 14:39:34','2024-05-22','2024-05-22'),(250,1,NULL,0,2,'2024-05-24 09:09:16',2,'2024-05-24 09:09:46','2024-05-24','2024-05-22'),(251,1,NULL,0,2,'2024-05-24 09:09:55',2,'2024-05-24 09:11:22','2024-05-24','2024-05-22'),(252,1,NULL,0,2,'2024-05-28 07:54:42',2,'2024-05-28 07:55:22','2024-05-28','2024-05-27'),(253,1,NULL,0,2,'2024-05-30 12:16:20',2,'2024-05-30 12:17:09','2024-05-30','2024-05-30'),(254,1,NULL,0,2,'2024-05-30 12:18:50',2,'2024-05-31 23:08:34','2024-05-30','2024-05-31'),(255,1,NULL,0,2,'2024-06-05 22:56:57',2,'2024-06-05 22:58:44','2024-06-05','2024-06-05'),(256,1,NULL,0,2,'2024-06-12 05:35:21',2,'2024-06-12 05:36:05','2024-06-12','2024-06-12'),(257,1,NULL,0,2,'2024-06-14 08:56:29',2,'2024-06-14 08:57:07','2024-06-14','2024-06-14'),(258,1,NULL,0,5,'2024-06-20 12:34:50',2,'2024-06-21 12:07:17','2024-06-20','2024-06-20'),(259,8,NULL,0,2,'2024-06-21 12:21:38',2,'2024-06-21 12:22:15','2024-06-21','2024-06-19'),(260,13,NULL,0,2,'2024-06-21 12:22:37',1,'2024-07-09 13:18:30','2024-06-21','2024-07-09'),(261,1,NULL,0,2,'2024-06-25 22:25:33',2,'2024-06-28 21:44:53','2024-06-25','2024-06-28'),(262,1,NULL,0,2,'2024-06-27 10:39:15',2,'2024-07-03 08:55:42','2024-06-27','2024-06-26'),(263,14,NULL,0,2,'2024-07-01 11:11:51',2,'2024-07-01 11:12:38','2024-07-01','2024-06-27'),(264,1,NULL,0,2,'2024-07-03 12:13:10',2,'2024-07-03 12:13:34','2024-07-03','2024-07-03'),(265,15,NULL,0,2,'2024-07-08 10:21:46',1,'2024-07-09 13:21:15','2024-07-08','2024-07-09'),(266,2,NULL,0,2,'2024-07-09 12:47:50',2,'2024-07-09 12:53:17','2024-07-09','2024-07-09'),(267,2,NULL,0,2,'2024-07-09 12:53:31',2,'2024-07-09 12:54:08','2024-07-09','2024-07-09'),(268,1,NULL,0,2,'2024-07-10 22:13:06',2,'2024-07-10 22:13:37','2024-07-10','2024-07-10'),(271,1,NULL,0,2,'2024-07-16 12:52:55',2,'2024-07-16 12:53:33','2024-07-16','2024-07-16'),(272,16,NULL,0,2,'2024-07-16 13:05:11',2,'2024-07-16 13:13:21','2024-07-16','2024-07-16'),(273,1,NULL,0,2,'2024-07-18 13:37:39',2,'2024-07-18 13:38:31','2024-07-18','2024-07-18'),(274,1,NULL,0,5,'2024-07-24 19:32:46',2,'2024-07-25 01:33:27','2024-07-24','2024-07-24'),(275,5,NULL,0,2,'2024-07-29 09:20:04',2,'2024-07-29 09:21:30','2024-07-29','2024-07-19'),(276,18,NULL,0,2,'2024-07-29 09:22:22',2,'2024-07-29 09:23:05','2024-07-29','2024-07-23'),(277,1,NULL,0,2,'2024-08-02 06:18:17',2,'2024-08-02 06:19:02','2024-08-02','2024-08-01'),(278,1,NULL,0,2,'2024-08-05 13:08:14',2,'2024-08-05 13:08:43','2024-08-05','2024-08-05'),(279,1,NULL,0,2,'2024-08-11 12:44:17',2,'2024-08-11 12:44:56','2024-08-11','2024-08-09'),(280,2,NULL,0,2,'2024-08-11 12:50:01',2,'2024-08-11 12:50:40','2024-08-11','2024-08-09'),(281,2,NULL,0,2,'2024-08-11 12:50:48',2,'2024-08-11 12:51:29','2024-08-11','2024-08-09'),(282,1,NULL,0,2,'2024-08-16 15:11:57',2,'2024-08-16 15:12:29','2024-08-16','2024-08-16'),(283,1,NULL,0,2,'2024-08-19 11:47:49',2,'2024-08-19 12:00:31','2024-08-19','2024-08-19'),(284,6,NULL,0,2,'2024-08-19 12:38:27',2,'2024-08-19 12:40:01','2024-08-19','2024-08-14'),(285,1,NULL,0,5,'2024-08-20 11:18:30',5,'2024-08-20 11:21:17','2024-08-20','2024-08-20'),(286,1,NULL,0,5,'2024-08-24 08:56:28',5,'2024-08-24 10:08:50','2024-08-24','2024-08-24'),(287,1,NULL,0,5,'2024-08-30 18:09:26',5,'2024-08-30 18:14:18','2024-08-30','2024-08-30'),(288,1,NULL,0,5,'2024-09-04 17:57:41',5,'2024-09-04 17:59:49','2024-09-04','2024-09-04'),(289,2,NULL,0,2,'2024-09-06 08:22:34',2,'2024-09-06 08:23:02','2024-09-06','2024-09-05'),(290,2,NULL,0,2,'2024-09-06 08:23:11',2,'2024-09-06 08:23:38','2024-09-06','2024-09-05'),(291,1,NULL,0,2,'2024-09-12 18:17:14',2,'2024-09-12 18:17:42','2024-09-12','2024-09-12'),(292,2,NULL,0,5,'2024-09-17 09:26:48',5,'2024-09-17 09:30:00','2024-09-17','2024-09-17'),(293,2,NULL,0,5,'2024-09-17 09:30:20',5,'2024-09-17 09:31:30','2024-09-17','2024-09-17'),(294,1,NULL,0,5,'2024-09-19 07:55:54',5,'2024-09-19 07:57:26','2024-09-19','2024-09-19'),(295,1,NULL,0,5,'2024-09-23 15:49:36',5,'2024-09-23 15:51:42','2024-09-23','2024-09-23'),(296,1,NULL,0,2,'2024-09-30 13:04:46',2,'2024-09-30 13:13:33','2024-09-30','2024-09-30'),(297,1,NULL,0,2,'2024-10-02 16:37:52',2,'2024-10-02 16:38:16','2024-10-02','2024-10-02'),(298,2,NULL,0,2,'2024-10-03 13:49:45',2,'2024-10-03 13:50:24','2024-10-03','2024-10-02'),(299,10,NULL,0,2,'2024-10-07 09:53:58',2,'2024-10-07 09:54:36','2024-10-07','2024-10-02'),(300,2,NULL,0,2,'2024-10-09 10:58:08',2,'2024-10-09 10:58:46','2024-10-09','2024-10-08'),(301,1,NULL,0,2,'2024-10-09 11:15:04',2,'2024-10-09 16:30:20','2024-10-09','2024-10-09'),(302,1,NULL,0,5,'2024-10-10 18:08:10',5,'2024-10-10 18:09:17','2024-10-10','2024-10-10'),(303,16,NULL,0,2,'2024-10-15 15:39:57',2,'2024-10-15 15:40:39','2024-10-15','2024-10-15'),(304,1,NULL,0,5,'2024-10-16 19:47:57',5,'2024-10-16 19:48:46','2024-10-16','2024-10-16'),(305,1,NULL,0,5,'2024-10-23 10:22:11',5,'2024-10-23 10:29:25','2024-10-23','2024-10-23'),(306,1,NULL,0,5,'2024-10-29 11:52:52',5,'2024-10-29 11:54:23','2024-10-29','2024-10-29'),(307,1,NULL,0,5,'2024-10-29 12:01:09',5,'2024-10-29 12:02:16','2024-10-29','2024-10-29'),(308,1,NULL,0,5,'2024-11-05 16:14:01',5,'2024-11-05 16:15:02','2024-11-05','2024-11-05'),(309,1,NULL,0,5,'2024-11-05 16:15:27',5,'2024-11-05 16:16:13','2024-11-05','2024-11-05'),(310,16,NULL,0,2,'2024-11-08 09:47:26',2,'2024-11-08 09:48:05','2024-11-08','2024-11-08'),(311,1,NULL,0,2,'2024-11-12 09:32:05',2,'2024-11-12 09:32:30','2024-11-12','2024-11-12'),(312,1,NULL,0,5,'2024-11-16 20:00:04',5,'2024-11-16 20:06:26','2024-11-16','2024-11-16'),(313,1,NULL,0,5,'2024-11-19 15:21:35',5,'2024-11-19 15:22:37','2024-11-19','2024-11-19'),(314,1,NULL,0,5,'2024-11-21 08:10:37',5,'2024-11-21 08:11:34','2024-11-21','2024-11-21'),(315,19,NULL,0,2,'2024-11-22 11:29:09',2,'2024-11-22 11:30:13','2024-11-21','2024-11-22'),(317,1,NULL,0,5,'2024-11-27 08:39:19',5,'2024-11-27 08:40:31','2024-11-27','2024-11-27'),(318,1,NULL,0,5,'2024-12-04 08:12:50',5,'2024-12-04 08:14:23','2024-12-04','2024-12-04'),(319,1,NULL,0,2,'2024-12-05 10:52:23',5,'2024-12-10 13:58:56','2024-12-05','2024-12-10'),(320,1,NULL,0,5,'2024-12-10 08:27:49',5,'2024-12-10 08:28:54','2024-12-10','2024-12-10'),(321,1,NULL,0,2,'2024-12-12 09:03:43',2,'2024-12-12 09:04:06','2024-12-12','2024-12-12'),(322,1,NULL,0,5,'2024-12-14 12:54:21',5,'2024-12-14 12:55:16','2024-12-14','2024-12-14'),(323,1,NULL,0,5,'2024-12-19 08:29:43',5,'2024-12-19 08:30:52','2024-12-19','2024-12-19'),(324,1,NULL,0,5,'2024-12-25 08:13:15',5,'2024-12-25 08:14:08','2024-12-25','2024-12-25'),(325,1,NULL,0,5,'2024-12-31 07:49:08',5,'2024-12-31 07:50:04','2024-12-31','2024-12-31'),(326,20,NULL,0,2,'2025-01-03 18:37:24',2,'2025-01-03 18:37:49','2025-01-03','2025-01-03'),(327,1,NULL,0,2,'2025-01-07 08:14:00',5,'2025-01-07 08:49:53','2025-01-07','2025-01-07'),(328,8,NULL,0,2,'2025-01-10 11:21:34',2,'2025-01-10 11:22:47','2025-01-10','2025-01-10'),(329,1,NULL,0,5,'2025-01-13 08:40:51',5,'2025-01-13 08:41:41','2025-01-13','2025-01-13'),(330,1,NULL,0,5,'2025-01-17 06:13:01',5,'2025-01-17 06:14:24','2025-01-17','2025-01-17'),(331,1,NULL,0,2,'2025-01-22 20:15:50',2,'2025-01-22 20:16:14','2025-01-22','2025-01-22'),(332,1,NULL,0,5,'2025-01-24 18:21:40',5,'2025-01-24 18:22:45','2025-01-24','2025-01-24'),(333,1,NULL,0,5,'2025-01-28 09:18:30',5,'2025-01-28 09:19:37','2025-01-28','2025-01-28'),(334,1,NULL,0,2,'2025-02-03 11:01:14',2,'2025-02-03 11:02:00','2025-02-03','2025-01-31'),(335,1,NULL,0,5,'2025-02-04 08:01:53',5,'2025-02-04 08:03:00','2025-02-04','2025-02-04'),(336,1,NULL,0,2,'2025-02-08 22:27:47',5,'2025-03-28 20:57:07','2025-02-10','2025-03-28'),(337,1,NULL,0,5,'2025-02-10 08:10:27',5,'2025-02-10 08:11:22','2025-02-10','2025-02-10'),(338,22,NULL,0,2,'2025-02-11 08:36:16',2,'2025-02-11 08:37:16','2025-02-11','2025-02-10'),(339,1,NULL,0,5,'2025-02-13 09:51:13',5,'2025-02-13 09:52:28','2025-02-13','2025-02-13'),(340,19,NULL,0,2,'2025-02-17 11:42:35',2,'2025-02-17 11:43:04','2025-02-17','2025-02-17'),(341,19,NULL,0,2,'2025-02-17 11:43:11',2,'2025-02-17 11:43:45','2025-02-17','2025-02-17'),(342,19,NULL,0,2,'2025-02-17 11:43:56',2,'2025-02-17 11:44:16','2025-02-17','2025-02-17'),(343,1,NULL,0,5,'2025-02-18 08:55:08',5,'2025-02-18 08:57:43','2025-02-18','2025-02-18'),(344,1,NULL,0,5,'2025-02-21 18:25:53',5,'2025-02-21 18:26:42','2025-02-21','2025-02-21'),(345,10,NULL,0,5,'2025-02-24 15:49:18',5,'2025-02-24 15:49:41','2025-02-24','2025-02-24'),(346,16,NULL,0,5,'2025-02-25 11:56:26',5,'2025-02-25 11:56:49','2025-02-25','2025-02-25'),(347,23,NULL,0,5,'2025-02-25 19:24:20',5,'2025-02-25 19:30:41','2025-02-25','2025-02-25'),(348,1,NULL,0,5,'2025-02-26 17:44:18',5,'2025-02-26 17:45:14','2025-02-26','2025-02-26'),(349,21,NULL,0,5,'2025-02-26 18:34:54',5,'2025-02-26 18:36:12','2025-02-26','2025-02-26'),(350,1,NULL,0,5,'2025-02-27 09:11:08',5,'2025-02-27 09:11:58','2025-02-27','2025-02-27'),(351,1,NULL,0,5,'2025-03-06 09:52:51',5,'2025-03-06 09:54:10','2025-03-06','2025-03-06'),(352,1,NULL,0,5,'2025-03-08 20:55:21',5,'2025-03-08 20:56:05','2025-03-08','2025-03-08'),(353,1,NULL,0,5,'2025-03-12 08:42:35',5,'2025-03-12 08:43:37','2025-03-12','2025-03-12'),(354,1,NULL,0,5,'2025-03-13 19:38:53',5,'2025-03-13 19:39:45','2025-03-13','2025-03-13'),(355,1,NULL,0,5,'2025-03-18 14:30:43',5,'2025-03-18 14:32:02','2025-03-18','2025-03-18'),(356,1,NULL,0,5,'2025-03-25 08:55:05',5,'2025-03-25 08:56:09','2025-03-25','2025-03-25'),(357,21,NULL,0,2,'2025-03-25 15:34:51',2,'2025-03-25 15:35:24','2025-03-25','2025-03-25'),(358,20,NULL,0,2,'2025-03-25 15:36:35',2,'2025-03-25 15:39:39','2025-03-25','2025-03-25'),(359,1,NULL,-100000,5,'2025-03-27 11:16:19',2,'2025-03-29 10:24:33','2025-03-27','2025-03-29'),(360,1,NULL,0,5,'2025-03-29 13:53:04',5,'2025-03-29 13:54:10','2025-03-29','2025-03-29'),(361,1,NULL,0,5,'2025-04-03 10:20:06',5,'2025-04-03 10:20:48','2025-04-03','2025-04-03'),(362,21,NULL,0,2,'2025-04-04 11:23:05',2,'2025-04-04 11:24:36','2025-04-04','2025-04-04'),(364,21,NULL,0,2,'2025-04-05 13:13:00',2,'2025-04-05 13:13:47','2025-04-05','2025-04-05'),(365,1,NULL,0,2,'2025-04-08 09:08:53',2,'2025-04-08 09:09:13','2025-04-08','2025-04-08'),(366,1,NULL,0,2,'2025-04-15 16:10:29',2,'2025-04-15 16:11:27','2025-04-15','2025-04-15'),(367,4,NULL,0,2,'2025-04-17 15:29:50',2,'2025-04-17 15:30:09','2025-04-17','2025-04-17'),(368,1,NULL,0,5,'2025-04-18 20:46:29',5,'2025-04-18 20:47:44','2025-04-18','2025-04-18'),(369,24,NULL,-12500,2,'2025-04-23 06:36:23',2,'2025-04-23 06:37:48','2025-04-23','2025-04-22'),(370,21,NULL,0,2,'2025-04-23 12:33:43',2,'2025-04-23 12:35:04','2025-04-23','2025-04-23'),(371,1,NULL,0,2,'2025-04-23 17:15:43',2,'2025-04-23 17:16:17','2025-04-23','2025-04-23'),(372,16,NULL,0,2,'2025-04-25 08:47:49',2,'2025-04-25 08:48:19','2025-04-25','2025-04-25'),(373,24,NULL,0,2,'2025-04-25 19:25:30',2,'2025-04-25 19:27:16','2025-04-25','2025-04-25'),(374,1,NULL,0,2,'2025-04-30 11:33:40',2,'2025-04-30 11:39:25','2025-04-30','2025-04-30'),(375,1,NULL,0,5,'2025-05-06 15:31:18',5,'2025-05-06 15:32:52','2025-05-06','2025-05-06'),(376,1,NULL,0,5,'2025-05-08 12:37:15',5,'2025-05-08 12:38:27','2025-05-08','2025-05-08'),(377,1,NULL,0,2,'2025-05-12 09:42:06',2,'2025-05-12 09:42:33','2025-05-12','2025-05-12'),(378,21,NULL,0,9,'2025-05-13 12:38:02',9,'2025-05-13 12:38:54','2025-05-13','2025-05-13'),(380,1,NULL,0,2,'2025-05-19 10:14:28',2,'2025-05-19 10:14:59','2025-05-19','2025-05-19'),(381,1,NULL,0,5,'2025-05-22 09:52:25',5,'2025-05-22 09:53:22','2025-05-22','2025-05-22'),(382,1,NULL,0,5,'2025-05-26 16:26:02',5,'2025-05-26 16:39:54','2025-05-26','2025-05-26'),(383,1,NULL,0,2,'2025-05-29 09:49:46',2,'2025-05-29 09:50:20','2025-05-29','2025-05-29'),(384,1,NULL,0,2,'2025-05-30 11:22:11',2,'2025-05-31 07:16:19','2025-05-30','2025-05-30'),(385,1,NULL,0,2,'2025-06-02 13:56:03',5,'2025-06-02 22:10:05','2025-06-02','2025-06-02'),(386,1,NULL,0,5,'2025-06-04 12:31:14',5,'2025-06-04 12:31:52','2025-06-04','2025-06-04'),(387,21,NULL,0,5,'2025-06-05 11:08:45',5,'2025-06-05 11:09:44','2025-06-05','2025-06-05'),(388,21,NULL,0,5,'2025-06-05 11:13:52',5,'2025-06-05 11:15:18','2025-06-05','2025-06-05'),(389,1,NULL,0,5,'2025-06-06 19:25:43',5,'2025-06-06 19:27:09','2025-06-06','2025-06-06'),(390,1,NULL,0,5,'2025-06-16 12:43:18',5,'2025-06-16 12:44:10','2025-06-16','2025-06-16'),(391,1,NULL,0,2,'2025-06-19 17:33:02',2,'2025-06-19 17:33:24','2025-06-19','2025-06-19'),(392,25,NULL,0,9,'2025-06-19 17:45:41',9,'2025-06-19 17:47:40','2025-06-19','2025-06-19'),(393,1,NULL,0,2,'2025-06-24 17:05:31',2,'2025-06-24 17:06:01','2025-06-24','2025-06-24'),(396,1,NULL,0,2,'2025-07-02 12:41:00',2,'2025-07-02 12:41:48','2025-07-02','2025-07-02'),(395,5,NULL,0,2,'2025-06-30 12:24:48',2,'2025-06-30 12:25:19','2025-06-30','2025-06-30'),(397,16,NULL,0,9,'2025-07-04 17:05:20',9,'2025-07-04 17:05:42','2025-07-04','2025-07-04'),(398,1,NULL,0,5,'2025-07-04 21:29:36',5,'2025-07-04 21:30:08','2025-07-04','2025-07-04'),(399,1,NULL,0,5,'2025-07-08 19:55:02',5,'2025-07-08 19:56:02','2025-07-08','2025-07-08'),(400,1,NULL,0,5,'2025-07-14 14:30:09',5,'2025-07-14 14:31:01','2025-07-14','2025-07-14'),(401,1,NULL,0,5,'2025-07-15 15:55:41',5,'2025-07-15 15:57:07','2025-07-15','2025-07-15'),(402,1,NULL,0,2,'2025-07-22 15:15:18',2,'2025-07-22 15:15:48','2025-07-22','2025-07-22'),(403,21,NULL,0,2,'2025-07-22 15:22:14',2,'2025-08-16 13:53:49','2025-07-22','2025-08-21'),(404,26,NULL,0,2,'2025-07-24 10:40:19',2,'2025-07-24 10:41:53','2025-07-24','2025-07-24'),(405,1,NULL,0,5,'2025-07-26 18:38:32',5,'2025-07-26 18:39:40','2025-07-26','2025-07-26'),(406,1,NULL,0,2,'2025-07-28 10:31:47',5,'2025-07-31 12:38:31','2025-07-31','2025-07-31'),(407,1,NULL,0,5,'2025-07-31 12:35:09',5,'2025-07-31 12:36:02','2025-07-31','2025-07-31'),(408,1,NULL,0,2,'2025-08-05 20:57:13',2,'2025-08-05 20:57:40','2025-08-05','2025-08-05'),(409,1,NULL,0,2,'2025-08-08 08:22:50',2,'2025-08-08 08:23:18','2025-08-08','2025-08-07'),(410,1,NULL,0,5,'2025-08-13 08:51:37',5,'2025-08-13 08:52:27','2025-08-13','2025-08-13'),(411,1,NULL,0,2,'2025-08-13 11:56:25',5,'2025-08-19 09:34:01','2025-08-13','2025-08-19'),(412,21,NULL,0,2,'2025-08-13 15:20:41',5,'2025-08-23 07:52:21','2025-08-12','2025-08-23'),(413,1,NULL,0,2,'2025-08-16 10:01:18',2,'2025-08-16 10:02:13','2025-08-16','2025-08-15'),(414,1,NULL,0,5,'2025-08-18 17:15:33',5,'2025-08-18 17:16:34','2025-08-18','2025-08-18'),(415,21,NULL,0,9,'2025-08-22 12:40:18',9,'2025-08-22 12:45:22','2025-08-22','2025-08-22'),(416,1,NULL,0,5,'2025-08-25 12:45:41',5,'2025-08-25 12:46:35','2025-08-25','2025-08-25'),(417,21,NULL,0,2,'2025-08-27 09:53:09',9,'2025-09-02 17:16:34','2025-08-22','2025-09-02'),(418,1,NULL,0,5,'2025-08-27 16:28:21',5,'2025-08-27 16:32:01','2025-08-27','2025-08-27'),(419,1,NULL,0,5,'2025-09-02 17:10:56',5,'2025-09-02 17:11:38','2025-09-02','2025-09-02'),(420,1,NULL,0,5,'2025-09-04 15:47:24',5,'2025-09-04 15:48:19','2025-09-04','2025-09-04'),(421,21,NULL,0,9,'2025-09-08 11:32:59',9,'2025-09-08 11:34:05','2025-09-08','2025-09-08'),(422,1,NULL,0,5,'2025-09-09 16:57:33',5,'2025-09-09 16:59:43','2025-09-09','2025-09-09'),(423,1,NULL,0,2,'2025-09-12 17:12:59',2,'2025-09-12 17:13:28','2025-09-12','2025-09-12'),(424,1,NULL,0,5,'2025-09-13 09:59:06',5,'2025-09-13 10:04:13','2025-09-13','2025-09-13'),(425,1,NULL,0,5,'2025-09-15 17:43:37',5,'2025-09-15 17:44:50','2025-09-15','2025-09-15'),(426,1,NULL,0,5,'2025-09-18 06:54:04',5,'2025-09-18 06:54:53','2025-09-18','2025-09-18'),(427,1,NULL,0,5,'2025-09-18 16:56:51',5,'2025-09-18 16:57:49','2025-09-18','2025-09-18'),(428,1,NULL,0,5,'2025-09-23 19:19:22',5,'2025-09-23 19:20:33','2025-09-23','2025-09-23'),(429,1,NULL,0,5,'2025-09-25 17:50:25',5,'2025-09-25 17:51:45','2025-09-25','2025-09-25'),(430,1,NULL,0,5,'2025-09-29 18:33:37',5,'2025-09-29 18:34:16','2025-09-29','2025-09-29'),(431,1,NULL,0,2,'2025-09-30 08:27:32',2,'2025-09-30 08:36:10','2025-09-30','2025-09-30'),(432,9,NULL,0,5,'2025-09-30 10:04:41',5,'2025-09-30 10:05:41','2025-09-30','2025-09-30'),(433,1,NULL,0,2,'2025-09-30 10:11:32',5,'2025-09-30 10:16:14','2025-09-30','2025-09-30'),(434,1,NULL,0,5,'2025-09-30 11:50:02',5,'2025-09-30 11:50:56','2025-09-30','2025-09-30'),(435,22,NULL,0,9,'2025-10-01 08:17:21',9,'2025-10-01 08:18:51','2025-10-01','2025-09-30'),(437,16,NULL,0,9,'2025-10-03 16:11:37',9,'2025-10-03 16:14:18','2025-10-03','2025-10-03'),(438,1,NULL,0,5,'2025-10-04 09:01:05',5,'2025-10-04 09:01:58','2025-10-04','2025-10-04'),(439,1,NULL,0,5,'2025-10-06 18:20:32',5,'2025-10-06 18:21:24','2025-10-06','2025-10-06'),(440,1,NULL,0,2,'2025-10-09 15:14:06',2,'2025-10-09 15:14:36','2025-10-09','2025-10-09'),(441,1,NULL,0,5,'2025-10-09 18:08:25',5,'2025-10-09 18:09:41','2025-10-09','2025-10-09'),(442,1,NULL,0,5,'2025-10-14 15:17:53',5,'2025-10-14 15:19:04','2025-10-14','2025-10-14'),(443,1,NULL,0,5,'2025-10-16 12:01:55',5,'2025-10-16 12:02:40','2025-10-16','2025-10-16'),(444,6,NULL,0,9,'2025-10-17 08:27:15',9,'2025-10-17 08:28:25','2025-10-17','2025-05-06'),(445,1,NULL,0,5,'2025-10-21 08:23:52',5,'2025-10-21 08:24:36','2025-10-21','2025-10-21'),(446,1,NULL,0,5,'2025-10-22 21:49:54',5,'2025-10-22 21:51:23','2025-10-22','2025-10-22'),(447,10,NULL,0,5,'2025-10-28 08:10:51',5,'2025-10-28 08:11:18','2025-10-28','2025-10-28'),(448,10,NULL,0,5,'2025-10-28 08:11:47',5,'2025-10-28 08:12:20','2025-10-28','2025-10-28'),(449,1,NULL,0,2,'2025-10-29 08:48:59',2,'2025-10-29 08:50:12','2025-10-29','2025-10-28'),(450,21,NULL,0,5,'2025-10-29 16:35:21',5,'2025-10-29 16:36:26','2025-10-29','2025-10-29'),(451,1,NULL,0,2,'2025-10-30 17:24:40',2,'2025-10-30 17:25:03','2025-10-30','2025-10-30'),(452,1,NULL,0,5,'2025-10-31 09:01:06',5,'2025-10-31 09:01:55','2025-10-31','2025-10-31'),(453,1,NULL,0,2,'2025-10-31 09:21:03',2,'2025-10-31 09:36:35','2025-10-31','2025-10-31'),(454,16,NULL,0,2,'2025-11-01 09:39:06',2,'2025-11-01 09:39:18','2025-11-01','2025-11-01'),(455,9,NULL,0,5,'2025-11-03 13:28:40',5,'2025-11-03 13:30:07','2025-11-03','2025-11-03'),(456,1,NULL,0,5,'2025-11-05 16:10:11',5,'2025-11-05 16:13:16','2025-11-05','2025-11-05'),(457,1,NULL,0,5,'2025-11-05 16:41:45',5,'2025-11-05 16:42:28','2025-11-05','2025-11-05'),(458,11,NULL,0,5,'2025-11-06 15:47:21',5,'2025-11-06 15:48:49','2025-11-06','2025-11-06'),(459,1,NULL,0,5,'2025-11-12 09:03:53',5,'2025-11-12 09:04:47','2025-11-12','2025-11-12'),(460,1,NULL,0,5,'2025-11-12 15:05:12',5,'2025-11-12 15:06:02','2025-11-12','2025-11-12'),(461,1,NULL,0,5,'2025-11-15 08:56:21',5,'2025-11-15 08:57:53','2025-11-15','2025-11-15'),(462,1,NULL,0,5,'2025-11-21 09:13:36',5,'2025-11-21 09:15:14','2025-11-21','2025-11-21'),(463,21,NULL,0,5,'2025-11-24 08:38:45',5,'2025-11-24 08:39:13','2025-11-24','2025-11-24'),(464,1,NULL,0,5,'2025-11-26 12:40:52',5,'2025-11-26 12:41:53','2025-11-26','2025-11-26'),(465,1,NULL,0,5,'2025-11-29 18:05:48',5,'2025-11-29 18:07:30','2025-11-29','2025-11-28'),(466,1,NULL,0,5,'2025-12-04 21:25:06',5,'2025-12-04 21:25:54','2025-12-04','2025-12-04'),(467,9,NULL,0,5,'2025-12-06 09:22:12',5,'2025-12-06 09:22:45','2025-12-06','2025-12-06'),(468,1,NULL,0,2,'2025-12-09 09:56:47',2,'2025-12-09 09:57:06','2025-12-09','2025-12-09'),(469,1,NULL,0,5,'2025-12-13 08:01:53',5,'2025-12-13 08:03:16','2025-12-13','2025-12-13'),(470,1,NULL,0,5,'2025-12-16 16:36:44',5,'2025-12-16 16:37:23','2025-12-16','2025-12-16'),(471,8,NULL,0,9,'2025-12-22 08:18:56',9,'2025-12-22 08:19:41','2025-12-22','2025-12-22'),(472,1,NULL,0,5,'2025-12-22 16:16:07',5,'2025-12-22 16:17:26','2025-12-22','2025-12-22'),(473,21,NULL,0,5,'2025-12-29 13:47:22',5,'2025-12-29 13:48:32','2025-12-29','2025-12-29'),(474,1,NULL,0,2,'2025-12-29 14:21:35',2,'2025-12-29 14:22:11','2025-12-29','2025-12-25'),(475,1,NULL,0,2,'2025-12-31 11:16:23',2,'2026-01-06 09:36:04','2025-12-31','2026-01-06'),(476,1,NULL,0,5,'2026-01-05 21:34:32',5,'2026-01-05 21:35:19','2026-01-05','2026-01-05'),(477,1,NULL,0,5,'2026-01-09 17:24:30',5,'2026-01-09 17:25:25','2026-01-09','2026-01-09'),(478,1,NULL,0,2,'2026-01-14 08:51:46',2,'2026-01-14 08:52:55','2026-01-14','2026-01-13'),(480,1,NULL,0,5,'2026-01-18 21:23:38',5,'2026-01-18 21:25:16','2026-01-18','2026-01-18'),(481,1,NULL,0,2,'2026-01-21 11:10:57',2,'2026-01-22 11:20:25','2026-01-21','2026-01-21'),(482,1,NULL,0,5,'2026-01-23 11:40:31',5,'2026-01-23 11:41:40','2026-01-23','2026-01-23'),(483,1,NULL,0,5,'2026-01-27 17:54:34',5,'2026-01-27 17:55:31','2026-01-27','2026-01-27'),(484,21,NULL,0,9,'2026-01-29 15:52:38',9,'2026-01-29 15:53:39','2026-01-29','2026-01-29'),(485,1,NULL,0,2,'2026-02-03 13:44:02',2,'2026-02-05 09:29:00','2026-02-03','2026-02-05'),(486,1,NULL,0,5,'2026-02-03 20:08:22',5,'2026-02-03 20:09:07','2026-02-03','2026-02-03'),(487,1,NULL,0,5,'2026-02-05 17:23:13',5,'2026-02-05 17:24:24','2026-02-05','2026-02-05'),(488,9,NULL,0,5,'2026-02-05 18:58:14',2,'2026-02-07 11:33:14','2026-02-05','2026-02-06'),(491,27,NULL,0,2,'2026-02-07 11:54:49',2,'2026-02-07 11:55:18','2026-02-02','2026-02-07'),(490,1,NULL,0,5,'2026-02-07 08:32:40',5,'2026-02-07 08:33:15','2026-02-07','2026-02-07'),(492,1,NULL,0,5,'2026-02-10 19:23:51',5,'2026-02-10 19:25:52','2026-02-10','2026-02-10'),(493,1,NULL,0,5,'2026-02-12 14:37:33',5,'2026-02-12 14:38:32','2026-02-12','2026-02-12'),(494,1,NULL,0,5,'2026-02-13 08:15:29',5,'2026-02-13 08:15:59','2026-02-13','2026-02-13'),(495,1,NULL,0,5,'2026-02-15 08:17:02',5,'2026-02-15 08:17:57','2026-02-15','2026-02-15'),(496,1,NULL,0,5,'2026-02-16 20:32:37',5,'2026-02-16 20:33:22','2026-02-16','2026-02-16'),(497,1,NULL,0,5,'2026-02-18 19:44:23',5,'2026-02-18 19:45:10','2026-02-18','2026-02-18'),(498,1,NULL,0,5,'2026-02-20 14:03:19',5,'2026-02-20 14:04:13','2026-02-20','2026-02-20'),(499,21,NULL,0,5,'2026-02-24 14:01:24',5,'2026-02-24 14:02:35','2026-02-24','2026-02-24'),(500,1,NULL,0,5,'2026-02-25 17:40:16',5,'2026-02-25 17:41:47','2026-02-25','2026-02-25'),(501,1,NULL,0,5,'2026-03-03 22:18:49',5,'2026-03-03 22:19:43','2026-03-03','2026-03-03'),(502,1,NULL,0,2,'2026-03-04 12:54:53',5,'2026-03-06 13:40:04','2026-03-04','2026-03-06'),(503,1,NULL,0,5,'2026-03-06 13:34:13',5,'2026-03-06 13:35:41','2026-03-06','2026-03-06'),(504,1,NULL,0,5,'2026-03-07 15:43:01',5,'2026-03-07 15:44:01','2026-03-07','2026-03-07'),(505,1,NULL,0,5,'2026-03-10 10:49:15',5,'2026-03-10 10:50:05','2026-03-10','2026-03-10'),(506,1,NULL,0,5,'2026-03-18 18:12:15',5,'2026-03-18 18:13:19','2026-03-18','2026-03-18'),(507,21,NULL,0,5,'2026-03-22 11:57:45',5,'2026-03-22 11:58:21','2026-03-22','2026-03-22'),(508,1,NULL,0,5,'2026-03-24 08:45:06',5,'2026-03-24 08:45:55','2026-03-24','2026-03-24'),(509,1,NULL,0,5,'2026-03-26 08:29:56',5,'2026-03-26 08:30:59','2026-03-26','2026-03-26'),(510,1,NULL,0,2,'2026-03-31 10:13:03',5,'2026-03-31 16:32:57','2026-03-31','2026-03-31'),(511,1,NULL,0,5,'2026-03-31 10:17:05',5,'2026-03-31 10:17:58','2026-03-31','2026-03-31'),(512,1,NULL,0,5,'2026-04-03 07:58:55',5,'2026-04-03 07:59:46','2026-04-03','2026-04-03'),(514,1,NULL,0,5,'2026-04-08 08:07:18',5,'2026-04-08 08:07:54','2026-04-08','2026-04-08'),(515,16,NULL,0,9,'2026-04-09 08:37:28',9,'2026-04-09 08:37:48','2026-04-09','2026-04-09'),(516,1,NULL,0,5,'2026-04-09 17:21:38',5,'2026-04-09 17:22:37','2026-04-09','2026-04-09'),(517,1,NULL,0,5,'2026-04-14 08:05:28',5,'2026-04-14 08:06:12','2026-04-14','2026-04-14'),(518,1,NULL,0,5,'2026-04-16 20:47:31',5,'2026-04-16 20:48:15','2026-04-16','2026-04-16'),(519,21,NULL,0,5,'2026-04-17 18:20:35',5,'2026-04-17 18:21:04','2026-04-17','2026-04-17'),(520,1,NULL,0,5,'2026-04-21 08:29:45',5,'2026-04-21 08:30:57','2026-04-21','2026-04-21'),(521,1,NULL,0,5,'2026-04-24 16:12:51',5,'2026-04-24 16:13:37','2026-04-24','2026-04-24'),(522,9,NULL,0,5,'2026-04-30 09:14:28',5,'2026-04-30 09:14:58','2026-04-30','2026-04-30'),(523,1,NULL,0,5,'2026-04-30 09:15:31',5,'2026-04-30 09:16:01','2026-04-30','2026-04-30'),(524,1,NULL,0,5,'2026-05-01 08:01:41',5,'2026-05-01 08:02:21','2026-05-01','2026-05-01'),(525,1,NULL,0,5,'2026-05-07 09:00:19',5,'2026-05-07 09:01:04','2026-05-07','2026-05-07'),(526,10,NULL,0,9,'2026-05-09 10:29:25',9,'2026-05-09 10:29:41','2026-05-09','2026-05-09'),(527,1,NULL,0,5,'2026-05-11 07:47:28',5,'2026-05-11 07:48:04','2026-05-11','2026-05-11'),(528,1,NULL,0,5,'2026-05-13 08:11:21',5,'2026-05-13 08:12:15','2026-05-13','2026-05-13'),(530,1,NULL,0,5,'2026-05-19 08:07:19',5,'2026-05-19 08:07:54','2026-05-19','2026-05-19'),(531,21,NULL,0,5,'2026-05-23 11:27:19',5,'2026-05-23 11:27:54','2026-05-23','2026-05-23'),(532,1,NULL,0,5,'2026-05-25 08:13:43',5,'2026-05-25 08:14:49','2026-05-25','2026-05-25'),(533,1,NULL,0,5,'2026-06-02 09:00:52',5,'2026-06-02 09:01:27','2026-06-02','2026-06-02'),(534,1,NULL,0,5,'2026-06-04 08:23:52',5,'2026-06-04 08:24:28','2026-06-04','2026-06-04'),(535,1,NULL,0,5,'2026-06-09 05:52:16',5,'2026-06-09 05:53:23','2026-06-09','2026-06-09'),(536,1,NULL,0,5,'2026-06-09 08:14:03',5,'2026-06-09 08:14:36','2026-06-09','2026-06-09'),(539,1,NULL,0,5,'2026-06-16 15:49:44',5,'2026-06-16 15:50:20','2026-06-16','2026-06-16'),(540,1,NULL,0,5,'2026-06-18 09:13:17',5,'2026-06-18 09:14:41','2026-06-18','2026-06-18'),(541,1,NULL,0,5,'2026-06-19 10:12:50',5,'2026-06-19 10:14:53','2026-06-19','2026-06-19'),(542,1,NULL,0,5,'2026-06-22 13:47:16',5,'2026-06-22 13:48:21','2026-06-22','2026-06-22'),(543,1,NULL,0,5,'2026-06-24 08:06:29',5,'2026-06-24 08:10:11','2026-06-24','2026-06-24'),(544,21,NULL,0,5,'2026-06-27 08:37:09',5,'2026-06-27 08:38:13','2026-06-27','2026-06-27'),(545,1,NULL,0,5,'2026-07-01 19:40:26',5,'2026-07-01 19:49:49','2026-07-01','2026-07-01'),(546,1,NULL,0,5,'2026-07-02 19:51:43',5,'2026-07-02 19:52:26','2026-07-02','2026-07-02'),(547,8,NULL,0,9,'2026-07-06 09:22:11',9,'2026-07-06 09:22:27','2026-07-06','2026-07-06'),(548,1,NULL,0,5,'2026-07-09 08:59:45',5,'2026-07-09 09:00:31','2026-07-09','2026-07-09');

--
-- Table structure for table `fournisseur_reste`
--

CREATE TABLE `fournisseur_reste` (
  `id` int(11) NOT NULL AUTO_INCREMENT,
  `id_fournisseur` int(11) NOT NULL,
  `id_source` int(11) NOT NULL DEFAULT 0,
  `id_facture` int(11) NOT NULL DEFAULT 0,
  `date_reste` date NOT NULL,
  `date_echeance` date NOT NULL,
  `montant_ttc` decimal(10,2) NOT NULL,
  `dont_tva` decimal(10,2) NOT NULL,
  `id_reglement` int(11) NOT NULL DEFAULT 0,
  `id_creation` int(11) NOT NULL,
  `date_creation` datetime NOT NULL,
  PRIMARY KEY (`id`)
) ENGINE=MyISAM AUTO_INCREMENT=6 DEFAULT CHARSET=utf8 COLLATE=utf8_general_ci;

--
-- Dumping data for table `fournisseur_reste`
--

INSERT INTO `fournisseur_reste` VALUES (2,1,12,12,'2023-02-07','2023-02-07',13881.01,1261.91,15,2,'2023-02-28 11:28:13'),(3,1,88,106,'2023-06-15','2023-06-19',0.01,0.00,90,2,'2023-06-15 13:44:13'),(4,1,359,455,'2025-03-29','2025-03-29',100000.00,9090.91,360,2,'2025-03-29 10:24:33'),(5,24,369,470,'2025-04-22','2025-04-28',12500.00,2083.34,373,2,'2025-04-23 06:37:48');

--
-- Table structure for table `fournisseur_roles`
--

CREATE TABLE `fournisseur_roles` (
  `id` int(11) NOT NULL,
  `depense` int(11) NOT NULL DEFAULT 0,
  `alimentation` int(11) NOT NULL DEFAULT 0,
  `avoir` int(11) NOT NULL DEFAULT 0,
  `facturation` int(11) NOT NULL DEFAULT 0,
  PRIMARY KEY (`id`)
) ENGINE=MyISAM DEFAULT CHARSET=utf8 COLLATE=utf8_general_ci;

--
-- Dumping data for table `fournisseur_roles`
--

INSERT INTO `fournisseur_roles` VALUES (1,1,1,0,1),(2,1,0,0,1),(3,1,0,0,1),(4,1,0,0,1),(5,1,0,0,1),(6,1,0,0,1),(7,1,0,0,1),(8,1,0,0,1),(9,1,1,0,1),(10,1,0,0,1),(11,1,0,0,1),(12,1,0,0,1),(13,1,0,0,1),(14,1,0,0,1),(15,1,0,0,1),(16,1,1,0,1),(17,1,0,0,1),(18,1,0,0,1),(19,1,0,0,1),(20,1,0,0,1),(21,1,1,0,1),(22,1,0,0,1),(23,1,0,0,1),(24,1,0,0,1),(25,1,1,0,1),(26,1,1,0,1),(27,1,0,0,1);

--
-- Table structure for table `parametre_appareil`
--

CREATE TABLE `parametre_appareil` (
  `id` int(11) NOT NULL AUTO_INCREMENT,
  `nom` varchar(50) NOT NULL,
  `actif` int(11) NOT NULL DEFAULT 1,
  PRIMARY KEY (`id`)
) ENGINE=MyISAM AUTO_INCREMENT=7 DEFAULT CHARSET=utf8 COLLATE=utf8_general_ci;

--
-- Dumping data for table `parametre_appareil`
--

INSERT INTO `parametre_appareil` VALUES (1,'CMI-1',0),(2,'TOM CARD-1',1),(3,'CMI-2',1),(4,'Points 01',1),(5,'CMI03',1),(6,'TEMC',1);

--
-- Table structure for table `parametre_appareil_type`
--

CREATE TABLE `parametre_appareil_type` (
  `id` int(11) NOT NULL AUTO_INCREMENT,
  `id_type_carte` int(11) NOT NULL,
  `id_appareil` int(11) NOT NULL,
  `id_compte_bancaire` int(11) NOT NULL DEFAULT 0,
  PRIMARY KEY (`id`),
  UNIQUE KEY `id_type_carte` (`id_type_carte`,`id_appareil`)
) ENGINE=MyISAM AUTO_INCREMENT=9 DEFAULT CHARSET=utf8 COLLATE=utf8_general_ci;

--
-- Dumping data for table `parametre_appareil_type`
--

INSERT INTO `parametre_appareil_type` VALUES (3,1,1,1),(4,2,2,0),(5,1,3,3),(6,3,4,0),(7,1,5,3),(8,2,6,0);

--
-- Table structure for table `parametre_banque`
--

CREATE TABLE `parametre_banque` (
  `id` int(11) NOT NULL AUTO_INCREMENT,
  `nom` varchar(100) NOT NULL,
  PRIMARY KEY (`id`)
) ENGINE=MyISAM AUTO_INCREMENT=17 DEFAULT CHARSET=utf8 COLLATE=utf8_general_ci;

--
-- Dumping data for table `parametre_banque`
--

INSERT INTO `parametre_banque` VALUES (1,'ATTIJARIWAFA BANK'),(2,'BANK OF AFRICA'),(3,'BCP'),(4,'BMCI'),(5,'CIH'),(6,'SOCIETE GENERALE'),(7,'CREDIT DU MAROC'),(8,'CREDIT AGRICOLE'),(9,'AL BARID BANK'),(10,'ARAB BANK MAROC'),(11,'CFG BANK'),(12,'CDG CAPITAL'),(13,'CAIXA BANK'),(14,'CITIBANK MAGHREB'),(15,'SABADEL'),(16,'Autre');

--
-- Table structure for table `parametre_carte_type`
--

CREATE TABLE `parametre_carte_type` (
  `id` int(11) NOT NULL AUTO_INCREMENT,
  `nom` varchar(50) NOT NULL,
  `id_fournisseur` int(11) NOT NULL DEFAULT 0,
  `point` int(11) NOT NULL DEFAULT 0,
  PRIMARY KEY (`id`)
) ENGINE=MyISAM AUTO_INCREMENT=4 DEFAULT CHARSET=utf8 COLLATE=utf8_general_ci;

--
-- Dumping data for table `parametre_carte_type`
--

INSERT INTO `parametre_carte_type` VALUES (1,'CMI',0,0),(2,'TOM CARD',1,0),(3,'Points',1,1);

--
-- Table structure for table `parametre_station`
--

CREATE TABLE `parametre_station` (
  `id` int(11) NOT NULL AUTO_INCREMENT,
  `nom` varchar(255) NOT NULL,
  `logo` varchar(255) NOT NULL,
  `logo_facture` varchar(255) NOT NULL,
  `entete_info` text NOT NULL,
  `pied_info` text NOT NULL,
  `entete_color` varchar(15) NOT NULL,
  `entete_color_texte` varchar(15) NOT NULL,
  `pied_color` varchar(15) NOT NULL,
  `pied_color_texte` varchar(15) NOT NULL,
  `color_table` varchar(15) NOT NULL,
  `color_table_titre` varchar(15) NOT NULL,
  `color_table_texte` varchar(15) NOT NULL,
  `color_table_opacite` varchar(15) NOT NULL,
  `color_titre` varchar(15) NOT NULL,
  `color_sous_titre` varchar(15) NOT NULL,
  `color_label_titre` varchar(15) NOT NULL,
  `color_label_sous_titre` varchar(15) NOT NULL,
  `taille_entete` decimal(10,2) NOT NULL,
  `taille_pied` decimal(10,2) NOT NULL,
  `shift` int(11) NOT NULL DEFAULT 12,
  `step` decimal(10,4) NOT NULL DEFAULT 0.0000,
  `entete_impression` int(11) NOT NULL DEFAULT 0,
  `code_station` int(11) NOT NULL DEFAULT 101,
  PRIMARY KEY (`id`)
) ENGINE=MyISAM AUTO_INCREMENT=3 DEFAULT CHARSET=utf8mb4 COLLATE=utf8mb4_general_ci;

--
-- Dumping data for table `parametre_station`
--

INSERT INTO `parametre_station` VALUES (1,'STATION SERVICE TINE MANSOUR','','','STATION SERVICE TINE MANSOUR/Route principale de Tiznit/87272 - C.R.Inchaden/Chtouka Ait Baha','STATION SERVICE TINE MANSOUR SARL/Au capital : 3.734.900,00 MAD/RC : 30949 - TP : 48880919 - IF : 60188317 - ICE : 003509162000092 - CNSS 6030069\n/Téléphone : 05 28 303067 - Fax : 05 28 303077 - E-mail : station.sttm@gmail.com','#e6b633','#000000','#e6b633','#000000','#e6b633','#000000','#000000','80','#000000','#000000','#000000','#000000',4.00,3.50,24,0.0000,0,101),(2,'STATION SERVICE TINE MANSOUR','','','STATION SERVICE TINE MANSOUR/Route principale de Tiznit/87272 - C.R.Inchaden/Chtouka Ait Baha','STATION SERVICE TINE MANSOUR/TP : 48881030 - IF : 76403110 - ICE : 001220434000055 - CNSS 6030069\n/Téléphone : 05 28 303067 - Fax : 05 28 303077\n/E-mail : station.sttm@gmail.com','#81b5d4','#000000','#81b5d4','#000000','#81b5d4','#000000','#000000','80','#81b5d4','#000000','#81b5d4','#000000',4.00,3.50,24,0.0000,0,101);

--
-- Table structure for table `parametre_style`
--

CREATE TABLE `parametre_style` (
  `id` int(11) NOT NULL AUTO_INCREMENT,
  `nom` varchar(50) NOT NULL,
  PRIMARY KEY (`id`)
) ENGINE=MyISAM AUTO_INCREMENT=3 DEFAULT CHARSET=utf8 COLLATE=utf8_general_ci;

--
-- Dumping data for table `parametre_style`
--

INSERT INTO `parametre_style` VALUES (1,'dark'),(2,'blue');

--
-- Table structure for table `parametre_style_user`
--

CREATE TABLE `parametre_style_user` (
  `id` int(11) NOT NULL AUTO_INCREMENT,
  `id_user` int(11) NOT NULL,
  `id_style` int(11) NOT NULL,
  PRIMARY KEY (`id`)
) ENGINE=MyISAM AUTO_INCREMENT=20 DEFAULT CHARSET=utf8 COLLATE=utf8_general_ci;

--
-- Dumping data for table `parametre_style_user`
--

INSERT INTO `parametre_style_user` VALUES (6,2,1),(13,4,1),(9,3,2),(11,1,1),(15,5,1),(19,9,1);

--
-- Table structure for table `parametre_type_encaissement`
--

CREATE TABLE `parametre_type_encaissement` (
  `id` int(11) NOT NULL AUTO_INCREMENT,
  `nom` varchar(30) NOT NULL,
  `statut` int(11) NOT NULL DEFAULT 1,
  `type` int(11) NOT NULL DEFAULT 1,
  `coffre` int(11) NOT NULL DEFAULT 0,
  `methode` varchar(50) NOT NULL,
  PRIMARY KEY (`id`)
) ENGINE=MyISAM AUTO_INCREMENT=9 DEFAULT CHARSET=utf8 COLLATE=utf8_general_ci;

--
-- Dumping data for table `parametre_type_encaissement`
--

INSERT INTO `parametre_type_encaissement` VALUES (1,'Compte Client',1,1,0,'client'),(2,'Carte',1,1,0,'carte'),(3,'Vignette(ONT)',1,1,0,'ont'),(4,'Pièce Fournisseur',0,1,1,'bon_baf'),(5,'Chèque/LCN',1,1,2,'cheque_lcn'),(6,'Espèces',1,1,1,'espece'),(7,'Retour Avoir',1,1,0,'avoir_retour'),(8,'Sortie Avoir',1,-1,0,'avoir_sortie');

--
-- Table structure for table `restaurant_compte`
--

CREATE TABLE `restaurant_compte` (
  `id` int(11) NOT NULL AUTO_INCREMENT,
  `date_debut` datetime NOT NULL,
  `date_fin` datetime DEFAULT NULL,
  `id_zone_activite` int(11) NOT NULL,
  `id_employe` int(11) NOT NULL,
  `id_creation` int(11) NOT NULL,
  `date_creation` datetime NOT NULL,
  `id_modification` int(11) DEFAULT NULL,
  `date_modification` datetime DEFAULT NULL,
  `id_cloture` int(11) DEFAULT NULL,
  `date_cloture` datetime DEFAULT NULL,
  PRIMARY KEY (`id`)
) ENGINE=InnoDB AUTO_INCREMENT=2 DEFAULT CHARSET=latin1 COLLATE=latin1_swedish_ci;

--
-- Dumping data for table `restaurant_compte`
--


--
-- Table structure for table `restaurant_vente`
--

CREATE TABLE `restaurant_vente` (
  `id` int(11) NOT NULL AUTO_INCREMENT,
  `id_compte` int(11) NOT NULL,
  `id_produit` int(11) NOT NULL,
  `qte` int(11) NOT NULL,
  `prix` decimal(10,2) NOT NULL,
  PRIMARY KEY (`id`)
) ENGINE=InnoDB AUTO_INCREMENT=3 DEFAULT CHARSET=latin1 COLLATE=latin1_swedish_ci;

--
-- Dumping data for table `restaurant_vente`
--


--
-- Table structure for table `stocks`
--

CREATE TABLE `stocks` (
  `id` int(11) NOT NULL AUTO_INCREMENT,
  `nom` varchar(255) NOT NULL,
  `type_vente` varchar(20) NOT NULL DEFAULT 'produit',
  PRIMARY KEY (`id`)
) ENGINE=MyISAM AUTO_INCREMENT=10 DEFAULT CHARSET=utf8 COLLATE=utf8_general_ci;

--
-- Dumping data for table `stocks`
--

INSERT INTO `stocks` VALUES (1,'Citerne 1&2&4 (Go)','carburant'),(2,'Citerne 3 (SSP)','carburant'),(3,'Citerne 5 (Go Ex)','carburant'),(4,'Dépôt','produit'),(5,'Administration','produit'),(6,'Point de vente ','produit'),(7,'Piste','produit'),(8,'Café','produit'),(9,'C-ADBLUE','carburant');

--
-- Table structure for table `stocks_alimentation`
--

CREATE TABLE `stocks_alimentation` (
  `id` int(11) NOT NULL AUTO_INCREMENT,
  `id_fournisseur` int(11) NOT NULL,
  `date_alimentation` datetime NOT NULL,
  `type` varchar(20) NOT NULL,
  `note` varchar(255) DEFAULT NULL,
  `livreur` varchar(255) NOT NULL,
  `id_creation` int(11) NOT NULL,
  `date_creation` datetime NOT NULL,
  `id_cloture` int(11) DEFAULT NULL,
  `date_cloture` datetime DEFAULT NULL,
  `id_bon` int(11) NOT NULL DEFAULT 0,
  PRIMARY KEY (`id`)
) ENGINE=MyISAM AUTO_INCREMENT=546 DEFAULT CHARSET=utf8 COLLATE=utf8_general_ci;

--
-- Dumping data for table `stocks_alimentation`
--

INSERT INTO `stocks_alimentation` VALUES (1,1,'2023-01-01 00:00:00','non_facture','STOCK DEPART',' ',2,'2023-02-12 13:33:44',2,'2023-02-12 13:41:55',0),(3,1,'2023-01-07 12:25:00','facture','4006129870','MOHAMED MOURAFIK - 46653-B-40',2,'2023-02-28 08:27:18',2,'2023-02-28 08:29:38',0),(4,1,'2023-01-06 15:30:00','facture','4006130022','RACHID SAOUTA - 18323-E-6',2,'2023-02-28 08:30:41',2,'2023-02-28 08:31:33',0),(5,1,'2023-01-10 15:58:00','facture','4006130618','SOFIANE FIKRI - 81874-B-8',2,'2023-02-28 08:32:40',2,'2023-02-28 08:33:08',0),(6,1,'2023-01-13 15:58:00','facture','4006131230','HASSANE ARGOUM - 43602-A-14',2,'2023-02-28 08:34:11',2,'2023-02-28 08:34:56',0),(7,1,'2023-01-21 08:35:00','facture','4006132543','MOHAMED KOUZOUZ - 3739-B-7',2,'2023-02-28 08:37:37',2,'2023-02-28 08:38:17',0),(8,1,'2023-01-24 16:45:00','facture','4006133242','LAKBIR ET-TALEBY - 90550-A-7',2,'2023-02-28 08:42:25',2,'2023-02-28 08:45:53',0),(9,1,'2023-01-24 17:40:00','facture','4006133565','YOUSSEF KHABANE - 43446-A-14',2,'2023-02-28 08:46:48',2,'2023-02-28 08:48:34',0),(10,1,'2023-02-01 18:20:00','facture','4006135353','IMAD MASLOUH - 831-B-7',2,'2023-02-28 10:33:49',2,'2023-02-28 10:34:28',0),(11,1,'2023-02-01 18:00:00','facture','4006135756','MOHAMMED CHANHAJI - 43605-A-14',2,'2023-02-28 10:35:38',2,'2023-02-28 10:36:16',0),(12,1,'2023-02-01 18:00:00','facture','4006135755','MOHAMMED CHANHAJI - 43605-A-14',2,'2023-02-28 10:39:21',2,'2023-02-28 10:40:10',0),(13,1,'2023-02-04 13:26:00','facture','4006136441','RABIA AIT SAID - 65759-A-34',2,'2023-02-28 10:41:00',2,'2023-02-28 10:41:28',0),(14,1,'2023-02-09 10:41:00','facture','4006137170','MOHAMED BOULAREF - 46100-A-54',2,'2023-02-28 10:42:20',2,'2023-02-28 10:43:01',0),(15,1,'2023-02-09 13:26:00','facture','4006137532','ABDERRAHMANE BEJJAR - 43602-A-14',2,'2023-02-28 10:44:05',2,'2023-02-28 10:44:51',0),(16,1,'2023-02-15 09:10:00','facture','4006138228','SAMIR GUERDOUL - 78340-E-1',2,'2023-02-28 10:46:20',2,'2023-02-28 10:46:50',0),(17,1,'2023-02-17 15:38:00','facture','4006139277','ABDELLAH BENHAMZA - 75371-A-13',2,'2023-02-28 10:49:28',2,'2023-02-28 10:50:07',0),(18,1,'2023-02-17 15:19:00','facture','4006139278','ABDELLAH BENHAMZA',2,'2023-02-28 10:50:49',2,'2023-02-28 10:52:44',0),(19,1,'2023-02-22 09:00:00','facture','4006140158','ABDERRAHMANE BEJJAR - 43602-A-14',2,'2023-02-28 10:53:42',2,'2023-02-28 10:54:10',0),(20,1,'2023-02-23 20:00:00','facture','4006140582','SOFIANE FIKRI - 81874-B-8',2,'2023-02-28 10:57:15',2,'2023-02-28 10:59:09',0),(21,1,'2023-02-23 11:29:00','facture','4006140593','ABDERRAHMANE BEJJAR - 43602-A-14',2,'2023-02-28 11:05:24',2,'2023-02-28 11:05:55',0),(22,1,'2023-03-06 15:41:00','facture','4006143799','YOUSSEF KHABANE - 43446-A-14',4,'2023-03-06 17:36:43',4,'2023-03-06 17:37:37',0),(23,1,'2023-03-09 09:14:00','facture','4006144090','ABDELAZIZ RAMI 43602-A-14',2,'2023-03-09 10:15:43',2,'2023-03-09 10:21:13',0),(24,1,'2023-03-14 14:00:00','facture','4006145145','ABDERRAHMANE BEJJAR 43602-A-14',4,'2023-03-14 15:53:02',4,'2023-03-14 15:53:59',0),(25,1,'2023-03-14 19:00:00','facture','4006145555','43602-A-14 - ABDERRAHMANE BEJJAR',2,'2023-03-15 13:34:51',2,'2023-03-15 13:36:05',0),(26,1,'2023-03-16 08:46:00','facture','4006145689','RACHAD OUBAIH 83198-B-8',4,'2023-03-16 09:03:02',4,'2023-03-16 09:04:38',0),(27,1,'2023-03-16 13:41:00','facture','4006145944','NAJIB LAMTI   18323-E-6',4,'2023-03-16 16:51:37',4,'2023-03-16 16:52:05',0),(28,1,'2023-03-23 17:11:00','facture','4006147844','ABDERRAHMANE BEJJAR  43602-A-14',4,'2023-03-24 09:45:36',4,'2023-03-24 09:49:38',0),(29,1,'2023-03-24 15:45:00','facture','4006148113','ABDERRAHMANE BEJJAR 43602-A-14',4,'2023-03-25 08:34:51',4,'2023-03-25 08:36:55',0),(30,1,'2023-03-30 09:08:00','facture','4006149117','RACHID SAOUTA 18323-E-6',4,'2023-03-30 09:10:04',4,'2023-03-30 09:11:21',0),(31,1,'2023-04-06 12:27:00','facture','4006152745','HAMID BARA 43980-E-6',4,'2023-04-06 14:35:05',4,'2023-04-06 14:37:49',0),(32,1,'2023-04-06 15:06:00','facture','4006152472','RACHID SAOUTA 18323-E-6',4,'2023-04-06 15:41:24',4,'2023-04-06 15:43:37',0),(33,1,'2023-04-07 09:10:00','facture','4006150696',' ',3,'2023-04-07 10:20:53',3,'2023-04-07 10:24:28',0),(35,1,'2023-04-11 09:19:00','facture','4006153440','HAMID BARA',3,'2023-04-11 09:20:21',3,'2023-04-11 09:21:05',0),(36,1,'2023-04-11 14:59:00','facture','4006153667','SOUFIANE FIKRI',3,'2023-04-11 14:59:51',3,'2023-04-11 15:00:25',0),(37,1,'2023-04-12 12:28:00','facture','4006153974','ABDERRAHMANE BEJJAR',3,'2023-04-12 12:29:52',3,'2023-04-12 12:30:25',0),(38,1,'2023-04-18 13:02:00','facture','4006155221','RACHID SAOUTA',3,'2023-04-18 13:03:35',3,'2023-04-18 13:04:14',0),(39,1,'2023-04-19 16:57:00','facture','4006154697','EL MAHDI SOUBAI - 87644-A-7',2,'2023-04-19 20:58:59',2,'2023-04-19 21:21:49',0),(40,1,'2023-04-19 16:57:00','facture','4006154696','EL MAHDI SOUBAI - 87644-A-7',4,'2023-04-20 12:17:22',2,'2023-04-20 14:19:59',0),(41,1,'2023-04-20 11:16:00','facture','4006155529','MOHAMED BOULAREF 46100-A-54',4,'2023-04-21 09:19:03',4,'2023-04-21 09:20:41',0),(43,1,'2023-04-25 17:16:00','facture','4006156355','HAMID BARA - 43980-E-6',2,'2023-04-25 17:00:14',2,'2023-04-25 17:01:03',0),(56,1,'2023-05-16 09:41:00','facture','4006162442','YOUSSEF BOUCHIM - 78335-E-1',3,'2023-05-16 09:42:49',3,'2023-05-16 09:43:04',0),(45,1,'2023-04-27 10:38:00','facture','4006156818','RABIA AIT SAID 65759-A-34',4,'2023-04-27 11:09:00',4,'2023-04-27 11:09:35',0),(46,1,'2023-04-27 13:56:00','facture','4006156824','NAJIB LAMTI 36159-E-6',4,'2023-04-27 15:06:38',4,'2023-04-27 15:07:41',0),(55,1,'2023-05-09 16:48:00','facture','4006161156','ADBELMAJID BOUKRIM - 36159-E-6',3,'2023-05-09 16:49:23',3,'2023-05-09 16:54:11',0),(53,1,'2023-05-06 12:28:00','facture','4006160736','ABDERRAHMANE BEJJAR - 43602-A-14',3,'2023-05-06 12:28:28',3,'2023-05-06 12:28:42',0),(54,1,'2023-05-03 17:05:00','facture','4006159041','ABDELMAJID BOUKRIM - 36159-E-6',2,'2023-05-08 10:22:54',2,'2023-05-08 10:23:13',0),(57,1,'2023-05-16 09:43:00','facture','4006162433','ABDELMAJID BOUKRIM - 36159-E-6',3,'2023-05-16 09:43:56',3,'2023-05-16 09:44:31',0),(58,1,'2023-05-18 18:17:00','facture','4006163285','ABDERRAHIM BEJJAR 43602-A-14',4,'2023-05-18 18:27:28',4,'2023-05-18 18:28:24',0),(59,1,'2023-05-19 15:06:00','facture','4006163867','NAJIB LAMTI - 43974-E-6',3,'2023-05-19 15:07:15',3,'2023-05-19 15:07:23',0),(60,1,'2023-05-23 15:00:00','facture','4006164544','SOFIANE FIKRI - 81874-B-8',3,'2023-05-23 15:23:46',3,'2023-05-23 15:24:05',0),(61,1,'2023-05-23 17:57:00','facture','4006164436','ABDELMAJID BOUKRIM - 36159-E-6',3,'2023-05-23 17:58:05',3,'2023-05-23 17:58:24',0),(62,1,'2023-05-27 08:00:00','facture','4006164790','MOSTAFA CHIKIR - 31098-B-7',3,'2023-05-27 10:18:42',3,'2023-05-27 10:20:50',0),(63,1,'2023-05-29 15:00:00','facture','4006165813','SOFIANE FIKRI - 81874-B-8',3,'2023-05-29 15:05:53',3,'2023-05-29 15:06:03',0),(64,1,'2023-05-29 15:30:00','facture','40061654641','YOUSSEF KHABANE - 43446-A-14',3,'2023-05-29 15:37:37',3,'2023-05-29 15:37:46',0),(65,1,'2023-05-29 16:11:00','facture','4006165721','RACHID SAOUTA - 18323-E-6',3,'2023-05-29 16:15:00',3,'2023-05-29 16:15:20',0),(66,1,'2023-05-31 15:02:00','facture','4006165286','ABDELGHANI FAHMI - 31099-B-7',3,'2023-05-31 15:29:13',3,'2023-05-31 15:31:02',0),(67,1,'2023-05-31 15:02:00','facture','4006165291','ABDELGHANI FAHMI - 31099-B-7',3,'2023-05-31 15:31:44',3,'2023-05-31 15:32:30',0),(68,1,'2023-06-03 12:18:00','facture','4006168794','YOUSSEF KHABANE - 43446-A-14',3,'2023-06-03 12:21:36',3,'2023-06-03 12:21:45',0),(70,1,'2023-06-06 18:00:00','facture','4006169358','NAJIB LAMTI - 43980-E-6',3,'2023-06-06 18:00:34',3,'2023-06-06 18:00:51',0),(71,1,'2023-06-07 12:30:00','facture','4006169552','ABDERRAHMANE BEJJAR - 43602-A-14',3,'2023-06-07 12:45:51',3,'2023-06-07 12:46:05',0),(72,1,'2023-06-07 12:30:00','facture','4006169551','ABDERRAHMANE BEJJAR - 43602-A-14',3,'2023-06-07 12:46:42',3,'2023-06-07 12:46:53',0),(73,1,'2023-06-08 17:17:00','facture','4006169765','MOHAMED BOUCETTA - 84465-B-8',2,'2023-06-09 09:06:01',2,'2023-06-09 09:06:39',0),(74,1,'2023-06-13 17:40:00','facture','4006170719','MOHAMED BOUCETTA - 84465-B-8',3,'2023-06-13 17:48:42',3,'2023-06-13 17:48:58',0),(75,1,'2023-06-14 14:53:00','facture','4006171096','NAJIB LAMTI 43980-E-6',4,'2023-06-14 15:25:09',2,'2023-06-15 13:43:21',0),(76,1,'2023-06-20 13:20:00','facture','4006171530','HICHAM NAJI - 31101-B-7',3,'2023-06-20 15:57:16',3,'2023-06-20 16:01:10',0),(77,1,'2023-06-20 13:20:00','facture','4006171534','HICHAM NAJI - 31101-B-7',3,'2023-06-20 16:01:58',3,'2023-06-20 16:09:30',0),(78,1,'2023-06-20 17:55:00','facture','4006172487','YOUSSEF KHABANE - 43446-A-14',3,'2023-06-20 17:55:43',3,'2023-06-20 17:55:54',0),(82,1,'2023-06-22 11:39:00','facture','4006173030','MOHAMED BOUCETTA - 84465-B-8',2,'2023-06-23 06:27:44',2,'2023-06-23 06:28:05',0),(81,1,'2023-06-22 19:43:00','facture','4006173039','YOUSSEF KHABANE - 43446-A-14',2,'2023-06-23 06:26:15',2,'2023-06-23 06:26:32',0),(83,1,'2023-06-30 14:00:00','facture','4006174986',' ',3,'2023-07-03 08:41:35',3,'2023-07-03 08:41:55',0),(84,1,'2023-07-01 14:00:00','facture','4006175105',' ',3,'2023-07-03 08:43:27',3,'2023-07-03 08:43:37',0),(85,1,'2023-07-03 17:00:00','facture','4006175701','YOUSSEF KHABANE - 43446-A-14',3,'2023-07-03 19:32:28',3,'2023-07-03 19:33:24',0),(86,1,'2023-07-03 17:00:00','facture','4006175706','YOUSSEF KHABANE - 43446-A-14',3,'2023-07-03 19:34:13',3,'2023-07-03 19:34:40',0),(87,1,'2023-07-04 09:38:00','facture','4006176079','OTMANE EL AMIRI - 79330-A-13',3,'2023-07-04 09:38:49',3,'2023-07-04 09:39:09',0),(88,1,'2023-07-05 18:39:00','facture','4006177411','NAJIB LAMTI - 36159-E-6',3,'2023-07-05 18:42:33',3,'2023-07-05 18:42:53',0),(89,1,'2023-07-06 15:10:00','facture','4006177572','YOUSSEF KHABANE 43446-A-14',4,'2023-07-06 17:08:22',4,'2023-07-06 17:09:19',0),(90,1,'2023-04-28 00:00:00','facture','4006157336','ABDELGHANI FAHMI 31099-B-7',4,'2023-07-06 18:37:21',4,'2023-07-06 18:40:27',0),(91,1,'2023-07-10 17:40:00','facture','4006178482','RABIA AIT SAID - 65759-A-34',3,'2023-07-10 18:15:46',3,'2023-07-10 18:16:08',0),(92,1,'2023-07-11 15:10:00','facture','4006178605','RACHID SAOUTA - 18323-E-6',3,'2023-07-11 15:30:34',3,'2023-07-11 15:30:42',0),(93,1,'2023-07-17 12:50:00','facture','4006179690','RACHID SAOUTA - 18323-E-6',3,'2023-07-17 12:52:44',3,'2023-07-17 12:52:53',0),(94,1,'2023-07-18 10:30:00','facture','4006180027','RABIA AIT SAID - 65759-A-34',3,'2023-07-19 10:38:22',3,'2023-07-19 10:38:49',0),(95,1,'2023-07-20 12:01:00','facture','4006180473','SOUFIANE FIKRI 81874-B-8 ',4,'2023-07-20 12:55:37',4,'2023-07-20 12:56:20',0),(96,1,'2023-07-21 08:35:00','facture','4006180533','NAJIB LAMTI 36159-E-6',4,'2023-07-21 08:57:36',4,'2023-07-21 08:58:43',0),(97,1,'2023-07-21 09:20:00','facture','4006180516','HAMID BARA - 43980-E-6',3,'2023-07-21 09:32:03',3,'2023-07-21 09:32:23',0),(98,1,'2023-07-27 09:27:00','facture','4006182119','LAHCEN BOURHIM',4,'2023-07-27 11:19:10',4,'2023-07-27 11:20:10',0),(99,1,'2023-07-28 15:00:00','facture','4006182539','SOFIANE FIKRI - 81874-B-8',3,'2023-07-28 15:02:54',3,'2023-07-28 15:03:18',0),(100,1,'2023-07-28 10:00:00','facture','4006182061','MOSTAFA CHIKIR - 31098-B-7',3,'2023-07-29 10:05:45',3,'2023-07-29 10:12:11',0),(101,1,'2023-07-28 10:00:00','facture','4006182078','MOSTAFA CHIKIR - 31098-B-7',3,'2023-07-29 10:12:57',3,'2023-07-29 10:14:21',0),(102,1,'2023-08-01 11:50:00','facture','4006183508','RABIA AIT SAID - 65759-A-34',3,'2023-08-01 11:51:22',3,'2023-08-01 11:51:31',0),(103,1,'2023-08-01 18:15:00','facture','4006183560','NAJIB LAMTI - 36159-E-6',3,'2023-08-01 18:35:49',3,'2023-08-01 18:35:57',0),(104,1,'2023-08-05 11:30:00','facture','4006185811','ABDERRAHMANE BEJJAR - 43602-A-14',3,'2023-08-05 11:30:41',3,'2023-08-05 11:30:49',0),(105,1,'2023-08-07 12:10:00','facture','4006186226','HAMID RABA - 43980-E-6',3,'2023-08-07 12:11:07',3,'2023-08-07 12:11:16',0),(106,1,'2023-08-11 08:40:00','facture','4006187024','ABDERRAHMANE BEJJAR - 43602-A-14',3,'2023-08-11 08:44:09',3,'2023-08-11 08:44:18',0),(107,1,'2023-08-11 15:45:00','facture','4006187317','MOHAMED BAALI - 65765-A-34',3,'2023-08-11 15:49:41',3,'2023-08-11 15:49:59',0),(108,1,'2023-08-12 14:24:00','facture','4006187498','YOUSSEF KHABANE 43446-A-14',3,'2023-08-12 14:31:52',3,'2023-08-12 14:32:55',0),(109,1,'2023-08-18 18:10:00','facture','4006188954','HAMID BARA - 43980-E-6',3,'2023-08-18 18:19:17',3,'2023-08-18 18:19:26',0),(110,1,'2023-08-19 08:10:00','facture','4006188965','ABDELKARIM ELLOUB - 78357-E-1',3,'2023-08-19 08:15:51',3,'2023-08-19 08:15:58',0),(111,1,'2023-08-23 16:13:00','facture','4006189877','YOUSSEF KHABANE 43446-A-14',4,'2023-08-24 08:38:32',4,'2023-08-24 08:38:50',0),(112,1,'2023-08-26 18:16:00','facture','4006190585','ABDERRAHMANE BEJJAR - 43602-A-14',3,'2023-08-26 18:19:07',3,'2023-08-26 18:19:17',0),(113,1,'2023-08-28 16:40:00','facture','4006191013','HAMID BARA - 43980-E-6',3,'2023-08-28 18:26:56',3,'2023-08-28 18:27:07',0),(114,1,'2023-08-29 17:50:00','facture','4006191424','YOUSSEF KHABANE - 43446-A-14',3,'2023-08-29 17:54:04',3,'2023-08-29 17:54:14',0),(115,1,'2023-08-29 09:25:00','facture','4006191333','RABIA AIT SAID - 65759-A-34',3,'2023-08-30 09:29:55',2,'2023-08-31 14:19:02',0),(116,1,'2023-09-01 15:33:00','facture','4006192923','HAMID BARA - 43980-E-6',3,'2023-09-01 15:33:24',3,'2023-09-01 15:33:52',0),(117,1,'2023-09-08 15:00:00','facture','4006195029','MEHDI DRABLI - 78360-E-1',3,'2023-09-08 15:37:35',3,'2023-09-08 15:37:50',0),(118,1,'2023-09-11 18:25:00','facture','4006195847','LAHCEN BOURHIM - 83198-B-8',3,'2023-09-11 18:54:05',3,'2023-09-11 18:54:17',0),(119,1,'2023-09-13 17:55:00','facture','4006196233','NAJIB LAMTI - 43980-E-6',3,'2023-09-13 17:58:18',3,'2023-09-13 17:58:36',0),(120,1,'2023-09-13 18:17:00','facture','4006196358','ABDELLAH BELKAEM - 36159-E-6',3,'2023-09-13 18:20:34',3,'2023-09-13 18:20:43',0),(121,1,'2023-09-14 14:00:00','facture','4006196123','JAAFAR NABIL - 31141-B-7',3,'2023-09-15 08:22:03',3,'2023-09-15 08:23:18',0),(122,1,'2023-09-12 14:00:00','facture','4006196126','JAAFAR NABIL - 31141-B-7',3,'2023-09-15 08:24:35',3,'2023-09-15 08:25:09',0),(123,1,'2023-09-19 15:04:00','facture','4006197317','RACHID SAOUTA 18323-E-6',4,'2023-09-19 17:47:10',3,'2023-09-19 17:50:12',0),(124,1,'2023-09-21 11:08:00','facture','4006197723','ABDERRAHIM LAHSINI - 43975-E-6',2,'2023-09-22 08:59:35',2,'2023-09-22 08:59:56',0),(125,1,'2023-09-26 13:50:00','facture','4006198849','MOHAMED BOUCETTA - 84465-B-8',3,'2023-09-26 13:56:34',3,'2023-09-26 13:56:44',0),(126,1,'2023-09-26 17:00:00','facture','4006198802','NAJIB LAMTI - 43980-E-6',3,'2023-09-26 17:05:22',3,'2023-09-26 17:05:50',0),(127,1,'2023-09-29 17:08:00','facture','4006199406','MOHAMED BOUCETTA - 84465-B-8',2,'2023-11-06 09:49:19',2,'2023-11-06 09:49:26',0),(128,1,'2023-10-04 09:50:00','facture','4006201651','MOHAMED BOUCETTA - 84465-B-8',3,'2023-10-04 09:51:05',3,'2023-10-04 09:51:25',0),(129,1,'2023-10-04 11:50:00','facture','4006201964','ABDERRAHMANE BEJJAR - 43602-A-14',3,'2023-10-04 11:53:53',3,'2023-10-04 11:54:00',0),(130,1,'2023-10-04 11:50:00','facture','4006201965','ABDERRAHMANE BEJJAR - 43602-A-14',3,'2023-10-04 11:54:44',3,'2023-10-04 11:54:53',0),(131,1,'2023-10-10 15:51:00','facture','4006203020','SOFIANE FIKRI 81874-B-8',4,'2023-10-10 15:59:55',4,'2023-10-10 16:04:41',0),(132,1,'2023-10-11 12:51:00','facture','4006203353','YOUSSEF KHABANE 43446-A-14',4,'2023-10-11 15:36:34',4,'2023-10-11 15:37:27',0),(133,1,'2023-10-16 10:00:00','facture','4006203824','HICHAM NAJI - 31101-B-7',3,'2023-10-16 10:44:13',3,'2023-10-16 11:05:13',0),(134,1,'2023-10-16 10:00:00','facture','4006203819','HICHAM NAJI - 31101-B-7',3,'2023-10-16 11:05:55',3,'2023-10-16 11:06:43',0),(135,1,'2023-10-16 10:00:00','facture','4006203818','HICHAM NAJI - 31101-B-7',3,'2023-10-16 11:08:04',3,'2023-10-16 11:08:39',0),(136,1,'2023-10-16 10:00:00','facture','4006203826','HICHAM NAJI - 31101-B-7',3,'2023-10-16 11:10:54',3,'2023-10-16 11:50:34',0),(137,1,'2023-10-16 10:00:00','facture','4006203829','HICHAM NAJI  - 31101-B-7',3,'2023-10-16 12:31:04',3,'2023-10-16 12:34:38',0),(138,1,'2023-10-17 08:50:00','facture','4006204249','NAJIB LAMTI - 43980-E-6',3,'2023-10-17 08:53:15',3,'2023-10-17 08:53:25',0),(139,1,'2023-10-18 19:53:00','facture','4006205013','ABDERRAHMANE BEJJAR - 43602-A-14',3,'2023-10-18 19:53:25',3,'2023-10-18 19:53:54',0),(140,1,'2023-10-19 11:10:00','facture','4006205048','ABDELLAH BELKAEM 36159-E-6',4,'2023-10-19 12:07:57',4,'2023-10-19 12:16:07',0),(141,1,'2023-10-23 18:00:00','facture','4006205712','RACHID SAOUTA - 18323-E-6',3,'2023-10-23 18:26:22',3,'2023-10-23 18:29:38',0),(142,1,'2023-10-24 10:27:00','facture','4006206042','RABIA AIT SAID 65759-A-34',4,'2023-10-24 11:27:29',4,'2023-10-24 11:27:59',0),(143,1,'2023-10-25 17:00:00','facture','4006206310','LAHCEN BOURHIM - 83198-B-8',3,'2023-10-25 17:46:19',3,'2023-10-25 17:46:27',0),(144,1,'2023-10-27 19:20:00','facture','4006206461','ABDERRAHIM AIT HAMMOU - 31100-B-7',3,'2023-10-27 19:25:22',3,'2023-10-27 19:30:56',0),(145,1,'2023-10-27 19:20:00','facture','4006206465','ABDERRAHIM AIT HAMMOU - 31100-B-7',3,'2023-10-27 19:26:41',3,'2023-10-27 19:30:35',0),(146,1,'2023-10-31 11:15:00','facture','4006207548','NAJIB LAMTI - 18323-E-6',2,'2023-11-06 09:56:43',2,'2023-11-06 10:05:15',0),(147,1,'2023-10-31 19:00:00','facture','4006207626','SOFIANE FIKRI - 81874-B-8',2,'2023-11-06 09:16:30',2,'2023-11-06 09:17:44',0),(148,1,'2023-11-06 16:45:00','facture','4006210511','LAHCEN BOURHIM - 83198-B-8',3,'2023-11-06 16:47:46',3,'2023-11-06 16:47:59',0),(149,1,'2023-11-06 17:20:00','facture','4006210625','SOFIANE FIKRI - 81874-B-8',3,'2023-11-06 17:25:44',3,'2023-11-06 17:25:54',0),(150,1,'2023-11-08 11:00:00','facture','4006210711','CHOUKRI EL MILOUDI   74599-E-6',4,'2023-11-08 11:15:38',2,'2023-11-08 15:00:23',0),(151,1,'2023-11-08 11:00:00','facture','4006210712','CHOUKRI EL MILOUDI  74599-E-6',4,'2023-11-08 11:32:01',2,'2023-11-08 15:08:23',0),(152,1,'2023-11-09 18:25:00','facture','4006211125','YOUSSEF KHABANE   43446-A-14',4,'2023-11-09 18:46:19',4,'2023-11-09 18:46:47',0),(153,1,'2023-11-13 13:00:00','facture','4006211782','ABDERRAHMAN BEJJAR 43602-A-14',4,'2023-11-13 16:36:59',4,'2023-11-13 16:37:22',0),(154,1,'2023-11-16 12:48:00','facture','4006212447','HAMID BARA - 43980-E-6',2,'2023-11-16 13:05:08',2,'2023-11-16 13:05:51',0),(155,1,'2023-11-16 16:06:00','facture','4006212145','ABDELGHAFOUR EL JAOUHARI - 45779-A-14',2,'2023-11-16 16:07:22',2,'2023-11-16 16:09:10',0),(156,1,'2023-11-20 16:38:00','facture','4006213278','HAMID BARA 43980-E-6',4,'2023-11-20 17:20:28',4,'2023-11-20 17:21:17',0),(157,1,'2023-11-23 17:59:00','facture','4006213902','YOUSSEF KHABANE 43446-A-14',4,'2023-11-23 18:21:27',4,'2023-11-23 18:23:00',0),(158,1,'2023-11-27 16:20:00','facture','4006214722','MOHAMED BOUCETTA 84465-B-8',4,'2023-11-27 17:12:34',4,'2023-11-27 17:16:25',0),(159,1,'2023-11-29 15:00:00','facture','4006214672','ABDERRAHIM AIT HAMMOU - 31100-B-7',3,'2023-11-29 16:32:17',3,'2023-11-29 16:32:51',0),(160,1,'2023-12-04 14:50:00','facture','4006217936','ABDELLAH BELKAEM - 36159-E-6',3,'2023-12-04 17:52:29',3,'2023-12-04 17:52:41',0),(161,1,'2023-12-05 10:00:00','facture','4006215279','EL MAHDI SOUBAI - 82139-A-7',3,'2023-12-05 10:43:16',2,'2023-12-06 07:47:43',0),(162,1,'2023-12-05 17:40:00','facture','4006218854','ABDERRAHMANE BEJJAR - 43602-A-14',3,'2023-12-05 17:50:46',3,'2023-12-05 17:50:57',0),(163,1,'2023-12-08 14:20:00','facture','4006219182','MOHAMED CHANHAJI - 43605-A-14',2,'2023-12-15 10:49:07',2,'2023-12-15 10:50:32',0),(164,1,'2023-12-11 12:50:00','facture','4006219794','RABIA AIT SAID - 65759-A-34',3,'2023-12-11 12:58:57',3,'2023-12-11 12:59:04',0),(165,1,'2023-12-11 20:49:00','facture','4006219810','BOUCHAIB KARBAL - 16672-D-8',2,'2023-12-11 20:47:42',2,'2023-12-11 20:48:01',0),(166,1,'2023-12-14 16:34:00','facture','4006220631','RACHID SAOUTA 18323-E-6',4,'2023-12-14 16:42:48',2,'2023-12-15 08:24:39',0),(167,1,'2023-12-19 15:50:00','facture','4006221716','YOUSSEF  KHABANE - 43446-A-14',3,'2023-12-19 15:55:08',3,'2023-12-19 15:58:35',0),(168,1,'2023-12-20 15:54:00','facture','4006222263','SOFIANE FIKRI - 68515-A-334',3,'2023-12-20 17:57:08',3,'2023-12-20 17:57:15',0),(169,1,'2023-12-26 11:30:00','facture','4006223049','RACHID LAHKIM - 59056-A-34',3,'2023-12-26 11:33:38',3,'2023-12-26 11:44:15',0),(170,1,'2023-12-26 16:10:00','facture','4006223370','RABIA AIT SAID - 65759-A-34',3,'2023-12-26 16:16:31',3,'2023-12-26 16:16:42',0),(171,1,'2023-12-29 11:20:00','facture','4006225518','MOHAMED BAALI - 65765-A-34',3,'2023-12-29 11:21:42',3,'2023-12-29 11:21:50',0),(172,1,'2024-01-02 15:30:00','facture','4006226768','LAHCEN BOURHIM - 68517-A-34',2,'2024-01-02 15:40:16',2,'2024-01-02 15:41:45',0),(173,1,'2024-01-03 16:00:00','facture','4006227039','MOURAD EL BOURQQADY - 78335-E-1',3,'2024-01-03 16:02:45',3,'2024-01-03 16:03:20',0),(174,1,'2024-01-06 14:00:00','facture','4006229193','RABIA AIT SAID - 65759-A-34',3,'2024-01-06 15:10:37',3,'2024-01-06 15:11:01',0),(175,1,'2024-01-09 15:00:00','facture','4006230287','LAHCEN BOURHIM - 68517-A-34',2,'2024-01-19 11:21:33',2,'2024-01-19 11:21:48',0),(176,1,'2024-01-10 16:30:00','facture','4006230253','TARIQ AMLI - 43974-E-6',2,'2024-01-19 11:25:14',2,'2024-01-19 11:25:50',0),(177,1,'2024-01-16 16:40:00','facture','40062316444','LAHCEN BOURHIM - 68517-A-34',3,'2024-01-16 16:29:18',3,'2024-01-16 16:30:04',0),(178,1,'2024-01-19 18:58:00','facture','4004232710','MOHAMED BAALI - 65765-A-34',2,'2024-01-19 18:56:32',2,'2024-01-19 18:57:23',0),(179,1,'2024-01-24 10:58:00','facture','4006233681','HAMID BARA 43980-E-6',4,'2024-01-24 11:26:18',4,'2024-01-24 11:26:56',0),(180,1,'2024-01-26 09:30:00','facture','4006233745','IMAD AOUIDA 21572-B-7',4,'2024-01-26 10:35:29',3,'2024-01-26 17:01:06',0),(181,1,'2024-01-26 16:40:00','facture','4006234033','RACHID OUBAIH - 19716-B-7',3,'2024-01-26 16:44:43',3,'2024-01-26 16:45:16',0),(182,1,'2024-01-26 08:00:00','facture','4006233748','IMAD AOUIDA - 21572-B-7',3,'2024-01-26 17:03:14',3,'2024-01-26 17:11:08',0),(183,1,'2024-01-30 12:00:00','facture','4006235158','HAMID BARA - 43980-E-6',3,'2024-01-30 12:05:47',3,'2024-01-30 12:05:57',0),(184,1,'2024-01-31 14:40:00','facture','4006235098','MOHAMED BAALI  - 65765-A-34',3,'2024-01-31 14:49:04',3,'2024-01-31 14:49:14',0),(185,1,'2024-02-02 15:00:00','facture','4006235604','JAOUD ESSAKHI - 31101-B-7',3,'2024-02-02 18:36:15',3,'2024-02-02 18:42:14',0),(186,1,'2024-02-07 12:46:00','facture','4006237918','FOFIANE FIKRI 68515-A-34',4,'2024-02-07 15:48:34',4,'2024-02-07 15:49:42',0),(187,1,'2024-02-07 12:46:00','facture','4006237919','SOFIANE FIKRI 68515-A-34',4,'2024-02-07 15:51:00',4,'2024-02-07 15:51:55',0),(188,1,'2024-02-13 12:40:00','facture','4006239033','HAMID BARA - 43980-E-6',3,'2024-02-13 12:47:07',3,'2024-02-13 12:47:17',0),(189,1,'2024-02-13 18:00:00','facture','4006238939','RACHID SAOUTA - 18323-E-6',3,'2024-02-13 18:08:02',3,'2024-02-13 18:08:43',0),(190,1,'2024-02-19 15:10:00','facture','4006240342','HAMID BARA - 43980-E-6',3,'2024-02-19 15:13:38',3,'2024-02-19 15:14:00',0),(191,1,'2024-02-20 13:20:00','facture','4006240677','MOHAMED BAALI - 65765-A-34',3,'2024-02-20 13:20:47',3,'2024-02-20 13:20:59',0),(192,1,'2024-02-20 16:00:00','facture','4006240542','OUSSAMA TOUIMI - 45780-A-14',3,'2024-02-20 16:10:16',3,'2024-02-20 16:11:41',0),(193,1,'2024-02-20 16:00:00','facture','4006240547','OSSAMA TOUIMI - 45780-A-14',3,'2024-02-20 16:12:30',3,'2024-02-20 16:12:54',0),(194,1,'2024-02-22 16:42:00','facture','4006241505','MOHAMED BAALI 65765-A-34',4,'2024-02-22 17:05:54',4,'2024-02-22 17:06:38',0),(195,1,'2024-02-27 10:06:00','facture','4006241785','EL MAHDI SOUBAI - 82139-A-7',3,'2024-02-27 10:07:59',3,'2024-02-27 10:16:11',0),(196,1,'2024-02-27 10:16:00','facture','4006241768','EL MAHDI SOUBAI - 82139-A-7',3,'2024-02-27 10:17:48',3,'2024-02-27 10:38:48',0),(197,1,'2024-02-27 10:39:00','facture','4006241782','EL MAHDI SOUBAI - 82139-A-7',3,'2024-02-27 10:40:01',3,'2024-02-27 10:45:36',0),(198,1,'2024-02-27 14:46:00','facture','4006242411','RABIA AIT SAID - 65767-A-34',3,'2024-02-27 17:47:07',3,'2024-02-27 17:47:15',0),(199,1,'2024-02-27 14:47:00','facture','4006242410','RABIA AIT SAID - 65767-A-34',3,'2024-02-27 17:48:42',3,'2024-02-27 17:48:56',0),(200,1,'2024-02-29 15:15:00','facture','4006243280','MOHAMED BAALI 65765-A-34',3,'2024-02-29 15:24:13',3,'2024-02-29 15:24:57',0),(201,1,'2024-03-05 14:49:00','facture','4006245441','MOHAMED BAALI 65765-A-34',4,'2024-03-05 15:39:14',4,'2024-03-05 15:39:43',0),(202,1,'2024-03-05 16:27:00','facture','4006245364','RABIA AIT SAID - 65767-A-34',2,'2024-04-01 10:31:09',2,'2024-04-01 10:31:48',0),(203,1,'2024-03-08 19:40:00','facture','4006246139','MOULAY DRISS AHLAL - 64646-E-1',3,'2024-03-08 19:34:34',3,'2024-03-08 19:34:41',0),(204,1,'2024-03-11 17:09:00','facture','4006246755','HAMID BARA - 43980-E-6',3,'2024-03-11 17:12:38',3,'2024-03-11 17:12:46',0),(205,1,'2024-03-14 14:52:00','facture','4006247319','HAMID BARA 43980-E-6',4,'2024-03-14 15:11:51',4,'2024-03-14 15:12:27',0),(206,1,'2024-03-18 11:40:00','facture','4006247879','MOHAMED BAALI - 65765-A-34',3,'2024-03-18 12:00:58',3,'2024-03-18 12:01:09',0),(207,1,'2024-03-21 14:40:00','facture','4006248932','ABDERRAHMANE BEJJAR 43602-A-14',4,'2024-03-21 14:46:22',4,'2024-03-21 14:46:52',0),(208,1,'2024-03-26 15:05:00','facture','4006249858','MOHAMED BAALI - 65765-A-34',3,'2024-03-26 15:06:26',3,'2024-03-26 15:06:43',0),(209,1,'2024-03-26 15:50:00','facture','4006249990','RABIA AIT SAID - 65767-A-34',3,'2024-03-26 15:58:09',3,'2024-03-26 15:58:18',0),(210,1,'2024-04-01 13:30:00','facture','4006251714','MOSTAFA FAHMI - 43620-A-14',3,'2024-04-01 13:41:17',3,'2024-04-01 13:41:25',0),(211,1,'2024-04-01 14:50:00','facture','4006250945','RACHID SAOUTA - 18323-E-6',3,'2024-04-01 15:03:23',3,'2024-04-01 15:03:30',0),(212,1,'2024-04-04 11:24:00','facture','4006250419','Oussama touimi - 45780-a-14',3,'2024-04-05 11:25:46',3,'2024-04-05 11:29:11',0),(213,1,'2024-04-04 11:29:00','facture','4006250420','Oussama touimi - 45780-a-14',3,'2024-04-05 11:30:15',3,'2024-04-05 11:31:40',0),(214,1,'2024-04-08 12:30:00','facture','4006254157','MOHAMED BOUCETTA - 84465-B-8',3,'2024-04-08 12:35:26',3,'2024-04-08 12:35:36',0),(215,1,'2024-04-09 11:50:00','facture','4006254414','RACHID SAOUTA - 18323-E-6',3,'2024-04-09 12:02:53',3,'2024-04-09 12:03:02',0),(216,1,'2024-04-09 11:50:00','facture','4006254415','RACHID SAOUTA - 18323-E-6',3,'2024-04-09 12:04:42',3,'2024-04-09 12:04:49',0),(217,1,'2024-04-15 14:37:00','facture','4006255172','RABIA AIT SAID 65767-A-34',4,'2024-04-15 15:11:24',4,'2024-04-15 15:11:53',0),(218,1,'2024-04-15 14:37:00','facture','4006255174','RABIA AIT SAID 65767-A-34',4,'2024-04-15 15:13:22',4,'2024-04-15 15:13:40',0),(219,1,'2024-04-17 15:00:00','facture','4006255204','HAMID EL WARD - 31141-B-7',3,'2024-04-17 15:53:03',3,'2024-04-17 16:01:44',0),(220,1,'2024-04-17 15:00:00','facture','4006255206','HAMID EL WARDI - 31141-B-7',3,'2024-04-17 16:02:16',3,'2024-04-17 16:02:39',0),(221,1,'2024-04-17 17:00:00','facture','4006255666','RACHAD OUBAIH - 83970-A-13',3,'2024-04-17 17:02:43',3,'2024-04-17 17:03:01',0),(222,1,'2024-04-19 14:00:00','facture','4006256516','RACHID SAOUTA - 18323-E-6',3,'2024-04-19 15:06:42',3,'2024-04-19 15:07:03',0),(223,1,'2024-04-22 10:50:00','facture','4006256944','RACHID SAOUTA - 18323-E-6',3,'2024-04-22 11:00:46',3,'2024-04-22 11:00:54',0),(224,1,'2024-04-22 14:00:00','facture','4006256101','EL MAHDI SOUBAI - 82139-A-7',3,'2024-04-22 16:20:50',3,'2024-04-22 16:21:26',0),(225,1,'2024-04-22 14:00:00','facture','4006256105','EL MAHDI SOUBAI - 82139-A-7',3,'2024-04-22 16:22:08',3,'2024-04-22 16:22:28',0),(226,1,'2024-04-25 15:56:00','facture','4006257789','ABDERRAHMANE BEJJAR 43602-A-14',4,'2024-04-25 16:02:34',4,'2024-04-25 16:03:02',0),(227,1,'2024-04-29 11:40:00','facture','4006258540','SOFIANE FIKRI - 68515-A-34',3,'2024-04-29 11:48:22',3,'2024-04-29 11:48:37',0),(228,1,'2024-05-03 15:41:00','facture','4006261088','RACHID OUBAIH 83970-A-13',4,'2024-05-03 15:46:32',4,'2024-05-03 15:47:04',0),(229,1,'2024-05-06 18:30:00','facture','4006262068','ABDERAHMANE BEJJAR - 43602-A-14',3,'2024-05-06 18:40:14',3,'2024-05-06 18:40:29',0),(230,1,'2024-05-08 16:04:00','facture','4006262420','LAHCEN BOURHIM 68517-A-34',4,'2024-05-08 16:13:13',4,'2024-05-08 16:13:30',0),(231,1,'2024-05-09 17:24:00','facture','4006262704','NAJIB LAMTI 36159-E-6',4,'2024-05-10 08:39:22',4,'2024-05-10 08:40:20',0),(232,1,'2024-05-13 17:10:00','facture','4006263535','RABIA AIT SAID - 65767-A-34',2,'2024-05-28 16:55:18',2,'2024-05-28 16:55:33',0),(233,1,'2024-05-14 16:50:00','facture','4006263704','RACHAD OUBAIH - 83970-A-13',2,'2024-05-28 16:58:00',2,'2024-05-28 16:58:10',0),(234,1,'2024-05-16 10:00:00','facture','4006260100','RABYA LAARICH',2,'2024-05-17 17:31:39',2,'2024-05-17 20:41:32',0),(235,1,'2024-05-16 10:00:00','facture','4006260101','RABYA LAARICH',2,'2024-05-17 17:34:05',2,'2024-05-17 20:41:09',0),(236,1,'2024-05-16 10:10:00','facture','4006260061','RABYA LAARICH',2,'2024-05-17 17:35:30',2,'2024-05-17 20:40:44',0),(237,1,'2024-05-16 10:00:00','facture','4006260062','RABYA LAARICH',2,'2024-05-17 19:17:58',2,'2024-05-17 20:50:38',0),(238,1,'2024-05-21 10:45:00','facture','4006265866','RABIA AIT SAID 65767-A-34',4,'2024-05-21 11:07:01',4,'2024-05-21 11:07:50',0),(239,1,'2024-05-22 14:00:00','facture','4006266080','RACHAD OUBAIH - 83970-A-13',3,'2024-05-22 14:03:10',3,'2024-05-22 14:03:34',0),(240,1,'2024-05-22 14:00:00','facture','4006266081','RACHAD OUBAIH - 83970-A-13',3,'2024-05-22 15:10:03',3,'2024-05-22 15:10:44',0),(241,1,'2024-05-24 17:24:00','facture','4006267039','SOFIANE FIKRI - 68515-A-34',3,'2024-05-24 17:31:39',3,'2024-05-24 17:31:50',0),(242,1,'2024-05-28 16:04:00','facture','4006267588','RACHID SAOUTA  18323-E-6',4,'2024-05-28 16:50:16',4,'2024-05-28 16:50:42',0),(243,1,'2024-05-28 12:00:00','facture','4006267803','IMAD AOUIDA - 21572-B-7',4,'2024-06-01 16:39:04',4,'2024-06-01 16:40:15',0),(244,1,'2024-05-28 12:00:00','facture','4006267805','IMAD AOUIDA - 21572-B-7',4,'2024-06-01 16:41:19',4,'2024-06-01 16:42:35',0),(245,1,'2024-05-28 12:00:00','facture','4006267804','IMAD AOUIDA - 21572-B-7',4,'2024-06-01 16:43:26',4,'2024-06-01 16:44:16',0),(246,1,'2024-06-04 10:45:00','facture','4006270108','ABDERRAHMANE BEJJAR - 43602-A-14',3,'2024-06-04 11:00:13',3,'2024-06-04 11:00:24',0),(247,1,'2024-06-04 15:49:00','facture','4006270053','RACHID SOUTA 18323-E-6',4,'2024-06-04 16:10:37',4,'2024-06-04 16:11:07',0),(248,1,'2024-06-07 11:20:00','facture','4006271112','NAJIB LAMTI - 43980-E-6',3,'2024-06-07 11:23:55',3,'2024-06-07 11:24:02',0),(249,1,'2024-06-12 12:38:00','facture','4006272186','36159-E-6',3,'2024-06-12 12:39:14',3,'2024-06-12 12:39:22',0),(250,1,'2024-06-20 11:36:00','facture','4006273551','RABIA AIT SAID   65767-A-34',4,'2024-06-20 12:10:28',4,'2024-06-20 12:10:44',0),(251,1,'2024-06-26 13:00:00','facture','4006274227','EL MAHDI SOUBAI - 82139-A-7',4,'2024-06-26 13:01:29',4,'2024-06-26 13:03:33',0),(252,1,'2024-06-24 13:00:00','facture','4006274226','EL MAHDI SOUBAI - 82139-A-7',4,'2024-06-26 13:04:38',4,'2024-06-26 13:05:44',0),(253,1,'2024-06-26 17:00:00','facture','4006274855','SOFIANE FIKRI - 68515-A-34',2,'2024-07-03 08:54:18',2,'2024-07-03 08:55:13',0),(254,1,'2024-07-02 12:07:00','facture','4006277319','ABDELLAH BELKASEM - 36159-E-6',3,'2024-07-02 12:10:14',3,'2024-07-02 12:10:32',0),(255,1,'2024-07-09 10:45:00','facture','4006279659','MOHAMED BAALI - 65765-A-34',3,'2024-07-10 10:51:43',3,'2024-07-10 10:51:54',0),(256,1,'2024-07-15 11:05:00','facture','4006280492','LAHCEN BOURHIM - 68517-A-34',3,'2024-07-15 11:19:57',3,'2024-07-15 11:20:07',0),(257,1,'2024-07-18 12:23:00','facture','4006281408','ABDERRAHMANE BEJJAR 43602-A-14',4,'2024-07-18 12:39:34',4,'2024-07-18 12:40:09',0),(258,1,'2024-07-24 11:40:00','facture','4006282642','ABDELLAH BELKASEM 36159-E-6',4,'2024-07-24 16:51:05',4,'2024-07-24 16:51:43',0),(259,1,'2024-08-01 14:35:00','facture','4006284355','RACHAD OUBIAH  83970-A-13',4,'2024-08-01 14:46:20',4,'2024-08-01 14:46:44',0),(260,1,'2024-08-05 12:06:00','facture','4006287268','ABDERRAHMANE ES-SIBAK 79080-E-1',4,'2024-08-05 12:15:14',4,'2024-08-05 12:16:01',0),(261,1,'2024-08-09 11:28:00','facture','4006288223','MOHAMED  BAALI 65765-A-34',4,'2024-08-09 15:26:59',4,'2024-08-09 15:27:19',0),(262,1,'2024-08-14 12:00:00','facture','4006289369','SOFIANE FIKRI - 68515-A-34',3,'2024-08-14 12:08:10',3,'2024-08-14 12:08:27',0),(263,1,'2024-08-15 11:30:00','facture','4006285898','ABDELGHANI FAHMI - 31099-B-7',3,'2024-08-15 11:33:14',3,'2024-08-15 11:33:37',0),(264,1,'2024-08-20 10:32:00','facture','4006290511','LAHCEN BOURHIM 68517-A-34',4,'2024-08-20 10:39:40',4,'2024-08-20 10:40:04',0),(265,1,'2024-08-23 17:00:00','facture','4006291168','HAMID BARA - 43980-E-6',3,'2024-08-23 17:53:47',3,'2024-08-23 17:53:58',0),(266,1,'2024-08-30 11:34:00','facture','4006292959','RACHID OUBAIH - 83970-A-13',3,'2024-08-30 11:37:04',3,'2024-08-30 11:37:11',0),(267,1,'2021-06-04 12:17:00','facture','4006295776','SOFIANE FIKRI 68515-A-35',4,'2024-09-04 12:35:21',4,'2024-09-04 12:37:11',0),(268,1,'2024-09-12 11:30:00','facture','4006297511','ABDELLAH BELKASEM - 36159-E-6',3,'2024-09-12 11:44:21',3,'2024-09-12 11:44:29',0),(269,1,'2024-09-18 11:30:00','facture','4006298619','ABDERRAHMANE ESSIBAK - 79080-E-1',3,'2024-09-18 11:37:33',3,'2024-09-18 11:37:43',0),(270,1,'2024-09-19 18:00:00','facture','4006298718','ANAS BELFQUIH - 1130-T-6',3,'2024-09-20 09:34:32',3,'2024-09-20 09:45:07',0),(271,1,'2024-09-19 18:00:00','facture','4006298716','ANAS BELFQUIH - 1130-T-1',3,'2024-09-20 09:45:59',3,'2024-09-20 09:48:34',0),(272,1,'2024-09-23 15:00:00','facture','4006299659','LAHCEN BOURHIM 68517-A-34',4,'2024-09-23 15:06:27',4,'2024-09-23 15:09:29',0),(273,1,'2024-10-01 14:40:00','facture','4006301219','MOULAY DRISS AHLAL 64646-E-1',4,'2024-10-01 16:07:46',4,'2024-10-01 16:08:12',0),(274,1,'2024-10-09 10:07:00','facture','4006304698','BADR AMRI - 78339-E-1',3,'2024-10-09 10:41:02',3,'2024-10-09 10:41:12',0),(275,1,'2024-10-10 11:40:00','facture','4006305246','ABDERRAHMANE ES*SIBAK - 79080-E-1',3,'2024-10-10 11:43:00',3,'2024-10-10 11:43:08',0),(276,1,'2024-10-16 12:40:00','facture','4006306785','RACHID SAOUTA - 18323-E-6',3,'2024-10-16 12:46:07',3,'2024-10-16 12:46:16',0),(277,1,'2024-10-22 11:30:00','facture','4006307906','ABDELLAH BELKASEM - 36159-E-6',3,'2024-10-22 11:32:00',3,'2024-10-22 11:32:08',0),(278,1,'2024-10-29 09:50:00','facture','4006309911','KHALID MAYAT - 64659-E-1',3,'2024-10-29 10:02:22',3,'2024-10-29 10:02:33',0),(279,1,'2024-11-01 09:29:00','facture','4006310826','RACHAD OUBAIH 83970-A-13',5,'2024-11-02 09:29:25',5,'2024-11-02 09:29:52',0),(280,1,'2024-11-04 15:24:00','facture','4006311410','RACHID SAOUTA 18323-E-6',4,'2024-11-04 15:47:58',4,'2024-11-04 15:48:20',0),(281,1,'2024-11-08 16:32:00','facture','4006313902','RACHID OUBAIH 83970-A-13',4,'2024-11-08 16:48:18',4,'2024-11-08 16:48:33',0),(282,1,'2024-11-16 18:50:00','facture','4006315509','RABIA AIT SAID 65767-A-34',4,'2024-11-16 18:54:10',4,'2024-11-16 18:57:19',0),(283,1,'2024-11-19 12:39:00','facture','4006315641','TARIQ EL AMLI 53983-T-6',4,'2024-11-19 12:49:34',4,'2024-11-19 12:49:53',0),(284,1,'2024-11-19 13:53:00','facture','4006315888','ABDERRAHMANE BEJJAR 43602-A-14',4,'2024-11-19 14:48:20',4,'2024-11-19 14:48:40',0),(285,1,'2024-11-25 14:17:00','facture','4006317145','ABDERRAHMANE BEJJAR 43602-A-14',3,'2024-11-25 14:24:20',3,'2024-11-25 14:24:37',0),(286,1,'2024-12-02 14:13:00','facture','4006320500','LAHCEN BOURHIM 68517-A-34',4,'2024-12-02 14:19:36',4,'2024-12-02 14:20:09',0),(287,1,'2024-12-04 16:28:00','facture','4006320438','AHMED ZOUDADI - 31098-B-7',3,'2024-12-04 16:27:28',3,'2024-12-04 16:34:59',0),(288,1,'2024-12-04 16:36:00','facture','4006320441','31098-B-7',3,'2024-12-04 16:35:42',3,'2024-12-04 16:36:15',0),(289,1,'2024-12-04 16:36:00','facture','4006320445','AHMED ZOUDADI - 31098-B-7',3,'2024-12-04 16:41:39',3,'2024-12-04 16:42:25',0),(290,1,'2024-12-06 14:10:00','facture','4006322395','ABDERAHMANE BEJJAR - 43602-A-14',3,'2024-12-06 15:20:18',3,'2024-12-06 15:20:33',0),(291,1,'2024-12-11 18:00:00','facture','4006323323','ABDERRAHMANE BEJJAR - 43602-A-14',3,'2024-12-11 18:17:07',3,'2024-12-11 18:17:33',0),(292,1,'2024-12-12 10:00:00','facture','4006323659','RABIA AIT SAID - 65767-A-34',3,'2024-12-13 10:24:23',3,'2024-12-13 10:24:32',0),(293,1,'2024-12-18 09:00:00','facture','4006324610','RABIA AIT SAID - 65767-A-34',3,'2024-12-18 09:28:07',3,'2024-12-18 09:28:17',0),(294,1,'2024-12-24 11:30:00','facture','400632584','ABDERAHMANE BEJJAR - 43602-A-14',3,'2024-12-24 11:44:03',3,'2024-12-24 11:44:13',0),(295,1,'2024-12-30 11:20:00','facture','4006327210','MOHAMED BOUCETTA 69783-A-34',4,'2024-12-30 11:27:56',4,'2024-12-30 11:28:19',0),(296,1,'2025-01-06 11:30:00','facture','4006331141','RABIA AIT SAID - 65767-A-34',3,'2025-01-06 12:46:17',3,'2025-01-06 12:47:04',0),(297,1,'2025-01-10 12:30:00','facture','4006332242','ABDELHADI LOUDAINI - 46088-A-54',3,'2025-01-11 12:18:41',3,'2025-01-11 12:19:22',0),(298,1,'2025-01-15 10:30:00','facture','4006333068','MOHAMED BOUCETTA- -69783-A-34',3,'2025-01-15 10:55:24',3,'2025-01-15 10:56:20',0),(299,1,'2025-01-21 15:10:00','facture','4006334617','HAMID BARA - 43980-E-6',3,'2025-01-21 15:37:36',3,'2025-01-21 15:37:49',0),(300,1,'2025-01-24 15:10:00','facture','4006335349','RACHAD OUBAIH - 83970-A-13',3,'2025-01-24 15:32:50',3,'2025-01-24 15:33:22',0),(301,1,'2025-01-27 19:00:00','facture','4006336828','TARIQ EL AMLI - 53983-T-6',3,'2025-01-28 08:53:34',3,'2025-01-28 08:54:19',0),(302,1,'2025-01-30 15:15:00','facture','4006337885','KHALID MAYAT - 78360-E-1',3,'2025-01-31 15:48:16',3,'2025-01-31 15:49:00',0),(303,1,'2025-02-06 15:15:00','facture','4006340452','BADR LAHLALI - 79701-A-13',3,'2025-02-06 15:36:08',3,'2025-02-06 15:37:14',0),(304,1,'2025-02-11 08:27:00','facture','4006341454','MOHAMED BOUCETTA',5,'2025-02-12 08:27:44',5,'2025-02-12 08:29:58',0),(305,1,'2025-02-12 15:19:00','facture','4006339559','EL HANAFI FARDADI',2,'2025-02-12 18:20:04',2,'2025-02-12 18:37:55',0),(306,1,'2025-02-12 15:15:00','facture','4006339560','EL HANAFI FARDADI',2,'2025-02-12 18:46:19',2,'2025-02-12 18:56:38',0),(307,1,'2025-02-12 15:15:00','facture','4006339588','EL HANAFI FARDADI',2,'2025-02-12 18:58:01',2,'2025-02-12 19:00:58',0),(308,1,'2025-02-12 15:15:00','facture','4006339589','EL HANAFI FARDADI',2,'2025-02-12 19:02:14',2,'2025-02-12 19:03:34',0),(309,1,'2025-02-17 12:56:00','facture','4006342860','RABIA AIT SAID',5,'2025-02-17 12:56:45',5,'2025-02-17 12:59:51',0),(310,1,'2025-02-21 16:45:00','facture','4006344530','RACHAD OUBAIH',5,'2025-02-21 16:46:03',5,'2025-02-21 18:25:31',0),(311,1,'2025-02-26 17:39:00','facture','4006345601','YOUSSEF KHABANE',5,'2025-02-26 17:40:01',5,'2025-02-26 17:41:15',0),(312,1,'2025-02-26 17:42:00','facture','4006345568','OTMANE EL AMIRI',5,'2025-02-26 17:42:42',5,'2025-02-26 17:43:34',0),(313,1,'2025-02-27 15:00:00','facture','4006344345','EL HANAFI FARDADI - 87644-A-7',3,'2025-03-01 09:42:26',3,'2025-03-01 09:43:19',0),(314,1,'2025-02-27 15:00:00','facture','4006344346','EL HANAFI FARDADI - 87644-A-7',3,'2025-03-01 09:44:03',3,'2025-03-01 09:44:25',0),(315,1,'2025-03-05 15:52:00','facture','4006348869','RABIA    AIT SAID',5,'2025-03-05 15:53:27',5,'2025-03-05 15:54:34',0),(316,1,'2025-03-08 10:30:00','facture','4006349315','HAMID BARA - 43980-E-6',3,'2025-03-08 10:38:21',3,'2025-03-08 10:38:50',0),(317,1,'2025-03-11 11:20:00','facture','4006349712','ALI LMOUMENE - 79080-E-1',3,'2025-03-11 11:20:46',3,'2025-03-11 11:21:28',0),(318,1,'2025-03-13 13:39:00','facture','4006350188','RACHID OUBAIH - 83970-A-13',3,'2025-03-13 13:43:30',3,'2025-03-13 13:44:00',0),(319,1,'2025-03-18 12:41:00','facture','4006351068','RACHID OUBAIH',5,'2025-03-18 12:41:59',5,'2025-03-18 12:43:52',0),(320,1,'2025-03-21 14:01:00','facture','4006351635','ALLA TARIK',5,'2025-03-21 14:02:23',5,'2025-03-21 14:07:10',0),(321,1,'2025-03-26 12:40:00','facture','4006353601','SOFIANE FIKRI',2,'2025-03-27 11:13:44',2,'2025-03-27 11:14:05',0),(322,1,'2025-04-02 16:14:00','facture','4006355528','ABDELLAH ESSOUDASSI',5,'2025-04-02 16:16:09',5,'2025-04-02 16:18:37',0),(323,1,'2025-04-04 14:45:00','facture','4006357150','ALI LMOUMENE - 79080-E-1',3,'2025-04-04 14:46:28',3,'2025-04-04 14:47:30',0),(324,1,'2025-04-09 09:52:00','facture','4006355330','ABDERRAHIM AIT HAMMOU',9,'2025-04-10 09:54:02',9,'2025-04-10 10:41:35',0),(325,1,'2025-04-09 10:42:00','facture','4006355331','ABDERRAHIMAIT HAMMOU',9,'2025-04-10 10:42:56',9,'2025-04-10 10:50:39',0),(326,1,'2025-04-11 12:01:00','facture','4006358470','MOHAMED BOUCETTA',2,'2025-04-11 12:16:34',2,'2025-04-11 12:17:42',0),(327,1,'2025-04-14 11:10:00','facture','4006358379','EL HANAFI FARDADI',9,'2025-04-14 11:43:21',9,'2025-04-14 11:43:29',0),(328,1,'2025-04-14 11:10:00','facture','4006358387','EL HANAFI FARDADI',9,'2025-04-14 11:45:09',9,'2025-04-14 11:46:54',0),(331,1,'2025-04-16 17:23:00','facture','4006359440','LAHCEN BOURHIM - 68517A34',9,'2025-04-16 16:32:20',9,'2025-04-16 16:33:24',0),(332,1,'2025-04-21 14:20:00','facture','4006360450','ALI TADRART 36159-E-6',9,'2025-04-21 15:49:16',9,'2025-04-21 15:49:29',0),(334,1,'2025-04-25 12:51:00','facture','4006361537','ABDERRAHMANE ES-SIBAK 79080-E-1',2,'2025-04-30 11:36:44',2,'2025-04-30 11:36:52',0),(335,1,'2025-04-30 12:36:00','facture','4006363911','RABIA AIT SAID 65767-A-34',9,'2025-04-30 12:37:34',9,'2025-04-30 12:38:07',0),(336,1,'2025-05-06 12:26:00','facture','4006366160','RABIA AIT SAID 65767-A-34',9,'2025-05-06 12:52:31',9,'2025-05-06 12:52:38',0),(338,1,'2025-03-31 14:50:00','facture','4006355415','NA',1,'2025-05-07 14:52:00',1,'2025-05-07 14:52:38',0),(339,1,'2025-05-09 12:31:00','facture','4006366879','YOUSSEF KHABANE 43602-A-14',9,'2025-05-09 12:33:13',9,'2025-05-09 12:49:18',0),(342,1,'2025-05-15 10:50:00','facture','4006367759','MOHAMED DIDI 70376-A-13',9,'2025-05-15 10:58:27',9,'2025-05-15 11:05:59',0),(343,1,'2025-05-15 10:50:00','facture','4006367760','MOHAMED DIDI 70376-A-13',9,'2025-05-15 11:07:04',9,'2025-05-15 11:07:58',0),(344,1,'2025-05-15 12:55:00','facture','4006368300','RABIA AIT SAID 65767-A-34',9,'2025-05-15 13:04:12',9,'2025-05-15 13:05:29',0),(345,21,'2025-05-20 16:45:00','facture','F2505242','LAHCEN MOUTAOUAKIL',2,'2025-05-20 16:46:10',2,'2025-05-20 16:49:47',0),(346,1,'2025-05-21 16:25:00','facture','4006369868','MOHAMED BAALI 65765-A-34',9,'2025-05-21 15:30:17',9,'2025-05-21 16:17:12',0),(347,1,'2025-05-22 09:40:00','facture','4006369538','EL HANAFI FARDADI 87644-A-7',9,'2025-05-22 10:05:13',9,'2025-05-22 10:17:01',0),(348,1,'2025-05-22 09:40:00','facture','4006369541','EL HANAFI FARDADI 87644-A-7',9,'2025-05-22 10:19:43',9,'2025-05-22 10:20:25',0),(349,1,'2025-05-26 13:36:00','facture','4006370763','RACHID SAOUTA 18323-E-6',9,'2025-05-26 13:40:29',9,'2025-05-26 13:42:48',0),(350,1,'2025-05-28 13:25:00','facture','4006372004','HASSAN ELGUASSAB 52370-B-7',9,'2025-05-28 13:53:14',9,'2025-05-28 13:55:40',0),(351,1,'2025-06-03 12:07:00','facture','4006374443','MOHAMED BOUCETTA',9,'2025-06-03 12:27:35',9,'2025-06-03 12:40:25',0),(352,1,'2025-06-04 18:14:00','facture','4006373332','AHMED ZOUDADI 31098-B-7',9,'2025-06-04 18:15:42',9,'2025-06-04 18:22:48',0),(353,1,'2025-06-06 12:52:00','facture','4006375521','LAHCEN BOURHIM',5,'2025-06-06 12:52:35',5,'2025-06-06 12:58:07',0),(354,1,'2025-06-13 16:00:00','facture','4006377199','RACHID SAOUTA 18323-E-6',9,'2025-06-13 16:17:37',9,'2025-06-13 16:19:47',0),(355,1,'2025-06-18 15:10:00','facture','4006378069','ABDERRAHMANE ES-SIBAK 79080-E-1',9,'2025-06-18 15:28:49',9,'2025-06-18 15:29:16',0),(356,1,'2025-06-24 12:16:00','facture','4006379320','RACHAD OUBAIH 83970-A-13',9,'2025-06-24 11:47:27',9,'2025-06-24 11:47:42',0),(357,1,'2025-06-25 16:40:00','facture','4006379809','AHMED AIT EL HAJ 87682-A-7',9,'2025-06-25 17:14:25',9,'2025-06-25 18:12:45',0),(358,1,'2025-06-25 16:40:00','facture','4006379811','AHMED AIT EL HAJ  87682-A-7',9,'2025-06-25 17:32:33',9,'2025-06-25 17:42:29',0),(359,1,'2025-06-27 11:45:00','facture','4006380649','HAMID BARA 43980-E-6',9,'2025-06-27 12:28:32',9,'2025-06-27 12:30:20',0),(360,1,'2025-07-03 11:12:00','facture','4006383121','ABDELLAH BELKASEM 36159-E-6',9,'2025-07-03 11:26:48',9,'2025-07-03 11:27:01',0),(361,1,'2025-07-07 12:23:00','facture','4006383776','ABDERRAHMANE ES-SIBAK 79080-E-1',9,'2025-07-07 12:33:00',9,'2025-07-07 12:52:44',0),(362,1,'2025-07-10 11:06:00','facture','4006384595','HAMID BARA 43980-E-6',9,'2025-07-10 11:39:29',9,'2025-07-10 11:39:42',0),(363,1,'2025-07-15 11:47:00','facture','4006385664','ABDERRAHMANE ES-SIBAK 79080-E-1',9,'2025-07-15 12:02:07',9,'2025-07-15 12:02:20',0),(364,1,'2025-07-18 11:57:00','facture','4006386393','RACHID SAOUTA 18323-E-6',9,'2025-07-18 12:18:17',9,'2025-07-18 18:02:49',0),(365,1,'2025-07-22 12:20:00','facture','4006387636','HAMID BARA 43980-E-6',9,'2025-07-22 12:27:38',9,'2025-07-22 12:40:56',0),(366,1,'2025-07-28 11:58:00','facture','4006388839','HAMID BARA 43980-E-6',9,'2025-07-28 12:32:25',9,'2025-07-28 12:32:35',0),(368,9,'2025-07-29 10:50:00','facture','FA25070002','EL HADI HASSAN',9,'2025-07-30 09:57:46',9,'2025-07-30 09:59:37',0),(369,1,'2025-07-31 16:35:00','facture','4006389781','RACHID SAOUTA 18323-E-6',9,'2025-07-31 16:41:14',9,'2025-07-31 17:09:43',0),(370,1,'2025-08-05 12:15:00','facture','4006392121','ABDERRAHMANE ES-SIBAK 79080-E-1',9,'2025-08-05 13:33:21',9,'2025-08-05 13:33:29',0),(371,1,'2025-08-08 12:01:00','facture','4006392809','ABDERRAHMANE ES-SIBAK 79080-E-6',9,'2025-08-08 12:14:35',9,'2025-08-08 12:14:45',0),(372,1,'2025-08-11 10:20:00','facture','4006393336','MOHAMED BOUCETTA 69783-A-34',9,'2025-08-11 10:51:38',9,'2025-08-11 10:51:45',0),(373,1,'2025-08-14 13:31:00','facture','4006394351','SAID EL RAHALI 1130-T-1',9,'2025-08-14 14:24:17',2,'2025-08-25 14:41:53',26128),(374,1,'2025-08-14 13:31:00','facture','4006394325','SAID EL RAHALI 1130-T-1',9,'2025-08-14 14:33:54',2,'2025-08-25 14:42:20',26129),(375,1,'2025-08-15 12:20:00','facture','4006394731','MOHAMED BOUCETTA 69783-A-34',9,'2025-08-15 15:22:29',9,'2025-08-15 15:22:47',0),(376,1,'2025-08-19 12:27:00','facture','4006395561','HAMID BARA 43980-E-6',9,'2025-08-19 12:31:38',9,'2025-08-19 12:31:56',0),(377,1,'2025-08-25 12:00:00','facture','4006396989','ALI LMOUMENE 64639-E-1',9,'2025-08-25 12:20:45',9,'2025-08-26 08:51:35',0),(380,1,'2025-08-26 17:32:00','facture','4006397191','ABDERRAHMANE EL OUAKHCHACHI 87645-A-7',9,'2025-08-26 18:22:39',9,'2025-08-26 18:23:31',26173),(379,1,'2025-08-26 17:32:00','facture','4006397192','ABDERRAHMANE EL OUAKHCHACHI 87645-A-7',9,'2025-08-26 18:18:05',9,'2025-08-26 18:19:05',26172),(381,1,'2025-08-28 15:13:00','facture','4006397815','ALI LMOUMENE',5,'2025-08-28 15:14:06',9,'2025-08-28 15:42:08',0),(382,1,'2025-09-03 14:20:00','facture','4006400595','OMAR CHTAIBI 46101-A-54',9,'2025-09-03 14:28:00',9,'2025-09-03 14:32:12',0),(383,1,'2025-09-08 16:20:00','facture','4006401696','HAMID BARA 43980-E-6',9,'2025-09-08 16:33:28',9,'2025-09-08 16:39:08',0),(384,1,'2025-09-11 18:00:00','facture','4006402558','RACHAD OUBAIH 83970-A-13',9,'2025-09-11 18:11:19',9,'2025-09-11 18:34:02',0),(385,1,'2025-09-13 09:01:00','facture','4006402751','MOHAMED BOUCETTA 69783-A-34',9,'2025-09-13 09:20:04',9,'2025-09-13 09:50:31',0),(386,1,'2025-08-15 16:40:00','facture','4006403072','ALI LMOUMENE 64639-E-1',9,'2025-09-15 16:47:20',9,'2025-09-15 16:54:38',0),(387,1,'2025-09-17 13:40:00','facture','4006403655','MOHAMED BOUCETTA 69783-A-34',9,'2025-09-17 13:57:04',9,'2025-09-17 13:57:48',0),(388,1,'2025-09-17 15:20:00','facture','4006403781','HAMID BARA 43980-E-6',9,'2025-09-17 16:26:51',9,'2025-09-17 16:27:02',0),(389,9,'2025-09-22 17:10:00','facture','FA25090004','EL HADI HASSAN',9,'2025-09-22 17:10:34',9,'2025-09-22 17:17:47',0),(390,9,'2025-09-17 10:23:00','facture','FA25090003','RACHID',9,'2025-09-22 17:15:37',9,'2025-09-22 17:17:08',0),(391,1,'2025-09-23 13:45:00','facture','4006405552','RACHAD OUBAIH 83970-A-13',9,'2025-09-23 13:49:54',9,'2025-09-23 14:06:52',0),(392,1,'2025-09-23 18:28:00','facture','4006405505','HAMID BARA 43980-E-6',9,'2025-09-23 18:41:50',9,'2025-09-23 18:42:01',0),(394,21,'2025-09-24 15:42:00','facture','F2509277','MED OUDAOUD  24280-A-34',9,'2025-09-24 16:39:51',9,'2025-11-22 16:58:20',0),(395,9,'2025-09-25 18:40:00','facture','FA25090005','BAHA-EDDINE ',9,'2025-09-25 18:40:22',9,'2025-09-25 18:40:56',0),(396,1,'2025-09-26 17:50:00','facture','4006405995','EL HANAFI FARDADI 70376-A-13',9,'2025-09-26 18:27:04',9,'2025-09-26 18:27:56',27440),(397,1,'2025-09-29 12:20:00','facture','4006406753','YOUSSEF KHABANE 43602-A-14',9,'2025-09-29 12:36:13',9,'2025-09-29 12:36:37',0),(398,1,'2025-09-29 18:44:00','facture','4006406827','MOHAMMED GAMIH 2802-E-6',9,'2025-09-29 19:05:14',9,'2025-09-29 19:05:26',0),(399,9,'2025-09-30 09:50:00','facture','FA25090006','HASSAN EL HADI',9,'2025-09-30 09:50:23',9,'2025-09-30 09:50:37',0),(400,1,'2025-10-02 17:05:00','facture','4006407210','ABDERRAHMANE EL OUAKHCHACHI 87645-A-7',9,'2025-10-02 17:35:27',9,'2025-10-02 17:36:00',27696),(401,1,'2025-10-02 17:05:00','facture','4006407223','ABDERRAHMANE EL OUAKHCHACHI 87645-A-7',9,'2025-10-02 17:38:16',9,'2025-10-02 17:38:47',27697),(402,1,'2025-10-02 16:34:00','facture','4006407005','AHMED AIT EL HAJ 87682-A-7',9,'2025-10-02 17:45:14',9,'2025-10-02 17:45:47',27699),(405,1,'2025-10-02 16:34:00','facture','4006406936','AHMED AIT EL HAJ 87682-A-7',9,'2025-10-02 17:54:37',9,'2025-10-02 17:57:25',27702),(406,1,'2025-10-02 16:34:00','facture','4006406938','AHMED AIT EL HAJ 87682-A-7',9,'2025-10-02 17:56:10',9,'2025-10-02 17:57:04',27701),(407,1,'2025-10-02 16:34:00','facture','4006406940','AHMED AIT EL HAJ 87682-A-7',9,'2025-10-03 10:59:08',9,'2025-10-03 11:01:22',27732),(408,1,'2025-10-02 16:34:00','facture','4006406949','AHMED AIT EL HAJ 87682-A-7',9,'2025-10-03 11:00:16',9,'2025-10-03 11:01:00',27731),(409,1,'2025-10-02 16:34:00','facture','4006406939','AHMED AIT EL HAJ 87682-A-7',9,'2025-10-03 11:01:59',9,'2025-10-03 11:03:36',27733),(410,1,'2025-10-02 16:34:00','facture','4006406948','AHMED AIT EL HAJ 87682-A-7',9,'2025-10-03 11:04:32',9,'2025-10-03 11:05:53',27734),(411,1,'2025-10-03 12:15:00','facture','4006409357','OTMANE EL AMIRI 93178-A-13',9,'2025-10-04 08:16:16',9,'2025-10-04 08:16:25',0),(412,1,'2025-10-06 13:05:00','facture','4006409754','RACHAD OUBAIH 83970-A-13',9,'2025-10-06 13:12:45',9,'2025-10-06 13:12:58',0),(413,9,'2025-10-07 09:10:00','facture','FA25100001','RACHID',9,'2025-10-07 10:36:20',9,'2025-10-07 10:36:40',0),(414,1,'2025-10-09 08:50:00','facture','4006410351','ABDELLAH BELKASEM 36159-E-6',9,'2025-10-09 10:03:05',9,'2025-10-09 10:03:13',0),(415,1,'2025-10-09 16:20:00','facture','4006410432','YOUSSEF KHABANE 43602-A-14',9,'2025-10-09 16:22:51',9,'2025-10-09 16:22:57',0),(416,9,'2025-10-11 09:10:00','facture','fa25100002','HASSAN EL HADI',9,'2025-10-11 09:29:10',9,'2025-10-11 09:29:42',0),(417,9,'2025-10-14 11:11:00','facture','FA25100003','RACHID',9,'2025-10-14 11:11:26',9,'2025-10-14 11:12:25',0),(418,1,'2025-10-14 14:50:00','facture','4006411416','MOHAMED BOUCETTA 69783-A-34',9,'2025-10-14 14:54:11',9,'2025-10-14 14:54:20',0),(419,1,'2025-10-15 14:50:00','facture','4006412294','YOUSSEF KHABANE 43602-A-14',9,'2025-10-15 15:15:57',9,'2025-10-15 15:16:02',0),(420,1,'2025-10-16 16:10:00','facture','4006412290','RABYA LAARICH  21571-B-7',9,'2025-10-16 17:00:36',9,'2025-10-16 17:02:37',28386),(421,1,'2025-10-16 16:10:00','facture','4006412297','RABYA LAARICH 21571-B-7',9,'2025-10-16 17:02:02',9,'2025-10-16 17:02:17',28385),(422,1,'2025-10-20 18:05:00','facture','4006413124','RABIA AIT SAID 65767-A-34',9,'2025-10-20 18:35:37',9,'2025-10-20 18:35:45',0),(423,1,'2025-10-21 10:50:00','facture','4006413359','LAHCEN BOURHIM  68517-A-34',9,'2025-10-21 10:53:35',9,'2025-10-21 10:53:48',0),(424,9,'2025-10-22 09:10:00','facture','FA25100004','HASSAN EL HADI',9,'2025-10-25 10:22:48',9,'2025-10-25 10:25:52',0),(425,1,'2025-10-27 13:35:00','facture','4006414901','ABDERRAHMANE ES-SIBAK 79080-E-1',9,'2025-10-27 15:24:41',9,'2025-10-27 15:24:46',0),(426,1,'2025-10-29 10:45:00','facture','4006415468','RACHAD OUBAIH 83970-A-35',9,'2025-10-29 12:33:01',9,'2025-10-29 12:36:19',0),(427,21,'2025-10-29 10:04:00','facture','F2510337','LAHCEN MOUTAOUAKIL 13776-D-6',9,'2025-10-29 14:55:15',9,'2025-11-22 16:56:46',0),(428,1,'2025-10-29 15:01:00','facture','4006415445','AMEUR OUADIA 43980-E-6',9,'2025-10-29 15:35:16',9,'2025-10-29 15:35:41',0),(429,1,'2025-09-03 10:00:00','facture','4104091663','-',2,'2025-10-30 10:59:44',2,'2025-10-30 11:00:41',0),(430,1,'2025-11-04 16:58:00','facture','4006418369','RACHID SAOUTA 18323-E-6',9,'2025-11-04 17:57:55',9,'2025-11-04 17:58:19',0),(431,1,'2025-11-05 13:20:00','facture','4006418440','LAHCEN BOURHIM 68517-A-34',9,'2025-11-05 16:08:40',9,'2025-11-05 16:08:49',0),(432,9,'2025-11-07 10:25:00','facture','FA25110001','BAHAE EDDINE',9,'2025-11-08 08:11:59',9,'2025-11-08 08:13:01',0),(433,1,'2025-11-08 11:05:00','facture','4006419131','YOUSSEF KHABANE 34602-A-14',9,'2025-11-08 11:38:43',9,'2025-11-08 11:38:52',0),(434,1,'2025-11-10 08:48:00','facture','4006418970','EL HANAFI FARDADI',2,'2025-11-10 08:48:37',2,'2025-11-10 08:49:34',29686),(435,1,'2025-11-12 14:20:00','facture','4006419957','HAMID BARA 43980-E-6',9,'2025-11-12 14:40:32',9,'2025-11-12 14:40:44',0),(436,1,'2025-11-13 11:56:00','facture','4006420204','ABDELAZIZ RAMI 43602-A-14',9,'2025-11-13 12:19:16',9,'2025-11-13 14:54:11',0),(437,1,'2025-11-20 12:11:00','facture','4006422237','RACHID SAOUTA 18323-E-6',9,'2025-11-20 13:01:56',9,'2025-11-20 13:03:22',0),(438,1,'2025-11-24 16:58:00','facture','4006422892','RABIA AIT SAID 65767-A-34',9,'2025-11-24 17:34:13',9,'2025-11-24 17:34:22',0),(439,1,'2025-11-26 11:10:00','facture','4006423390','ABDELLAH BELKASEM 36159-E-6',9,'2025-11-26 12:01:22',9,'2025-11-26 12:01:29',0),(440,1,'2025-12-01 14:23:00','facture','4006424651','ALI LMOUMENE 64639-E-1',9,'2025-12-01 15:07:53',9,'2025-12-01 15:08:06',0),(441,21,'2025-12-01 17:00:00','facture','F2512007','MED AGHROUD 56764-A-33',9,'2025-12-01 17:46:48',9,'2025-12-01 17:48:21',0),(442,9,'2025-12-03 11:10:00','facture','FA25120001','BAHAA EDDINE',9,'2025-12-03 15:15:42',9,'2025-12-03 15:17:49',0),(443,1,'2025-12-05 16:20:00','facture','4006427506','ABDERRAHMANE ES-SIBAK 79080-E-1',9,'2025-12-06 08:38:11',9,'2025-12-06 08:38:34',0),(444,9,'2025-12-09 10:35:00','facture','FA25120002','BAHAA-EDDINE',9,'2025-12-09 10:35:38',9,'2025-12-09 10:36:03',0),(445,1,'2025-12-11 12:19:00','facture','400648585','AMEUR OUADIA 18323-E-6',9,'2025-12-12 08:17:14',9,'2025-12-12 08:17:45',0),(446,1,'2025-12-15 12:10:00','facture','4006429260','HAMID BARA 43980-E-6',9,'2025-12-15 12:44:00',9,'2025-12-15 12:44:13',0),(447,1,'2025-12-19 14:55:00','facture','4006430347','ALI LMOUMENE 64639-E-1',9,'2025-12-19 15:13:33',9,'2025-12-19 16:02:38',0),(449,21,'2025-12-24 13:30:00','facture','F2512310','MED AGHROUD 56764-A-33',9,'2025-12-24 13:30:16',9,'2026-02-24 12:19:45',0),(450,1,'2025-12-25 12:30:00','facture','4006432141','ABDERRAHMANE ES-SIBAK 79080-E-1',9,'2025-12-25 12:34:49',9,'2025-12-25 12:53:28',0),(451,1,'2025-12-30 12:54:00','facture','4006433759','AMEUR OUADIA 18323-E-6',9,'2025-12-30 13:05:10',9,'2025-12-30 15:21:06',0),(452,1,'2026-01-05 12:05:00','facture','4006435980','ABDERRAHMANE ES-SIBAK 79080-E-1',9,'2026-01-05 12:36:52',9,'2026-01-05 12:41:32',0),(453,1,'2026-01-09 11:30:00','facture','4006436809','HAMID BARA 43980-E-6',9,'2026-01-09 12:03:31',9,'2026-01-09 12:39:39',0),(454,1,'2026-01-13 16:11:00','facture','4006437691','RACHAD OUBAIH 83970-A-13',9,'2026-01-13 16:48:12',9,'2026-01-13 16:48:27',0),(457,1,'2026-01-17 16:25:00','facture','4006438318','EL HANAFI FARDADI 93905-A-13',9,'2026-01-17 16:32:00',9,'2026-01-17 16:32:17',33437),(458,1,'2026-01-19 15:10:00','facture','4006438790','ABDELLAH BELKAEM 36159-E-6',9,'2026-01-19 15:37:39',9,'2026-01-19 16:29:05',0),(459,1,'2026-01-21 12:25:00','facture','4006439142','RACHID SAOUTA 18323-E-6',2,'2026-01-21 12:54:14',2,'2026-01-21 12:54:23',0),(463,21,'2026-01-22 12:08:00','facture','F2601269','MED OUDAOUD 24280-A-34',9,'2026-01-22 12:09:11',9,'2026-01-22 12:09:57',0),(465,1,'2026-01-23 16:50:00','facture','4006439416','EL HANAFI FARDADI 93905-A-13',9,'2026-01-23 16:50:49',9,'2026-01-23 16:51:17',33779),(466,1,'2026-01-23 16:52:00','facture','4006439420','EL HANAFI FARDADI 93905-A-15',9,'2026-01-23 16:53:16',9,'2026-01-23 16:53:28',33780),(467,1,'2026-01-23 16:50:00','facture','4006439409','EL HANAFI FARDADI 93905-A-13',9,'2026-01-23 16:58:36',9,'2026-01-24 09:08:58',33823),(468,1,'2026-01-23 16:50:00','facture','4006439412','EL HANAFI FARDADI 93905-A-13',9,'2026-01-23 17:00:51',9,'2026-01-24 09:11:14',33824),(469,1,'2026-01-23 16:50:00','facture','4006440166','EL HANAFI FARDADI 93905-A-13',9,'2026-01-23 17:25:35',9,'2026-01-23 17:25:54',33785),(470,1,'2026-01-23 16:50:00','facture','4006440167','EL HANAFI FARDADI 93905-A-13',9,'2026-01-23 17:29:53',9,'2026-01-23 17:30:06',33786),(471,1,'2026-01-26 13:09:00','facture','4006441152','ABDELAZIZ RAMI 43602-A-14',9,'2026-01-26 13:18:14',9,'2026-01-26 14:45:51',0),(472,1,'2026-01-29 11:12:00','facture','4006442088','HAMID BARA 43980-E-6',9,'2026-01-29 11:22:58',9,'2026-01-29 12:45:01',0),(473,1,'2026-01-30 10:15:00','facture','4006441288','EL HANAFI FARDADI 93905-A-13',9,'2026-01-30 10:29:51',9,'2026-01-30 10:30:16',34117),(474,1,'2026-01-30 10:15:00','facture','4006441293','EL HANAFI FARDADI 93905-A-13',9,'2026-01-30 10:32:46',9,'2026-01-30 10:33:01',34118),(475,1,'2026-01-30 10:15:00','facture','4006441291','EL HANAFI FARDADI 93905-A-13',9,'2026-01-30 10:41:19',9,'2026-01-30 10:41:34',34119),(476,1,'2026-01-30 10:15:00','facture','4006441297','EL HANAFI FARDADI 93905-A-13',9,'2026-01-30 10:42:57',9,'2026-01-30 10:43:13',34120),(477,1,'2026-02-05 15:45:00','facture','4006444827','ABDERRAHMANE ES-SIBAK 79080-E-1',9,'2026-02-05 16:05:22',9,'2026-02-05 16:22:46',0),(478,1,'2026-02-06 12:40:00','facture','4006443089','EL HANAFI FARDADI 93905-A-13',9,'2026-02-06 12:41:18',9,'2026-02-06 12:41:40',34506),(479,1,'2026-02-06 15:47:00','facture','4006445121','RACHID SAOUTA 18323-E-6',9,'2026-02-06 15:49:21',9,'2026-02-06 15:49:29',0),(480,1,'2026-02-10 19:00:00','facture','4006446250','LAHCEN BOURHIM 68517-A-34',9,'2026-02-10 19:00:42',9,'2026-02-10 19:15:05',0),(481,1,'2026-02-11 16:01:00','facture','4006446379','MOHAMED BAALI 65765-A-34',9,'2026-02-11 16:02:00',9,'2026-02-11 16:02:10',0),(482,1,'2026-02-12 14:50:00','facture','4006446731','RACHID SAOUTA 18323-E-6',9,'2026-02-12 15:12:57',9,'2026-02-12 15:13:07',0),(483,1,'2026-02-13 12:30:00','facture','4006446536','ABDERRAHMANE EL OUAKHCHACHI 93906-A-13',9,'2026-02-13 15:43:56',9,'2026-02-13 15:44:17',34905),(484,1,'2026-02-13 12:30:00','facture','4006446545','ABDERRAHMANE EL OUAKHCHACHI 93906-A-13',9,'2026-02-13 15:46:42',9,'2026-02-13 15:46:56',34906),(485,1,'2026-02-14 15:54:00','facture','4006447308','ABDELLAH BELKASEM 36159-E-6',9,'2026-02-14 16:14:24',9,'2026-02-14 16:24:01',0),(486,1,'2026-02-16 16:27:00','facture','4006447470','MHAMED MICHA 79080-E-1',9,'2026-02-16 16:38:20',9,'2026-02-16 16:38:30',0),(488,21,'2026-02-17 12:10:00','facture','F2602135','ALI EL GHACHI 83352-A-40',9,'2026-02-17 15:06:41',9,'2026-02-17 15:07:08',0),(489,1,'2026-02-18 10:09:00','facture','4006448394','LAHCEN BOURHIM 68517-A-34',9,'2026-02-18 10:10:19',9,'2026-02-18 10:10:40',0),(490,1,'2026-02-20 13:31:00','facture','4006449046','HAMID BARA 43980-E-6',9,'2026-02-20 13:32:34',9,'2026-02-20 13:33:08',0),(491,1,'2026-02-25 14:50:00','facture','4006450347','MOHAMED BOUCETTA 69783-A-34',9,'2026-02-25 14:55:28',9,'2026-02-25 14:57:03',0),(492,1,'2026-03-02 08:27:00','facture','4006450183','EL HANAFI FARDADI 93905-A-13',9,'2026-03-02 08:55:11',9,'2026-03-02 08:55:56',35763),(493,1,'2026-03-02 08:26:00','facture','4006450184','EL HANAFI FARDADI 93905-A-13',9,'2026-03-02 08:57:54',9,'2026-03-02 08:58:07',35765),(494,1,'2026-03-03 10:00:00','facture','4006453452','HAMID BARA 43980-E-6',9,'2026-03-03 10:07:40',9,'2026-03-03 10:26:52',0),(495,1,'2026-03-06 09:30:00','facture','4006453883','OUBAI RACHAD 83970-A-13',9,'2026-03-06 09:39:27',9,'2026-03-06 09:45:59',0),(496,1,'2026-02-07 14:50:00','facture','4006454347','SOFIANE FIKRI 68515-A-34',9,'2026-03-07 14:55:58',9,'2026-03-07 14:56:13',0),(497,1,'2026-03-10 09:40:00','facture','4006454704','ABDELLAH BELKASEM 36159-E-6',9,'2026-03-10 09:49:35',9,'2026-03-10 09:49:51',0),(500,1,'2026-03-18 14:50:00','facture','4006456296','RACHAD OUBAIH 83970-A-13',9,'2026-03-18 14:50:56',9,'2026-03-18 15:09:56',0),(501,1,'2026-03-23 14:44:00','facture','4006457114','RACHID SAOUTA 18323-E-6',9,'2026-03-23 14:45:25',9,'2026-03-23 14:45:47',0),(504,21,'2026-03-24 16:30:00','facture','F2603261','ALI EL GHACHI 83352-A-40',9,'2026-03-25 10:31:14',9,'2026-03-25 10:31:26',0),(505,1,'2026-03-25 10:54:00','facture','4006457596','MOHAMED BAALI 65765-A-34',9,'2026-03-25 10:55:16',9,'2026-03-25 10:58:30',0),(506,1,'2026-03-28 10:52:00','facture','4006457958','EL HANAFI FARDADI 93905-A-13',9,'2026-03-28 10:52:50',9,'2026-03-28 10:53:11',37050),(507,1,'2026-03-28 10:52:00','facture','4006457975','EL HANAFI FARDADI 93905-A-13',9,'2026-03-28 10:55:00',9,'2026-03-28 10:55:14',37051),(508,1,'2026-03-30 14:45:00','facture','4006459544','RACHID SAOUTA 18323-E-6',9,'2026-03-30 15:06:04',9,'2026-03-30 15:10:30',0),(509,1,'2026-04-02 16:03:00','facture','4006461786','ABDERRAHMANE ES-SIBAK 79080-E-1',9,'2026-04-02 16:04:19',9,'2026-04-02 16:04:49',0),(510,1,'2026-04-06 13:06:00','facture','4006462418','ABDELLAH BELKESEM 36159-E-6',9,'2026-04-06 13:06:35',9,'2026-04-06 13:06:42',0),(511,1,'2026-04-09 16:08:00','facture','4006462933','MUSTAPHA LABYAD 68517-A-34',9,'2026-04-09 16:08:41',9,'2026-04-09 16:08:48',0),(512,1,'2026-04-13 15:11:00','facture','4006463626','AADIL AIT SAID 69783-A-34',9,'2026-04-13 15:12:18',9,'2026-04-13 15:12:37',0),(513,9,'2026-03-26 10:44:00','facture','FA26030001','BAHAE EDDINE',9,'2026-04-16 10:44:54',9,'2026-04-16 10:45:53',0),(514,1,'2026-04-16 13:02:00','facture','4006465004','MOHAMED BAALLA 68515-A-34',9,'2026-04-16 13:03:13',9,'2026-04-16 13:03:20',0),(515,1,'2026-04-20 15:21:00','facture','4006465753','MUSTAPHA LABYAD 68517-A-34',9,'2026-04-20 15:22:08',9,'2026-04-20 15:49:37',0),(516,1,'2026-04-22 11:35:00','facture','4006466761','RACHID SAOUTA 18323-E-6',9,'2026-04-22 11:36:13',9,'2026-04-22 11:36:23',0),(517,1,'2026-04-25 12:18:00','facture','4006467306','EL HANAFI FARDADI 93905-A-13',9,'2026-04-25 16:19:30',9,'2026-04-25 16:19:47',38565),(518,1,'2026-04-25 12:20:00','facture','4006467307','EL HANAFI FARDADI 93905-A-13',9,'2026-04-25 16:21:04',9,'2026-04-25 16:21:18',38566),(519,1,'2026-04-27 09:26:00','facture','4006467110','ABDELMONAIM ESSEF 65767-A-34',9,'2026-04-27 09:26:49',9,'2026-04-27 09:27:05',0),(521,21,'2026-04-28 11:07:00','facture','F2604359','ALI EL GHACHI 83352-A-40',9,'2026-04-28 12:07:40',9,'2026-04-28 12:07:53',0),(522,1,'2026-04-30 15:35:00','facture','4006468339','ABDELLAH BELKASEM 36159-E-6',9,'2026-04-30 15:35:39',9,'2026-04-30 15:35:45',0),(524,1,'2026-05-05 15:54:00','facture','4006470721','HAMID BRA 43980-E-6',9,'2026-05-05 15:54:44',9,'2026-05-05 15:54:53',0),(525,1,'2026-05-07 11:27:00','facture','4006471132','MOHAMED BAALI 65765-A-34',9,'2026-05-07 11:28:26',9,'2026-05-07 12:31:59',0),(526,1,'2026-05-12 15:13:00','facture','4006472578','ABDELLAH BELKASEM 36159-E-6',9,'2026-05-12 15:14:21',9,'2026-05-12 15:14:28',0),(527,1,'2026-05-18 15:30:00','facture','4006473699','ABDELLAH BELKASEM 36159-E-6',9,'2026-05-18 15:30:38',9,'2026-05-18 15:30:52',0),(528,1,'2026-05-21 12:08:00','facture','4006474422','YOUSSEF KHABANE 43602-A-14',9,'2026-05-21 12:08:39',9,'2026-05-21 13:02:01',0),(529,1,'2026-05-25 17:07:00','facture','4006475857','YOUSSEF KHABANE 43602-A-14',9,'2026-05-25 17:09:25',9,'2026-05-25 17:10:52',0),(532,21,'2026-06-01 14:48:00','facture','F2606002','MED AGHROUD 56764-A-33',9,'2026-06-01 14:49:37',9,'2026-06-01 14:50:08',0),(533,1,'2026-06-02 15:15:00','facture','4006478090','YOUSSEF EL MAACHI 7576-B-7',9,'2026-06-02 15:16:19',9,'2026-06-02 15:16:30',0),(534,1,'2026-06-08 19:37:00','facture','4006479677','MOHAMED IDAISSA 17632-D-8',9,'2026-06-08 19:38:21',9,'2026-06-08 19:38:36',0),(535,1,'2026-06-16 15:28:00','facture','4006481455','FAISSAL LAHIAOUI 43980-E-6',9,'2026-06-16 15:28:53',9,'2026-06-16 15:29:02',0),(536,1,'2026-06-17 11:38:00','facture','4006481653','ABDELLAH BELKASEM 36159-E-6',9,'2026-06-17 11:39:32',9,'2026-06-17 11:39:53',0),(537,1,'2026-06-18 11:36:00','facture','4006481791','RACHAD OUBAIH 83970-A-13',9,'2026-06-18 11:36:37',9,'2026-06-18 11:36:49',0),(538,1,'2026-06-23 17:52:00','facture','4006483534','ABDERRAHMANE ES-SIBAK  79080-E-1',9,'2026-06-23 17:52:46',9,'2026-06-23 17:52:57',0),(540,21,'2026-06-24 13:02:00','facture','F2606316','MOHAMED OUDAOUD 24280-A-34',9,'2026-06-24 13:02:23',9,'2026-06-24 13:02:57',0),(541,1,'2026-07-01 18:55:00','facture','4006486090','ALI LMOUMENE 64639-E-1',9,'2026-07-01 18:56:00',9,'2026-07-01 18:56:14',0),(542,1,'2026-07-02 15:56:00','facture','4006486894','ALI LMOUMENE 64639-E-1',9,'2026-07-02 15:56:54',9,'2026-07-02 15:57:02',0),(543,1,'2026-07-08 15:42:00','facture','4006488110','ALI LMOUMEN 64639-E-1',9,'2026-07-08 15:42:53',9,'2026-07-08 15:43:00',0),(544,9,'2026-07-13 12:59:00','facture','FA26070001',' ',9,'2026-07-13 12:59:09',9,'2026-07-13 12:59:22',0),(545,1,'2026-07-13 13:39:00','facture','4006489070','HAMID BARA 43980-E-6',9,'2026-07-13 13:40:12',NULL,NULL,0);

--
-- Table structure for table `stocks_bc`
--

CREATE TABLE `stocks_bc` (
  `id` int(11) NOT NULL AUTO_INCREMENT,
  `id_fournisseur` int(11) NOT NULL,
  `date_bc` date NOT NULL,
  `id_creation` int(11) NOT NULL,
  `date_creation` datetime NOT NULL,
  `id_cloture` int(11) DEFAULT NULL,
  `date_cloture` datetime DEFAULT NULL,
  `id_alimentation` int(11) NOT NULL DEFAULT 0,
  `date_prevu` date DEFAULT NULL,
  `id_mode` int(11) NOT NULL DEFAULT -1,
  `date_mode` date DEFAULT NULL,
  `taxe` varchar(10) NOT NULL DEFAULT 'ht',
  PRIMARY KEY (`id`)
) ENGINE=MyISAM AUTO_INCREMENT=383 DEFAULT CHARSET=latin1 COLLATE=latin1_swedish_ci;

--
-- Dumping data for table `stocks_bc`
--

INSERT INTO `stocks_bc` VALUES (1,1,'2023-04-21',2,'2023-04-21 13:35:15',2,'2023-04-25 17:00:14',43,NULL,-1,NULL,'ht'),(2,1,'2023-04-25',4,'2023-04-26 07:42:13',4,'2023-04-27 15:06:38',46,NULL,-1,NULL,'ht'),(3,1,'2023-04-26',4,'2023-04-27 11:05:45',4,'2023-04-27 11:09:00',45,NULL,-1,NULL,'ht'),(4,1,'2023-05-01',4,'2023-05-01 12:52:41',2,'2023-05-08 10:22:54',54,NULL,-1,NULL,'ht'),(5,1,'2023-05-04',4,'2023-05-06 12:21:15',3,'2023-05-06 12:28:28',53,NULL,-1,NULL,'ht'),(6,1,'2023-05-06',4,'2023-05-06 12:26:00',3,'2023-05-09 16:49:23',55,NULL,-1,NULL,'ht'),(7,1,'2023-05-10',4,'2023-05-10 11:12:21',3,'2023-05-16 09:43:56',57,NULL,-1,NULL,'ht'),(8,1,'2023-05-10',4,'2023-05-10 12:21:17',3,'2023-05-23 17:58:05',61,NULL,-1,NULL,'ht'),(9,1,'2023-05-10',4,'2023-05-11 12:57:24',3,'2023-05-16 09:42:49',56,NULL,-1,NULL,'ht'),(10,1,'2023-05-17',2,'2023-05-17 08:24:02',3,'2023-05-19 15:07:15',59,NULL,-1,NULL,'ht'),(11,1,'2023-05-17',2,'2023-05-17 08:25:33',4,'2023-05-18 18:26:31',58,NULL,-1,NULL,'ht'),(12,1,'2023-05-22',2,'2023-05-20 16:08:20',3,'2023-05-23 15:23:46',60,NULL,-1,NULL,'ht'),(13,1,'2023-05-26',4,'2023-05-27 08:41:47',3,'2023-05-29 15:37:37',64,NULL,-1,NULL,'ht'),(14,1,'2023-05-26',4,'2023-05-27 08:46:42',3,'2023-05-29 16:15:00',65,NULL,-1,NULL,'ht'),(16,1,'2023-05-28',3,'2023-05-29 14:50:35',3,'2023-05-29 15:05:53',63,NULL,-1,NULL,'ht'),(17,1,'2023-05-30',4,'2023-05-30 10:37:58',3,'2023-06-07 12:46:42',72,NULL,-1,NULL,'ht'),(23,1,'2023-06-12',4,'2023-06-12 10:47:21',3,'2023-06-13 17:48:42',74,NULL,-1,NULL,'ht'),(19,1,'2023-06-03',3,'2023-06-03 12:20:34',3,'2023-06-03 12:21:37',68,NULL,-1,NULL,'ht'),(20,1,'2023-06-05',4,'2023-06-05 11:57:11',3,'2023-06-06 18:00:34',70,NULL,-1,NULL,'ht'),(21,1,'2023-06-06',4,'2023-06-06 08:56:29',3,'2023-06-07 12:45:51',71,NULL,-1,NULL,'ht'),(22,1,'2023-06-07',4,'2023-06-07 09:56:30',2,'2023-06-09 09:06:01',73,NULL,-1,NULL,'ht'),(24,1,'2023-06-14',4,'2023-06-14 15:22:15',4,'2023-06-14 15:25:09',75,NULL,-1,NULL,'ht'),(25,1,'2023-06-16',4,'2023-06-16 12:56:24',3,'2023-06-20 17:55:43',78,NULL,-1,NULL,'ht'),(26,1,'2023-06-21',4,'2023-06-21 11:47:01',2,'2023-06-23 06:27:44',82,NULL,-1,NULL,'ht'),(27,1,'2023-06-21',4,'2023-06-21 11:47:59',2,'2023-06-23 06:26:15',81,NULL,-1,NULL,'ht'),(28,1,'2023-06-23',4,'2023-06-23 16:56:54',3,'2023-07-04 09:38:49',87,NULL,-1,NULL,'ht'),(29,1,'2023-06-26',4,'2023-06-26 10:26:27',3,'2023-07-05 18:42:33',88,NULL,-1,NULL,'ht'),(30,1,'2023-06-26',4,'2023-06-26 12:02:28',3,'2023-07-03 19:32:28',85,NULL,-1,NULL,'ht'),(31,1,'2023-06-29',4,'2023-07-03 08:38:33',NULL,NULL,0,NULL,-1,NULL,'ht'),(32,1,'2023-07-03',4,'2023-07-03 08:39:27',3,'2023-07-03 08:41:35',83,NULL,-1,NULL,'ht'),(33,1,'2023-06-30',3,'2023-07-03 08:42:48',3,'2023-07-03 08:43:27',84,NULL,-1,NULL,'ht'),(34,1,'2023-07-03',4,'2023-07-03 10:40:10',3,'2023-07-03 19:34:13',86,NULL,-1,NULL,'ht'),(35,1,'2023-07-04',4,'2023-07-05 08:17:35',4,'2023-07-06 17:08:22',89,NULL,-1,NULL,'ht'),(36,1,'2023-07-10',4,'2023-07-10 08:44:39',3,'2023-07-10 18:15:46',91,NULL,-1,NULL,'ht'),(37,1,'2023-07-10',4,'2023-07-10 09:54:23',3,'2023-07-11 15:30:34',92,NULL,-1,NULL,'ht'),(38,1,'2023-07-14',4,'2023-07-14 08:48:02',3,'2023-07-19 10:38:22',94,NULL,-1,NULL,'ht'),(39,1,'2023-07-14',4,'2023-07-14 10:12:21',3,'2023-07-17 12:52:44',93,NULL,-1,NULL,'ht'),(40,1,'2023-07-17',4,'2023-07-17 13:06:08',4,'2023-07-21 08:57:36',96,NULL,-1,NULL,'ht'),(41,1,'2023-07-19',4,'2023-07-19 11:07:38',4,'2023-07-20 12:55:37',95,NULL,-1,NULL,'ht'),(42,1,'2023-07-19',4,'2023-07-19 11:11:04',3,'2023-07-21 09:32:03',97,NULL,-1,NULL,'ht'),(43,1,'2023-07-25',4,'2023-07-25 15:46:38',3,'2023-07-28 15:02:54',99,NULL,-1,NULL,'ht'),(44,1,'2023-07-25',4,'2023-07-25 15:47:23',4,'2023-07-27 11:19:10',98,NULL,-1,NULL,'ht'),(45,1,'2023-07-30',4,'2023-07-31 09:55:50',3,'2023-08-01 11:51:22',102,NULL,-1,NULL,'ht'),(46,1,'2023-07-31',4,'2023-07-31 09:56:58',3,'2023-08-01 18:35:49',103,NULL,-1,NULL,'ht'),(47,1,'2023-08-03',4,'2023-08-03 09:21:33',3,'2023-08-07 12:11:07',105,NULL,-1,NULL,'ht'),(48,1,'2023-08-03',4,'2023-08-03 09:48:07',3,'2023-08-05 11:30:41',104,NULL,-1,NULL,'ht'),(49,1,'2023-08-09',2,'2023-08-09 08:00:28',3,'2023-08-11 08:44:09',106,NULL,-1,NULL,'ht'),(50,1,'2023-08-09',2,'2023-08-09 08:04:13',3,'2023-08-11 15:49:41',107,NULL,-1,NULL,'ht'),(51,1,'2023-08-11',2,'2023-08-11 08:35:40',3,'2023-08-12 14:31:52',108,NULL,-1,NULL,'ht'),(52,1,'2023-08-14',4,'2023-08-14 15:51:48',3,'2023-08-18 18:19:17',109,NULL,-1,NULL,'ht'),(53,1,'2023-08-14',4,'2023-08-14 15:52:42',3,'2023-08-19 08:15:51',110,NULL,-1,NULL,'ht'),(54,1,'2023-08-22',4,'2023-08-22 08:41:29',3,'2023-08-28 18:26:56',113,NULL,-1,NULL,'ht'),(55,1,'2023-08-22',4,'2023-08-22 08:42:33',4,'2023-08-24 08:38:32',111,NULL,-1,NULL,'ht'),(56,1,'2023-08-24',4,'2023-08-24 09:22:05',3,'2023-08-26 18:19:07',112,NULL,-1,NULL,'ht'),(57,1,'2023-08-28',4,'2023-08-28 09:22:36',3,'2023-08-30 09:29:55',115,NULL,-1,NULL,'ht'),(58,1,'2023-08-28',4,'2023-08-28 09:23:29',3,'2023-08-29 17:54:04',114,NULL,-1,NULL,'ht'),(59,1,'2023-08-31',4,'2023-08-31 09:15:31',3,'2023-09-01 15:33:24',116,NULL,-1,NULL,'ht'),(60,1,'2023-08-31',4,'2023-08-31 09:16:32',3,'2023-09-08 15:37:35',117,NULL,-1,NULL,'ht'),(61,1,'2023-09-07',4,'2023-09-08 10:03:13',3,'2023-09-11 18:54:05',118,NULL,-1,NULL,'ht'),(62,1,'2023-09-08',4,'2023-09-08 11:22:47',3,'2023-09-13 18:20:34',120,NULL,-1,NULL,'ht'),(63,1,'2023-09-11',4,'2023-09-11 18:21:05',3,'2023-09-13 17:58:18',119,NULL,-1,NULL,'ht'),(64,1,'2023-09-18',4,'2023-09-18 09:56:39',4,'2023-09-19 17:47:10',123,NULL,-1,NULL,'ht'),(65,1,'2023-09-18',4,'2023-09-18 09:57:56',2,'2023-09-21 11:08:29',124,NULL,-1,NULL,'ht'),(66,1,'2023-09-21',4,'2023-09-21 14:59:43',3,'2023-09-26 17:05:22',126,NULL,-1,NULL,'ht'),(67,1,'2023-09-25',4,'2023-09-25 09:53:07',3,'2023-09-26 13:56:35',125,NULL,-1,NULL,'ht'),(68,1,'2023-09-26',4,'2023-09-26 11:13:28',3,'2023-09-29 18:07:23',127,NULL,-1,NULL,'ht'),(69,1,'2023-09-30',4,'2023-09-30 17:04:09',3,'2023-10-04 11:54:44',130,NULL,-1,NULL,'ht'),(70,1,'2023-09-30',4,'2023-09-30 17:05:07',3,'2023-10-04 09:51:05',128,NULL,-1,NULL,'ht'),(71,1,'2023-10-03',4,'2023-10-03 11:02:34',3,'2023-10-04 11:53:53',129,NULL,-1,NULL,'ht'),(75,1,'2023-10-10',4,'2023-10-10 10:29:04',4,'2023-10-11 15:36:34',132,NULL,-1,NULL,'ht'),(74,1,'2023-10-09',4,'2023-10-09 09:46:48',4,'2023-10-10 15:59:55',131,NULL,-1,NULL,'ht'),(76,1,'2023-10-13',4,'2023-10-13 08:57:56',3,'2023-10-17 08:53:15',138,NULL,-1,NULL,'ht'),(77,1,'2023-10-16',4,'2023-10-16 11:02:04',NULL,NULL,0,NULL,-1,NULL,'ht'),(78,1,'2023-10-17',4,'2023-10-17 09:48:13',3,'2023-10-18 19:53:25',139,NULL,-1,NULL,'ht'),(79,1,'2023-10-18',4,'2023-10-18 09:41:00',3,'2023-10-23 18:26:22',141,NULL,-1,NULL,'ht'),(80,1,'2023-10-23',4,'2023-10-23 08:29:02',4,'2023-10-24 11:27:30',142,NULL,-1,NULL,'ht'),(81,1,'2023-10-23',4,'2023-10-23 08:50:28',3,'2023-10-25 17:46:19',143,NULL,-1,NULL,'ht'),(82,1,'2023-10-27',4,'2023-10-27 08:49:18',3,'2023-11-01 08:21:21',147,NULL,-1,NULL,'ht'),(83,1,'2023-10-30',4,'2023-10-30 08:47:50',3,'2023-10-31 11:17:19',146,NULL,-1,NULL,'ht'),(84,1,'2023-11-03',4,'2023-11-03 08:56:25',3,'2023-11-06 17:25:44',149,NULL,-1,NULL,'ht'),(85,1,'2023-10-31',4,'2023-11-06 09:26:12',3,'2023-11-06 16:47:46',148,NULL,-1,NULL,'ht'),(86,1,'2023-11-07',4,'2023-11-07 09:47:47',4,'2023-11-09 18:46:19',152,NULL,-1,NULL,'ht'),(87,1,'2023-11-08',4,'2023-11-08 15:51:17',4,'2023-11-13 16:36:59',153,NULL,-1,NULL,'ht'),(88,1,'2023-11-14',4,'2023-11-14 09:05:34',2,'2023-11-16 13:05:08',154,NULL,-1,NULL,'ht'),(89,1,'2023-11-16',4,'2023-11-17 08:45:52',4,'2023-11-20 17:20:28',156,NULL,-1,NULL,'ht'),(90,1,'2023-11-20',4,'2023-11-20 17:18:14',4,'2023-11-23 18:21:27',157,NULL,-1,NULL,'ht'),(91,1,'2023-11-23',4,'2023-11-23 12:06:42',4,'2023-11-27 17:12:34',158,NULL,-1,NULL,'ht'),(92,1,'2023-11-27',2,'2023-11-27 08:27:20',3,'2023-12-08 15:30:05',163,NULL,-1,NULL,'ht'),(93,1,'2023-12-02',4,'2023-12-02 08:16:43',3,'2023-12-05 17:50:46',162,NULL,-1,NULL,'ht'),(94,1,'2023-12-02',4,'2023-12-02 08:42:58',3,'2023-12-04 17:52:29',160,NULL,-1,NULL,'ht'),(95,1,'2023-12-08',4,'2023-12-08 09:41:24',3,'2023-12-11 12:58:57',164,NULL,-1,NULL,'ht'),(96,1,'2023-12-08',4,'2023-12-08 17:07:01',2,'2023-12-11 20:47:42',165,NULL,-1,NULL,'ht'),(97,1,'2023-12-14',2,'2023-12-14 12:29:28',4,'2023-12-14 16:42:48',166,NULL,-1,NULL,'ht'),(98,1,'2023-12-15',2,'2023-12-15 09:09:59',3,'2023-12-19 15:55:08',167,NULL,-1,NULL,'ht'),(99,1,'2023-12-20',4,'2023-12-20 10:43:15',3,'2023-12-20 17:57:08',168,NULL,-1,NULL,'ht'),(100,1,'2023-12-24',2,'2023-12-24 23:21:27',3,'2023-12-26 16:16:31',170,NULL,-1,NULL,'ht'),(101,1,'2023-12-27',4,'2023-12-27 12:04:28',3,'2023-12-29 11:21:42',171,NULL,-1,NULL,'ht'),(102,1,'2024-01-02',2,'2024-01-02 09:25:05',3,'2024-01-03 16:02:45',173,NULL,-1,NULL,'ht'),(103,1,'2024-01-02',2,'2024-01-02 09:26:20',2,'2024-01-02 15:40:16',172,NULL,-1,NULL,'ht'),(104,1,'2024-01-03',2,'2024-01-03 15:49:28',3,'2024-01-06 15:10:37',174,NULL,-1,NULL,'ht'),(105,1,'2024-01-08',2,'2024-01-08 08:01:30',3,'2024-01-09 15:23:33',175,NULL,-1,NULL,'ht'),(106,1,'2024-01-10',3,'2024-01-10 16:38:17',3,'2024-01-10 16:39:17',176,NULL,-1,NULL,'ht'),(107,1,'2024-01-17',2,'2024-01-19 18:55:16',2,'2024-01-19 18:56:32',178,NULL,-1,NULL,'ht'),(108,1,'2024-01-23',4,'2024-01-23 09:09:31',4,'2024-01-24 11:26:18',179,NULL,-1,NULL,'ht'),(109,1,'2024-01-24',4,'2024-01-24 13:06:28',3,'2024-01-26 16:44:43',181,NULL,-1,NULL,'ht'),(110,1,'2024-01-29',4,'2024-01-30 10:24:07',3,'2024-01-30 12:05:47',183,NULL,-1,NULL,'ht'),(111,1,'2024-01-29',4,'2024-01-30 10:26:30',3,'2024-01-31 14:49:04',184,NULL,-1,NULL,'ht'),(112,1,'2024-02-02',4,'2024-02-02 10:19:58',4,'2024-02-07 15:51:00',187,NULL,-1,NULL,'ht'),(113,1,'2024-02-06',4,'2024-02-06 09:36:17',4,'2024-02-07 15:48:34',186,NULL,-1,NULL,'ht'),(114,1,'2024-02-08',2,'2024-02-08 08:42:12',3,'2024-02-13 18:08:02',189,NULL,-1,NULL,'ht'),(115,1,'2024-02-10',4,'2024-02-10 09:01:06',3,'2024-02-13 12:47:07',188,NULL,-1,NULL,'ht'),(116,1,'2024-02-16',4,'2024-02-16 08:35:44',3,'2024-02-19 15:13:38',190,NULL,-1,NULL,'ht'),(117,1,'2024-02-19',4,'2024-02-19 09:04:32',3,'2024-02-20 13:20:47',191,NULL,-1,NULL,'ht'),(118,1,'2024-02-21',4,'2024-02-22 17:00:09',4,'2024-02-22 17:05:54',194,NULL,-1,NULL,'ht'),(119,1,'2024-02-23',4,'2024-02-23 08:49:41',3,'2024-02-27 17:48:42',199,NULL,-1,NULL,'ht'),(120,1,'2024-02-26',4,'2024-02-26 09:48:38',3,'2024-02-27 17:47:07',198,NULL,-1,NULL,'ht'),(121,1,'2024-02-27',3,'2024-02-29 15:21:40',3,'2024-02-29 15:24:13',200,NULL,-1,NULL,'ht'),(122,1,'2024-03-04',4,'2024-03-04 09:36:43',3,'2024-03-05 16:30:55',202,NULL,-1,NULL,'ht'),(123,1,'2024-03-04',4,'2024-03-04 09:38:21',4,'2024-03-05 15:39:14',201,NULL,-1,NULL,'ht'),(124,1,'2024-03-06',4,'2024-03-06 08:56:46',3,'2024-03-08 19:34:34',203,NULL,-1,NULL,'ht'),(125,1,'2024-03-08',4,'2024-03-08 17:03:07',3,'2024-03-11 17:12:38',204,NULL,-1,NULL,'ht'),(126,1,'2024-03-13',4,'2024-03-13 09:09:18',4,'2024-03-14 15:11:51',205,NULL,-1,NULL,'ht'),(127,1,'2024-03-15',4,'2024-03-15 10:25:48',3,'2024-03-18 12:00:58',206,NULL,-1,NULL,'ht'),(128,1,'2024-03-19',4,'2024-03-19 15:43:59',4,'2024-03-21 14:46:22',207,NULL,-1,NULL,'ht'),(129,1,'2024-03-22',4,'2024-03-22 10:13:47',3,'2024-03-26 15:06:26',208,NULL,-1,NULL,'ht'),(130,1,'2024-03-25',4,'2024-03-25 08:34:01',3,'2024-03-26 15:58:09',209,NULL,-1,NULL,'ht'),(131,1,'2024-03-29',4,'2024-03-29 09:02:17',3,'2024-04-01 13:41:17',210,NULL,-1,NULL,'ht'),(132,1,'2024-03-29',4,'2024-03-29 09:03:03',3,'2024-04-01 15:03:23',211,NULL,-1,NULL,'ht'),(133,1,'2024-04-04',4,'2024-04-08 10:07:56',3,'2024-04-09 12:04:42',216,NULL,-1,NULL,'ht'),(134,1,'2024-04-05',4,'2024-04-08 10:09:31',3,'2024-04-08 12:35:26',214,NULL,-1,NULL,'ht'),(135,1,'2024-04-08',4,'2024-04-08 10:10:14',3,'2024-04-09 12:02:53',215,NULL,-1,NULL,'ht'),(136,1,'2024-04-09',4,'2024-04-09 12:09:31',4,'2024-04-15 15:13:22',218,NULL,-1,NULL,'ht'),(137,1,'2024-04-14',4,'2024-04-15 08:54:43',4,'2024-04-15 15:11:24',217,NULL,-1,NULL,'ht'),(138,1,'2024-04-15',4,'2024-04-16 08:36:46',3,'2024-04-17 17:02:43',221,NULL,-1,NULL,'ht'),(139,1,'2024-04-18',4,'2024-04-18 08:30:59',3,'2024-04-19 15:06:42',222,NULL,-1,NULL,'ht'),(140,1,'2024-04-20',4,'2024-04-20 15:42:57',3,'2024-04-22 11:00:46',223,NULL,-1,NULL,'ht'),(141,1,'2024-04-23',4,'2024-04-23 16:45:14',4,'2024-04-25 16:02:34',226,NULL,-1,NULL,'ht'),(142,1,'2024-04-27',4,'2024-04-27 10:13:48',3,'2024-04-29 11:48:22',227,NULL,-1,NULL,'ht'),(143,1,'2024-04-29',4,'2024-05-01 17:04:46',4,'2024-05-03 15:46:32',228,NULL,-1,NULL,'ht'),(144,1,'2024-05-03',4,'2024-05-03 11:17:32',3,'2024-05-06 18:40:14',229,NULL,-1,NULL,'ht'),(145,1,'2024-05-06',4,'2024-05-06 08:24:52',4,'2024-05-08 16:13:13',230,NULL,-1,NULL,'ht'),(146,1,'2024-05-08',4,'2024-05-08 08:18:59',4,'2024-05-10 08:36:56',231,NULL,-1,NULL,'ht'),(147,1,'2024-05-09',4,'2024-05-09 18:32:42',3,'2024-05-13 17:12:32',232,NULL,-1,NULL,'ht'),(148,1,'2024-05-17',4,'2024-05-17 12:03:56',4,'2024-05-21 11:07:01',238,NULL,-1,NULL,'ht'),(149,1,'2024-05-17',4,'2024-05-17 12:24:00',3,'2024-05-22 14:04:14',240,NULL,-1,NULL,'ht'),(150,1,'2024-05-21',4,'2024-05-21 08:47:42',3,'2024-05-22 14:03:10',239,NULL,-1,NULL,'ht'),(151,1,'2024-05-22',4,'2024-05-22 17:23:28',3,'2024-05-24 17:31:40',241,NULL,-1,NULL,'ht'),(152,1,'2024-05-24',4,'2024-05-24 18:00:59',4,'2024-05-28 16:50:16',242,NULL,-1,NULL,'ht'),(153,1,'2024-06-03',4,'2024-06-03 08:12:47',3,'2024-06-04 11:00:13',246,NULL,-1,NULL,'ht'),(154,1,'2024-06-03',4,'2024-06-03 08:15:18',4,'2024-06-04 16:10:37',247,NULL,-1,NULL,'ht'),(155,1,'2024-06-05',4,'2024-06-05 16:05:52',3,'2024-06-07 11:23:55',248,NULL,-1,NULL,'ht'),(156,1,'2024-06-10',3,'2024-06-10 13:38:56',3,'2024-06-12 12:39:14',249,NULL,-1,NULL,'ht'),(157,1,'2024-06-18',4,'2024-06-20 09:14:08',4,'2024-06-20 12:10:28',250,NULL,-1,NULL,'ht'),(158,1,'2024-06-26',4,'2024-06-26 08:17:39',3,'2024-06-26 17:52:11',253,NULL,-1,NULL,'ht'),(159,1,'2024-06-30',4,'2024-07-01 09:50:38',3,'2024-07-02 12:10:14',254,NULL,-1,NULL,'ht'),(160,1,'2024-07-05',4,'2024-07-05 16:51:29',3,'2024-07-10 10:51:43',255,NULL,-1,NULL,'ht'),(161,1,'2024-07-12',4,'2024-07-12 09:42:30',3,'2024-07-15 11:19:57',256,NULL,-1,NULL,'ht'),(162,1,'2024-07-17',4,'2024-07-17 08:52:34',4,'2024-07-18 12:39:34',257,NULL,-1,NULL,'ht'),(163,1,'2024-07-23',4,'2024-07-23 10:21:22',4,'2024-07-24 16:51:05',258,NULL,-1,NULL,'ht'),(165,1,'2024-07-31',4,'2024-07-31 16:27:31',4,'2024-08-01 14:46:20',259,NULL,-1,NULL,'ht'),(166,1,'2024-08-02',2,'2024-08-02 06:30:33',4,'2024-08-05 12:15:14',260,NULL,-1,NULL,'ht'),(167,1,'2024-08-07',4,'2024-08-07 09:18:41',4,'2024-08-09 15:26:59',261,NULL,-1,NULL,'ht'),(168,1,'2024-08-12',4,'2024-08-12 16:07:23',3,'2024-08-14 12:08:10',262,NULL,-1,NULL,'ht'),(169,1,'2024-08-17',3,'2024-08-17 14:28:43',4,'2024-08-20 10:39:40',264,NULL,-1,NULL,'ht'),(170,1,'2024-08-21',4,'2024-08-21 11:00:35',3,'2024-08-23 17:53:47',265,NULL,-1,NULL,'ht'),(171,1,'2024-08-29',4,'2024-08-29 09:15:27',3,'2024-08-30 11:37:04',266,NULL,-1,NULL,'ht'),(172,1,'2024-09-03',4,'2024-09-03 16:14:22',4,'2024-09-04 12:35:21',267,NULL,-1,NULL,'ht'),(173,1,'2024-09-10',4,'2024-09-10 15:43:30',3,'2024-09-12 11:44:21',268,NULL,-1,NULL,'ht'),(174,1,'2024-09-17',4,'2024-09-17 08:48:28',3,'2024-09-18 11:37:33',269,NULL,-1,NULL,'ht'),(175,1,'2024-09-20',4,'2024-09-20 09:41:51',4,'2024-09-23 15:06:27',272,NULL,-1,NULL,'ht'),(176,1,'2024-09-26',4,'2024-09-26 09:21:28',4,'2024-10-01 16:07:46',273,NULL,-1,NULL,'ht'),(177,1,'2024-10-03',4,'2024-10-04 08:00:52',3,'2024-10-09 10:41:02',274,NULL,-1,NULL,'ht'),(178,1,'2024-10-08',4,'2024-10-08 16:08:05',3,'2024-10-10 11:43:00',275,NULL,-1,NULL,'ht'),(179,1,'2024-10-14',4,'2024-10-14 10:24:29',3,'2024-10-16 12:46:07',276,NULL,-1,NULL,'ht'),(180,1,'2024-10-19',3,'2024-10-19 14:43:48',3,'2024-10-22 11:32:00',277,NULL,-1,NULL,'ht'),(181,1,'2024-10-24',4,'2024-10-25 08:24:48',3,'2024-10-29 10:02:22',278,NULL,-1,NULL,'ht'),(182,1,'2024-10-30',4,'2024-10-30 11:07:45',4,'2024-11-01 09:58:44',279,NULL,-1,NULL,'ht'),(183,1,'2024-10-30',4,'2024-11-04 15:46:10',4,'2024-11-04 15:47:58',280,NULL,-1,NULL,'ht'),(184,1,'2024-11-06',4,'2024-11-06 16:37:18',4,'2024-11-08 16:48:18',281,NULL,-1,NULL,'ht'),(185,1,'2024-11-12',4,'2024-11-13 09:09:15',4,'2024-11-16 18:54:10',282,NULL,-1,NULL,'ht'),(186,1,'2024-11-18',4,'2024-11-18 11:09:38',4,'2024-11-19 14:48:20',284,NULL,-1,NULL,'ht'),(187,1,'2024-11-12',4,'2024-11-19 12:47:37',4,'2024-11-19 12:49:34',283,NULL,-1,NULL,'ht'),(188,1,'2024-11-23',3,'2024-11-25 14:21:53',3,'2024-11-25 14:24:20',285,NULL,-1,NULL,'ht'),(189,1,'2024-11-29',4,'2024-11-30 08:21:06',4,'2024-12-02 14:19:36',286,NULL,-1,NULL,'ht'),(190,1,'2024-12-04',4,'2024-12-06 08:27:13',3,'2024-12-06 15:20:18',290,NULL,-1,NULL,'ht'),(191,1,'2024-12-11',3,'2024-12-11 18:15:47',3,'2024-12-11 18:17:07',291,NULL,-1,NULL,'ht'),(192,1,'2024-12-13',3,'2024-12-13 10:22:42',3,'2024-12-13 10:24:23',292,NULL,-1,NULL,'ht'),(193,1,'2024-12-17',4,'2024-12-17 08:41:02',3,'2024-12-18 09:28:07',293,NULL,-1,NULL,'ht'),(194,1,'2024-12-23',4,'2024-12-23 11:33:42',3,'2024-12-24 11:44:03',294,NULL,-1,NULL,'ht'),(195,1,'2024-12-27',4,'2024-12-27 10:57:24',4,'2024-12-30 11:27:56',295,NULL,-1,NULL,'ht'),(196,1,'2025-01-06',3,'2025-01-06 12:45:12',3,'2025-01-06 12:46:17',296,NULL,-1,NULL,'ht'),(197,1,'2025-01-21',3,'2025-01-21 15:36:32',3,'2025-01-21 15:37:36',299,NULL,-1,NULL,'ht'),(198,1,'2025-01-24',2,'2025-01-28 07:30:52',NULL,NULL,0,NULL,-1,NULL,'ht'),(201,21,'2025-01-31',2,'2025-02-03 17:25:21',NULL,NULL,0,NULL,1,'2025-03-31','ttc'),(202,21,'2025-02-03',2,'2025-02-03 17:26:56',NULL,NULL,0,NULL,1,'2025-04-03','ttc'),(203,21,'2025-02-04',2,'2025-02-04 13:26:32',NULL,NULL,0,NULL,1,'2025-04-03','ttc'),(204,21,'2025-02-05',2,'2025-02-05 10:46:24',NULL,NULL,0,NULL,1,'2025-04-05','ttc'),(207,21,'2025-02-15',5,'2025-03-12 11:03:28',NULL,NULL,0,NULL,1,'2025-03-12','ttc'),(206,21,'2025-03-11',2,'2025-03-11 17:32:29',NULL,NULL,0,NULL,1,'2025-05-12','ttc'),(208,1,'2025-03-16',2,'2025-03-17 05:59:25',NULL,NULL,0,NULL,3,'2025-03-18','ht'),(209,1,'2025-03-24',2,'2025-03-27 11:11:13',2,'2025-03-27 11:13:44',321,NULL,3,'2025-03-27','ht'),(211,21,'2025-04-04',5,'2025-04-04 10:09:15',NULL,NULL,0,NULL,1,'2025-06-04','ttc'),(212,1,'2025-04-11',2,'2025-04-11 12:15:00',2,'2025-04-11 12:16:34',326,NULL,3,'2025-04-11','ht'),(213,1,'2025-04-16',9,'2025-04-16 16:30:00',9,'2025-04-16 16:32:20',331,NULL,3,'2025-04-16','ht'),(214,21,'2025-04-19',5,'2025-04-19 15:45:31',NULL,NULL,0,NULL,1,'2025-06-19','ht'),(215,1,'2025-04-21',9,'2025-04-21 14:25:24',9,'2025-04-21 14:27:10',332,NULL,3,'2025-05-31','ttc'),(216,1,'2025-04-25',9,'2025-04-25 12:50:11',9,'2025-04-25 12:54:20',334,NULL,3,'2025-04-25','ttc'),(217,1,'2025-04-30',9,'2025-04-30 12:35:38',9,'2025-04-30 12:37:34',335,NULL,3,'2025-04-30','ttc'),(219,1,'2025-05-06',9,'2025-05-06 12:32:21',9,'2025-05-06 12:34:14',336,NULL,3,'2025-05-06','ttc'),(220,1,'2025-05-09',9,'2025-05-09 12:31:46',9,'2025-05-09 12:33:13',339,NULL,3,'2025-05-09','ttc'),(221,1,'2025-05-15',9,'2025-05-15 13:02:38',9,'2025-05-15 13:04:12',344,NULL,3,'2025-05-15','ttc'),(222,21,'2025-05-20',2,'2025-05-20 16:41:42',2,'2025-05-20 16:46:10',345,NULL,1,'2025-07-20','ttc'),(223,21,'2025-05-20',2,'2025-05-20 16:43:19',NULL,NULL,0,NULL,1,'2025-07-20','ttc'),(224,1,'2025-05-21',9,'2025-05-21 15:28:16',9,'2025-05-21 15:30:17',346,NULL,3,'2025-05-21','ttc'),(225,1,'2025-05-21',9,'2025-05-26 13:39:03',9,'2025-05-26 13:40:29',349,NULL,3,'2025-05-26','ttc'),(226,1,'2025-05-28',9,'2025-05-28 13:51:43',9,'2025-05-28 13:53:14',350,NULL,3,'2025-05-28','ttc'),(227,1,'2025-06-03',9,'2025-06-03 12:25:53',9,'2025-06-03 12:27:35',351,NULL,3,'2025-06-03','ttc'),(230,1,'2025-06-13',9,'2025-06-13 16:16:15',9,'2025-06-13 16:17:37',354,NULL,3,'2025-06-13','ttc'),(231,1,'2025-06-18',9,'2025-06-18 15:27:22',9,'2025-06-18 15:28:49',355,NULL,3,'2025-06-18','ttc'),(232,21,'2025-06-19',2,'2025-06-19 10:30:01',NULL,NULL,0,NULL,1,'2025-08-19','ttc'),(233,1,'2025-06-24',9,'2025-06-24 11:45:46',9,'2025-06-24 11:47:27',356,NULL,3,'2025-06-24','ttc'),(234,1,'2025-06-27',9,'2025-06-27 12:26:42',9,'2025-06-27 12:28:32',359,NULL,3,'2025-06-27','ttc'),(235,1,'2025-07-03',9,'2025-07-03 11:24:51',9,'2025-07-03 11:26:48',360,NULL,3,'2025-07-03','ttc'),(236,1,'2025-07-04',9,'2025-07-07 12:27:51',9,'2025-07-07 12:33:00',361,NULL,3,'2025-07-07','ttc'),(237,1,'2025-07-08',9,'2025-07-10 11:37:31',9,'2025-07-10 11:39:29',362,NULL,3,'2025-07-10','ttc'),(238,1,'2025-07-11',9,'2025-07-15 11:59:30',9,'2025-07-15 12:02:07',363,NULL,3,'2025-07-15','ttc'),(239,1,'2025-07-16',9,'2025-07-18 12:16:18',9,'2025-07-18 12:18:17',364,NULL,3,'2025-07-18','ttc'),(240,1,'2025-07-21',9,'2025-07-22 12:25:41',9,'2025-07-22 12:27:38',365,NULL,3,'2025-07-22','ttc'),(241,1,'2025-07-24',9,'2025-07-28 12:30:33',9,'2025-07-28 12:32:25',366,NULL,3,'2025-07-28','ttc'),(242,1,'2025-07-29',9,'2025-07-31 16:39:10',9,'2025-07-31 16:41:14',369,NULL,3,'2025-07-31','ttc'),(243,1,'2025-08-01',9,'2025-08-05 13:31:46',9,'2025-08-05 13:33:21',370,NULL,3,'2025-08-05','ttc'),(244,1,'2025-08-05',9,'2025-08-08 12:11:38',9,'2025-08-08 12:14:35',371,NULL,3,'2025-08-08','ttc'),(245,1,'2025-08-08',9,'2025-08-11 10:50:07',9,'2025-08-11 10:51:38',372,NULL,3,'2025-08-11','ttc'),(246,1,'2025-08-13',9,'2025-08-15 15:20:46',9,'2025-08-15 15:22:29',375,NULL,3,'2025-08-15','ttc'),(247,1,'2025-08-18',9,'2025-08-19 12:29:59',9,'2025-08-19 12:31:38',376,NULL,3,'2025-08-19','ttc'),(248,1,'2025-08-19',9,'2025-08-25 12:17:59',9,'2025-08-25 12:20:45',377,NULL,3,'2025-08-25','ttc'),(249,1,'2025-09-02',9,'2025-09-03 14:25:46',9,'2025-09-03 14:28:00',382,NULL,3,'2025-09-03','ttc'),(250,1,'2025-09-04',9,'2025-09-08 16:31:35',9,'2025-09-08 16:33:28',383,NULL,3,'2025-09-08','ttc'),(251,1,'2025-09-09',9,'2025-09-11 18:09:45',9,'2025-09-11 18:11:19',384,NULL,3,'2025-09-11','ttc'),(252,1,'2025-09-10',9,'2025-09-13 09:18:46',9,'2025-09-13 09:20:04',385,NULL,3,'2025-09-13','ttc'),(253,1,'2025-09-12',9,'2025-09-15 16:45:34',9,'2025-09-15 16:47:20',386,NULL,3,'2025-09-15','ttc'),(254,1,'2025-09-15',9,'2025-09-17 13:55:55',9,'2025-09-17 13:57:04',387,NULL,3,'2025-09-17','ttc'),(255,1,'2025-09-15',9,'2025-09-17 16:22:00',9,'2025-09-17 16:26:51',388,NULL,3,'2025-09-17','ht'),(256,1,'2025-09-22',9,'2025-09-23 13:48:26',9,'2025-09-23 13:49:54',391,NULL,3,'2025-09-23','ht'),(257,21,'2025-09-23',2,'2025-09-23 14:44:28',9,'2025-09-24 16:39:51',394,NULL,2,'2025-11-23','ttc'),(258,1,'2025-09-22',9,'2025-09-23 18:38:27',9,'2025-09-23 18:41:50',392,NULL,3,'2025-09-23','ht'),(259,1,'2025-09-23',9,'2025-09-26 18:25:23',9,'2025-09-26 18:27:04',396,NULL,3,'2025-10-31','ht'),(260,1,'2025-09-26',9,'2025-09-29 12:34:51',9,'2025-09-29 12:36:13',397,NULL,3,'2025-09-29','ht'),(261,1,'2025-09-26',9,'2025-09-29 19:04:00',9,'2025-09-29 19:05:14',398,NULL,3,'2025-09-29','ht'),(262,9,'2025-09-29',9,'2025-09-30 09:49:16',9,'2025-09-30 09:50:23',399,NULL,3,'2025-09-30','ht'),(263,1,'2025-09-23',9,'2025-10-02 17:33:27',9,'2025-10-02 17:35:27',400,NULL,3,'2025-10-31','ht'),(264,1,'2025-09-23',9,'2025-10-02 17:36:33',9,'2025-10-02 17:38:16',401,NULL,3,'2025-10-31','ht'),(265,1,'2025-10-02',9,'2025-10-04 08:15:03',9,'2025-10-04 08:16:16',411,NULL,3,'2025-10-03','ht'),(266,1,'2025-10-02',9,'2025-10-06 13:11:20',9,'2025-10-06 13:12:45',412,NULL,3,'2025-10-06','ht'),(267,1,'2025-10-06',9,'2025-10-09 10:01:41',9,'2025-10-09 10:03:05',414,NULL,3,'2025-10-09','ht'),(268,1,'2025-10-06',9,'2025-10-09 16:21:49',9,'2025-10-09 16:22:51',415,NULL,3,'2025-10-09','ht'),(269,1,'2025-10-13',9,'2025-10-14 14:52:51',9,'2025-10-14 14:54:11',418,NULL,3,'2025-10-14','ht'),(270,1,'2025-10-13',9,'2025-10-15 15:08:33',9,'2025-10-15 15:15:57',419,NULL,3,'2025-10-15','ht'),(272,1,'2025-09-23',9,'2025-10-16 16:59:23',9,'2025-10-16 17:00:36',420,NULL,3,'2025-11-30','ht'),(273,1,'2025-09-23',9,'2025-10-16 17:01:09',9,'2025-10-16 17:02:02',421,NULL,3,'2025-11-30','ht'),(274,1,'2025-10-17',9,'2025-10-20 18:34:23',9,'2025-10-20 18:35:37',422,NULL,3,'2025-10-20','ht'),(275,1,'2025-10-19',9,'2025-10-21 10:52:14',9,'2025-10-21 10:53:35',423,NULL,3,'2025-10-21','ht'),(276,1,'2025-10-23',9,'2025-10-27 15:22:24',9,'2025-10-27 15:24:41',425,NULL,3,'2025-10-27','ht'),(277,21,'2025-10-29',2,'2025-10-29 10:44:56',9,'2025-10-29 14:55:15',427,NULL,2,'2025-12-29','ttc'),(278,1,'2025-10-27',9,'2025-10-29 12:31:24',9,'2025-10-29 12:33:01',426,NULL,3,'2025-10-29','ht'),(279,1,'2025-10-27',9,'2025-10-29 15:33:50',9,'2025-10-29 15:35:16',428,NULL,3,'2025-10-29','ht'),(280,1,'2025-11-03',9,'2025-11-04 17:55:20',9,'2025-11-04 17:57:55',430,NULL,3,'2025-11-04','ht'),(281,1,'2025-11-03',9,'2025-11-05 16:07:16',9,'2025-11-05 16:08:40',431,NULL,3,'2025-11-05','ht'),(282,1,'2025-11-07',9,'2025-11-08 11:37:01',9,'2025-11-08 11:38:43',433,NULL,3,'2025-11-10','ht'),(283,1,'2025-11-12',9,'2025-11-12 14:39:15',9,'2025-11-12 14:40:32',435,NULL,3,'2025-11-12','ht'),(284,1,'2025-11-13',9,'2025-11-13 12:17:01',9,'2025-11-13 12:19:16',436,NULL,3,'2025-11-13','ht'),(285,1,'2025-11-17',9,'2025-11-20 13:00:09',9,'2025-11-20 13:01:56',437,NULL,3,'2025-11-20','ht'),(286,1,'2025-11-21',9,'2025-11-24 17:32:46',9,'2025-11-24 17:34:13',438,NULL,3,'2025-11-24','ht'),(287,1,'2025-11-24',9,'2025-11-26 11:59:56',9,'2025-11-26 12:01:22',439,NULL,3,'2025-11-26','ht'),(288,1,'2025-11-28',9,'2025-12-01 15:00:55',9,'2025-12-01 15:07:53',440,NULL,3,'2025-12-01','ht'),(290,21,'2025-12-01',5,'2025-12-01 16:55:49',9,'2025-12-01 17:46:48',441,NULL,1,'2026-02-01','ttc'),(291,9,'2025-11-26',9,'2025-12-03 15:14:56',9,'2025-12-03 15:15:42',442,NULL,3,'2025-12-03','ht'),(292,1,'2025-12-03',9,'2025-12-06 08:36:20',9,'2025-12-06 08:38:11',443,NULL,3,'2025-12-05','ht'),(293,9,'2025-12-08',9,'2025-12-09 10:34:34',9,'2025-12-09 10:35:38',444,NULL,3,'2025-12-09','ht'),(294,1,'2025-12-09',9,'2025-12-12 08:14:54',9,'2025-12-12 08:17:14',445,NULL,3,'2025-12-11','ht'),(295,1,'2025-12-12',9,'2025-12-15 12:42:04',9,'2025-12-15 12:44:00',446,NULL,3,'2025-12-15','ht'),(296,1,'2025-12-18',9,'2025-12-19 15:11:46',9,'2025-12-19 15:13:33',447,NULL,3,'2025-12-19','ht'),(297,21,'2025-12-24',2,'2025-12-24 10:11:43',9,'2025-12-24 13:30:16',449,NULL,2,'2026-02-24','ttc'),(298,1,'2025-12-23',9,'2025-12-25 12:32:39',9,'2025-12-25 12:34:49',450,NULL,3,'2025-12-25','ht'),(299,1,'2025-12-29',9,'2025-12-30 13:03:32',9,'2025-12-30 13:05:10',451,NULL,3,'2025-12-30','ht'),(300,1,'2026-01-02',9,'2026-01-05 12:35:10',9,'2026-01-05 12:36:52',452,NULL,3,'2026-01-05','ht'),(301,1,'2026-01-08',9,'2026-01-09 12:01:49',9,'2026-01-09 12:03:31',453,NULL,3,'2026-01-09','ht'),(302,1,'2026-01-12',9,'2026-01-13 16:46:21',9,'2026-01-13 16:48:12',454,NULL,3,'2026-01-13','ht'),(303,1,'2026-01-12',9,'2026-01-17 16:24:25',9,'2026-01-17 16:32:00',457,NULL,3,'2026-01-17','ht'),(304,1,'2026-01-16',9,'2026-01-19 15:35:49',9,'2026-01-19 15:37:39',458,NULL,3,'2026-01-19','ht'),(305,1,'2026-01-20',2,'2026-01-21 12:52:56',2,'2026-01-21 12:54:14',459,NULL,3,'2026-01-21','ht'),(306,21,'2026-01-22',2,'2026-01-22 09:31:02',9,'2026-01-22 12:09:11',463,NULL,2,'2026-03-22','ttc'),(307,1,'2026-01-12',9,'2026-01-23 16:40:58',9,'2026-01-23 16:50:49',465,NULL,3,'2026-02-28','ht'),(308,1,'2026-01-12',9,'2026-01-23 16:51:33',9,'2026-01-23 16:53:16',466,NULL,3,'2026-02-28','ht'),(309,1,'2026-01-12',9,'2026-01-23 16:54:02',9,'2026-01-23 16:58:36',467,NULL,3,'2026-02-28','ht'),(310,1,'2026-01-12',9,'2026-01-23 16:59:19',9,'2026-01-23 17:00:51',468,NULL,3,'2026-02-28','ht'),(311,1,'2026-01-12',9,'2026-01-23 17:01:32',9,'2026-01-23 17:25:35',469,NULL,3,'2026-02-28','ht'),(312,1,'2026-01-12',9,'2026-01-23 17:26:37',9,'2026-01-23 17:29:53',470,NULL,3,'2026-02-28','ht'),(313,1,'2026-01-27',9,'2026-01-29 11:21:20',9,'2026-01-29 11:22:58',472,NULL,3,'2026-01-29','ht'),(314,1,'2026-01-12',9,'2026-01-30 10:28:05',9,'2026-01-30 10:29:51',473,NULL,3,'2026-02-28','ht'),(315,1,'2026-01-12',9,'2026-01-30 10:31:34',9,'2026-01-30 10:32:46',474,NULL,3,'2026-02-28','ht'),(317,1,'2026-01-12',9,'2026-01-30 10:33:29',9,'2026-01-30 10:41:19',475,NULL,3,'2026-02-28','ht'),(318,1,'2026-01-12',9,'2026-01-30 10:41:54',9,'2026-01-30 10:42:57',476,NULL,3,'2026-02-28','ht'),(319,1,'2026-02-03',9,'2026-02-05 16:04:08',9,'2026-02-05 16:05:22',477,NULL,3,'2026-02-05','ht'),(320,1,'2026-01-31',9,'2026-02-06 12:40:12',9,'2026-02-06 12:41:18',478,NULL,3,'2026-02-28','ht'),(321,1,'2026-02-03',9,'2026-02-06 15:45:20',9,'2026-02-06 15:49:21',479,NULL,3,'2026-02-06','ht'),(322,1,'2026-02-06',9,'2026-02-10 18:59:27',9,'2026-02-10 19:00:42',480,NULL,3,'2026-02-10','ht'),(323,1,'2026-02-06',9,'2026-02-11 16:00:52',9,'2026-02-11 16:02:00',481,NULL,3,'2026-02-11','ht'),(324,1,'2026-02-11',9,'2026-02-12 13:09:45',9,'2026-02-12 15:12:57',482,NULL,3,'2026-02-12','ht'),(325,1,'2026-01-12',9,'2026-02-13 15:42:25',9,'2026-02-13 15:43:56',483,NULL,3,'2026-03-31','ht'),(327,1,'2026-01-11',9,'2026-02-13 15:45:10',9,'2026-02-13 15:46:42',484,NULL,3,'2026-03-31','ht'),(328,1,'2026-02-11',9,'2026-02-14 16:13:05',9,'2026-02-14 16:14:24',485,NULL,3,'2026-02-16','ht'),(329,1,'2026-02-11',9,'2026-02-16 16:36:53',9,'2026-02-16 16:38:20',486,NULL,3,'2026-02-16','ht'),(330,21,'2026-02-17',5,'2026-02-17 12:01:23',9,'2026-02-17 15:06:41',488,NULL,2,'2026-04-17','ttc'),(331,1,'2026-02-15',9,'2026-02-18 10:08:07',9,'2026-02-18 10:10:19',489,NULL,3,'2026-02-18','ht'),(332,1,'2026-02-18',9,'2026-02-20 13:28:32',9,'2026-02-20 13:32:34',490,NULL,3,'2026-02-20','ht'),(333,1,'2026-02-23',9,'2026-02-25 14:53:56',9,'2026-02-25 14:55:28',491,NULL,3,'2026-02-25','ht'),(334,1,'2026-01-12',9,'2026-03-02 08:52:08',9,'2026-03-02 08:55:11',492,NULL,3,'2026-03-31','ht'),(335,1,'2026-01-12',9,'2026-03-02 08:56:35',9,'2026-03-02 08:57:54',493,NULL,3,'2026-03-31','ht'),(336,1,'2026-02-27',9,'2026-03-03 10:06:29',9,'2026-03-03 10:07:40',494,NULL,3,'2026-03-03','ht'),(337,1,'2026-02-27',9,'2026-03-06 09:37:53',9,'2026-03-06 09:39:27',495,NULL,3,'2026-03-06','ht'),(338,1,'2026-03-04',9,'2026-03-07 14:54:22',9,'2026-03-07 14:55:58',496,NULL,3,'2026-03-09','ht'),(340,1,'2026-03-09',9,'2026-03-10 09:48:26',9,'2026-03-10 09:49:35',497,NULL,3,'2026-03-10','ht'),(342,1,'2026-03-17',9,'2026-03-18 14:49:36',9,'2026-03-18 14:50:56',500,NULL,3,'2026-03-18','ht'),(343,1,'2026-03-17',9,'2026-03-23 14:43:34',9,'2026-03-23 14:45:25',501,NULL,3,'2026-03-24','ht'),(344,21,'2026-03-24',9,'2026-03-24 10:28:24',9,'2026-03-25 10:31:14',504,NULL,1,'2026-05-25','ht'),(345,1,'2026-03-20',9,'2026-03-25 10:53:22',9,'2026-03-25 10:55:16',505,NULL,3,'2026-03-25','ht'),(346,1,'2026-01-12',9,'2026-03-28 10:51:24',9,'2026-03-28 10:52:50',506,NULL,3,'2026-04-30','ht'),(347,1,'2026-01-12',9,'2026-03-28 10:53:42',9,'2026-03-28 10:55:00',507,NULL,3,'2026-04-30','ht'),(348,1,'2026-03-26',9,'2026-03-30 15:04:35',9,'2026-03-30 15:06:04',508,NULL,3,'2026-03-30','ht'),(349,1,'2026-03-30',9,'2026-04-02 16:02:49',9,'2026-04-02 16:04:19',509,NULL,3,'2026-04-02','ht'),(350,1,'2026-04-02',9,'2026-04-06 13:05:26',9,'2026-04-06 13:06:35',510,NULL,3,'2026-04-06','ht'),(351,1,'2026-04-08',9,'2026-04-09 16:07:18',9,'2026-04-09 16:08:41',511,NULL,3,'2026-04-09','ht'),(352,1,'2026-04-10',9,'2026-04-13 15:10:31',9,'2026-04-13 15:12:18',512,NULL,3,'2026-04-13','ht'),(353,9,'2026-03-26',9,'2026-04-16 10:43:54',9,'2026-04-16 10:44:54',513,NULL,3,'2026-04-30','ht'),(354,1,'2026-04-15',9,'2026-04-16 13:02:13',9,'2026-04-16 13:03:13',514,NULL,3,'2026-04-16','ht'),(355,1,'2026-04-17',9,'2026-04-20 15:21:03',9,'2026-04-20 15:22:08',515,NULL,3,'2026-04-20','ht'),(356,1,'2026-04-20',9,'2026-04-22 08:57:56',9,'2026-04-22 11:36:13',516,NULL,3,'2026-04-22','ht'),(357,1,'2026-03-18',9,'2026-04-25 12:19:11',9,'2026-04-25 16:19:30',517,NULL,3,'2026-06-01','ht'),(358,1,'2026-03-18',9,'2026-04-25 16:20:13',9,'2026-04-25 16:21:04',518,NULL,3,'2026-05-31','ht'),(359,1,'2026-04-15',9,'2026-04-27 09:25:31',9,'2026-04-27 09:26:49',519,NULL,3,'2026-04-27','ht'),(361,21,'2026-04-28',9,'2026-04-28 10:03:55',9,'2026-04-28 12:07:40',521,NULL,1,'2026-06-28','ht'),(362,1,'2026-04-27',9,'2026-04-30 15:34:37',9,'2026-04-30 15:35:39',522,NULL,3,'2026-04-30','ht'),(363,1,'2026-05-04',9,'2026-05-05 15:49:57',9,'2026-05-05 15:54:44',524,NULL,3,'2026-05-05','ht'),(364,1,'2026-05-06',9,'2026-05-07 11:19:47',9,'2026-05-07 11:28:26',525,NULL,3,'2026-05-07','ht'),(365,1,'2026-05-12',9,'2026-05-12 15:12:51',9,'2026-05-12 15:14:21',526,NULL,3,'2026-05-12','ht'),(366,1,'2026-05-16',9,'2026-05-18 15:29:16',9,'2026-05-18 15:30:38',527,NULL,3,'2026-05-18','ht'),(367,1,'2026-05-20',9,'2026-05-21 12:07:02',9,'2026-05-21 12:08:39',528,NULL,3,'2026-05-21','ht'),(368,1,'2026-05-25',9,'2026-05-25 17:06:35',9,'2026-05-25 17:09:25',529,NULL,3,'2026-05-25','ht'),(369,21,'2026-06-01',9,'2026-06-01 13:13:17',9,'2026-06-01 14:49:37',532,NULL,3,'2026-08-01','ht'),(370,1,'2026-06-01',9,'2026-06-02 15:13:32',9,'2026-06-02 15:16:19',533,NULL,3,'2026-06-02','ht'),(371,1,'2026-06-04',9,'2026-06-08 19:33:08',9,'2026-06-08 19:38:21',534,NULL,3,'2026-06-09','ht'),(372,1,'2026-06-14',9,'2026-06-16 15:27:50',9,'2026-06-16 15:28:53',535,NULL,3,'2026-06-16','ht'),(373,1,'2026-06-16',9,'2026-06-17 11:37:42',9,'2026-06-17 11:39:32',536,NULL,3,'2026-06-17','ht'),(374,1,'2026-06-17',9,'2026-06-18 09:23:32',9,'2026-06-18 11:36:37',537,NULL,3,'2026-06-18','ht'),(375,21,'2026-06-23',9,'2026-06-23 17:49:31',9,'2026-06-24 13:02:23',540,NULL,3,'2026-08-23','ht'),(376,1,'2026-06-22',9,'2026-06-23 17:51:26',9,'2026-06-23 17:52:46',538,NULL,3,'2026-06-23','ht'),(377,1,'2026-07-01',9,'2026-07-01 17:58:46',9,'2026-07-01 18:56:00',541,NULL,3,'2026-07-01','ht'),(378,1,'2026-07-02',9,'2026-07-02 15:55:45',9,'2026-07-02 15:56:54',542,NULL,3,'2026-07-02','ht'),(380,1,'2026-07-07',9,'2026-07-08 15:41:44',9,'2026-07-08 15:42:53',543,NULL,3,'2026-07-08','ht'),(381,9,'2026-07-13',9,'2026-07-13 12:58:24',9,'2026-07-13 12:59:09',544,NULL,3,'2026-09-11','ht'),(382,1,'2026-07-12',9,'2026-07-13 13:39:22',9,'2026-07-13 13:40:12',545,NULL,3,'2026-07-13','ht');

--
